{"id":2679,"date":"2020-09-03T04:21:32","date_gmt":"2020-09-03T02:21:32","guid":{"rendered":"http:\/\/mmstudies.com\/atb\/?page_id=2679"},"modified":"2020-09-04T02:30:44","modified_gmt":"2020-09-04T00:30:44","slug":"jan","status":"publish","type":"page","link":"http:\/\/mmstudies.com\/atb\/jan\/","title":{"rendered":"MAMMANS OMBUD JAN BJ\u00d6RKLUNDS ANM\u00c4LAN TILL GRANSKNINGSN\u00c4MNDEN"},"content":{"rendered":"\n\t\t\t\t<img loading=\"lazy\" decoding=\"async\" src=\"http:\/\/mmstudies.com\/atb\/wp-content\/uploads\/sites\/18\/2020\/07\/Sk\u00e4rmklipp-2020-07-25-21.24.35.png\" alt=\"Sk\u00e4rmklipp 2020-07-25 21.24.35\" itemprop=\"image\" height=\"673\" width=\"1111\" title=\"Sk\u00e4rmklipp 2020-07-25 21.24.35\" onerror=\"this.style.display='none'\"  \/>\n\t<h3>Recension:<\/h3>\nMIN ELOGE, HERR BJ\u00d6RKLUND\u203c\ufe0f\n\tDetta \u00e4r ju m\u00e4sterlig parodi! H\u00e4r f\u00e5r Guldspadegr\u00e4varen \u00e4ta upp den urvattnade tankesoppa sj\u00e4lv, som han tillrett \u00e5t andra p\u00e5 en spik och litet hipp som happ lossrivna lappar.\nOch nu \u00e4r hans kokkonster inte s\u00e5 hemliga sen de \u00a0<strong><em>avsl\u00f6jats.\u00a0<\/em><\/strong>\nHi hi, s\u00e5 tji fick han! \u00a0\nRent h\u00e4pnadsv\u00e4ckande \u00e4nd\u00e5 att lyckas hetta upp smakl\u00f6karna hos TV-tittarna med en s\u00e5 osedvanligt torftig vattv\u00e4lling, att det renderat kocken ett pris dessutom &#8211; en sann bedrift! N\u00e4stan som ett trolleri!\u00a0\nTur att vi lever i en demokrati d\u00e4r TV-tittarna f\u00e5r precis dom f\u00f6rvillelsetrix dom villl ha och varken mer eller mindre.\u00a0\nAnsvarig utgivare och f\u00f6rfattare till hemsidan\nGunilla Madeg\u00e5rd\n<blockquote class=\"wp-embedded-content\" data-secret=\"HiYQxjDIJd\"><a href=\"http:\/\/mmstudies.com\/atb\/\">ABOUT<\/a><\/blockquote><iframe loading=\"lazy\" class=\"wp-embedded-content\" sandbox=\"allow-scripts\" security=\"restricted\" style=\"position: absolute; clip: rect(1px, 1px, 1px, 1px);\" title=\"&#8221;ABOUT&#8221; &#8212; ATT R\u00c4DDA ETT BARN\" src=\"http:\/\/mmstudies.com\/atb\/embed\/#?secret=HiYQxjDIJd\" data-secret=\"HiYQxjDIJd\" width=\"600\" height=\"338\" frameborder=\"0\" marginwidth=\"0\" marginheight=\"0\" scrolling=\"no\"><\/iframe>\n\tJAN BJ\u00d6RKLUNDS ANM\u00c4LAN <br \/>\nTILL GRANSKNINGSN\u00c4MNDEN<br \/>\nav<br \/>\nDOKUMENT\u00c4REN ATT R\u00c4DDA ETT BARN\u00a0<br \/>\nDEL 2<br \/>\n\n<p>&nbsp;<\/p>\n<p>&nbsp;<\/p>\n<p>Bilaga 1:1<\/p>\n<p>Jan Bj\u00f6rklund, Fil lic<\/p>\n<p><b>Bilaga till anm\u00e4lan av dokument\u00e4ren Att R\u00e4dda ett barn, Del 2<\/b><\/p>\n<p>Inneh\u00e5ll<\/p>\n<p>Kort sammanfattning&#8230;&#8230;&#8230;&#8230;&#8230;&#8230;&#8230;&#8230;&#8230;&#8230;&#8230;&#8230;&#8230;&#8230;&#8230;&#8230;&#8230;&#8230;&#8230;&#8230;&#8230;&#8230;&#8230;sid 1<\/p>\n<p>Sammanfattning &#8230;&#8230;&#8230;&#8230;&#8230;&#8230;&#8230;&#8230;&#8230;&#8230;&#8230;&#8230;&#8230;&#8230;&#8230;&#8230;&#8230;&#8230;&#8230;&#8230;&#8230;&#8230;&#8230;&#8230;&#8230;.sid \u00a02<\/p>\n<p>Repliker i dokument\u00e4ren, Del 2 3<\/p>\n<p>01:48&#8230;&#8230;&#8230;&#8230;&#8230;&#8230;&#8230;&#8230;&#8230;&#8230;&#8230;&#8230;&#8230;&#8230;&#8230;&#8230;&#8230;&#8230;&#8230;&#8230;&#8230;&#8230;&#8230;&#8230;&#8230;&#8230;&#8230;&#8230;&#8230;&#8230;&#8230;&#8230;.sid \u00a03<\/p>\n<p>24:19&#8230;&#8230;&#8230;&#8230;&#8230;&#8230;&#8230;&#8230;&#8230;&#8230;&#8230;&#8230;&#8230;&#8230;&#8230;&#8230;&#8230;&#8230;&#8230;&#8230;&#8230;&#8230;&#8230;&#8230;&#8230;&#8230;&#8230;&#8230;&#8230;&#8230;&#8230;&#8230;.sid \u00a03<\/p>\n<p>25:09-36:09\u00a0 &#8230;&#8230;&#8230;&#8230;&#8230;&#8230;&#8230;&#8230;&#8230;&#8230;&#8230;&#8230;&#8230;&#8230;&#8230;&#8230;&#8230;&#8230;&#8230;&#8230;&#8230;&#8230;&#8230;&#8230;&#8230;&#8230;&#8230;&#8230;sid 3<\/p>\n<p>42:52-47:16\u00a0 &#8230;&#8230;&#8230;&#8230;&#8230;&#8230;&#8230;&#8230;&#8230;&#8230;&#8230;&#8230;&#8230;&#8230;&#8230;&#8230;&#8230;&#8230;&#8230;&#8230;&#8230;&#8230;&#8230;&#8230;&#8230;&#8230;&#8230;. sid 14<\/p>\n<p>Kort sammanfattning<\/p>\n<p>Bodin anv\u00e4nder ett helt register av knep, f\u00f6r att undergr\u00e4va Bj\u00f6rklunds trov\u00e4rdighet, genom<\/p>\n<ul>\n<li>att klippa in Bj\u00f6rklund i l\u00e5nga promenader p\u00e5 stan och i korridorer f\u00f6r att frammana en bild av dramats onda genius;<\/li>\n<li>att inte ta fram inneh\u00e5llet i Bj\u00f6rklunds skrivelser, utan i st\u00e4llet l\u00e5ta en icke-expert avf\u00e4rda dem summariskt;<\/li>\n<li>att klumpa ihop Bj\u00f6rklund i ett kollektiv, som inneh\u00e5ller BRY och personer som tror p\u00e5 andar och att \u00e4rendet styrs av pedofiln\u00e4tverk;<\/li>\n<li>att interfoliera med v\u00e4rdeladdade ord, som leder tittaren \u00e5t \u201dr\u00e4tt\u201d h\u00e5ll;<\/li>\n<li>att medvetet ifr\u00e5gas\u00e4tta Bj\u00f6rklunds \u00e4rlighet, utan att egentligen bevisa n\u00e5got;<\/li>\n<li>att l\u00e5ta missf\u00f6rst\u00e5nd, felaktiga minnesbilder och rena felaktigheter kvarst\u00e5, trots att han egentligen vet b\u00e4ttre<\/li>\n<\/ul>\n<p>Bodin b\u00f6rjar med att tala om l\u00f6gner paketerade som sanning, f\u00f6r att tittaren ska veta att Bj\u00f6rklund ska man h\u00e5lla ett vakande \u00f6ga p\u00e5 i forts\u00e4ttningen. Det som f\u00f6ljer \u00e4r ett sammelsurium av klipp fr\u00e5n olika filmsekvenser, interfolierade med v\u00e4rdeladdade ord som \u201dteorier\u201d och \u201dfalska ber\u00e4ttelser\u201d.<\/p>\n<p>Bodin talar om \u201dkretsen kring BRY\u201d, f\u00f6r att det ska st\u00e5 klart att Bj\u00f6rklund \u00e4r en del av den. \u201dKretsen\u201d ska uppfattas som ett slags sekt, med ett kollektivt narrativ \u2013 en sekt som \u00e4ven inbegriper folk som tror p\u00e5 onda andar och pedofiln\u00e4tverk som styr \u00e4rendet. Sanningen \u00e4r att han \u00e4r mammans ombud \u2013 ingenting annat. Bj\u00f6rklund f\u00e5r l\u00e4sa upp rubrikerna p\u00e5 det han skrivit. Trots att Bodin har skrivelserna tas inte inneh\u00e5llet upp.<\/p>\n<p>I forts\u00e4ttningen byggs ett slags deckare upp, som leder fram till ett m\u00f6te i Stadshuset. Men f\u00f6rsta m\u00f6tet med Bj\u00f6rklund \u00e4gde rum den 5 mars 2019 och m\u00f6tet i Stadshuset var sex dagar senare. Hela skeendet \u00e4r illustrerat med klipp \u00e4nda fr\u00e5n augusti och september samma \u00e5r \u2013 d v s drygt fem m\u00e5nader senare! F\u00f6r att driva den p\u00e5hittade historien fram\u00e5t p\u00e5st\u00e5s Bj\u00f6rklund ha skrutit med sina kontakter och sagt saker, som skulle peka \u201dfram\u00e5t\u201d, mot ett m\u00f6te som redan \u00e4gt rum. De redovisas inte med utklippta citat. Hade de funnits, hade Bodin plockat in dem.<\/p>\n<p>En rent barnslig historia ber\u00e4ttas. Det f\u00f6ruts\u00e4tts att en stadshuspolitiker skulle kunna riva upp beslut. Socialtj\u00e4nsten har inte tagit beslut i \u00e4rendet \u2013 de har gjort utredningar med rekommendationer.<\/p>\n<p>Domstolar har tagit beslut i \u00e4rendet. Bodin f\u00f6rs\u00f6ker f\u00e5 det att framst\u00e5 som om \u00e4rendet handlar om v\u00e5rdnaden om barnet. Det g\u00f6r det inte i grunden \u2013 det \u00e4r socialtj\u00e4nsten som har gjort det till ett v\u00e5rdnads\u00e4rende. Det \u00e4r i grunden en anm\u00e4lan om \u00f6vergrepp mot ett barn, som socialtj\u00e4nst och polis missk\u00f6tt.<\/p>\n<p>Om Bodin hade haft en \u00e4rlig avsikt att analysera Bj\u00f6rklunds genomg\u00e5ng av fallet, hade han kunnat v\u00e4lja mellan att sj\u00e4lv redovisa vad som stod d\u00e4r, l\u00e5ta t ex forskare i offentlig r\u00e4tt, offentlig f\u00f6rvaltning eller implementation kommentera, eller att l\u00e5ta granskare vid t ex Riksrevisionen eller Statskontoret g\u00f6ra det. Risken \u00e4r emellertid stor att de skulle bekr\u00e4fta Bj\u00f6rklunds analys. D\u00e4rf\u00f6r l\u00e5ter han Birgitta Holmberg, ordf i ATSUB, kommentera. Kontentan av vad hon s\u00e4ger \u00e4r att hon inte kan t\u00e4nka sig att det Bj\u00f6rklund skriver \u00e4r sant.<\/p>\n<p>Sedan presenteras n\u00e5got slags hemlig plan. Egentligen vet Bodin b\u00e4ttre, eftersom han har facit: det fanns ingen hemlig plan \u2013 bara en anm\u00e4lan. Tydligen har Eva Solbergs minne f\u00f6rvr\u00e4ngt historien.<\/p>\n<p>Detta \u00e4r inget m\u00e4rkligt, utan ren minnes- och vittnespsykologi. Bodin har, i sin sista intervju med Bj\u00f6rklund, h\u00e4nvisat till ett mail som klarg\u00f6r detta, s\u00e5 han k\u00e4nner bevisligen till det.<\/p>\n<p>I sin iver att presentera detta, missar Bodin grundl\u00e4ggande faktakontroll: Eva Solbergs goda v\u00e4n blev ordf\u00f6rande f\u00f6r Sociala delegationen \u00d6stermalm f\u00f6rst den 1 september 2018, i d v s efter att Anna flytt med pojken. Efter flykten var detta inte aktuellt. Det \u00e4r Eva Solbergs minne som spelar henne d\u00e4rf\u00f6r ett spratt. Ja, Eva Solbergs kollega var tidigare med p\u00e5 tanken att<i>, under f\u00f6ruts\u00e4ttning att pappan blev h\u00e4ktad, <\/i>skulle ett omh\u00e4ndertagande av pojken g\u00f6ras, med placering av pojken hos mamman. Bodins historia \u00e4r d\u00e4rf\u00f6r en halvsanning \u2013 en s\u00e5 grov f\u00f6renkling, att den m\u00e5ste ses som en l\u00f6gn. Bodin l\u00e5ter ocks\u00e5 Solbergs uppfattning om att Bj\u00f6rklund skulle ha p\u00e5st\u00e5tt att pappans dator beslagtagits kvarst\u00e5. Bj\u00f6rklunds absoluta f\u00f6rnekande av detta fr\u00e5n sista intervjun kommer emellertid inte med.<\/p>\n\t\t\t\t<img loading=\"lazy\" decoding=\"async\" src=\"http:\/\/mmstudies.com\/atb\/wp-content\/uploads\/sites\/18\/2020\/09\/Skarmavbild-2020-09-03-kl.-05.19.23.png\" alt=\"Sk\u00e4rmavbild 2020-09-03 kl. 05.19.23\" itemprop=\"image\" height=\"560\" width=\"1280\" title=\"Sk\u00e4rmavbild 2020-09-03 kl. 05.19.23\" onerror=\"this.style.display='none'\"  \/>\n\t\t\t\t<img loading=\"lazy\" decoding=\"async\" src=\"http:\/\/mmstudies.com\/atb\/wp-content\/uploads\/sites\/18\/2020\/09\/Skarmavbild-2020-09-03-kl.-05.18.58.png\" alt=\"Sk\u00e4rmavbild 2020-09-03 kl. 05.18.58\" itemprop=\"image\" height=\"833\" width=\"1280\" title=\"Sk\u00e4rmavbild 2020-09-03 kl. 05.18.58\" onerror=\"this.style.display='none'\"  \/>\n\t\t\t\t<img loading=\"lazy\" decoding=\"async\" src=\"http:\/\/mmstudies.com\/atb\/wp-content\/uploads\/sites\/18\/2020\/09\/Skarmavbild-2020-09-03-kl.-05.31.56.png\" alt=\"Sk\u00e4rmavbild 2020-09-03 kl. 05.31.56\" itemprop=\"image\" height=\"1280\" width=\"1075\" title=\"Sk\u00e4rmavbild 2020-09-03 kl. 05.31.56\" onerror=\"this.style.display='none'\"  \/>\n\t\t\t\t<img loading=\"lazy\" decoding=\"async\" src=\"http:\/\/mmstudies.com\/atb\/wp-content\/uploads\/sites\/18\/2020\/09\/Skarmavbild-2020-09-03-kl.-05.32.07.png\" alt=\"Sk\u00e4rmavbild 2020-09-03 kl. 05.32.07\" itemprop=\"image\" height=\"680\" width=\"1280\" title=\"Sk\u00e4rmavbild 2020-09-03 kl. 05.32.07\" onerror=\"this.style.display='none'\"  \/>\n\t\t\t\t<img loading=\"lazy\" decoding=\"async\" src=\"http:\/\/mmstudies.com\/atb\/wp-content\/uploads\/sites\/18\/2020\/09\/Skarmavbild-2020-09-03-kl.-05.32.21.png\" alt=\"Sk\u00e4rmavbild 2020-09-03 kl. 05.32.21\" itemprop=\"image\" height=\"741\" width=\"1280\" title=\"Sk\u00e4rmavbild 2020-09-03 kl. 05.32.21\" onerror=\"this.style.display='none'\"  \/>\n\t\t\t\t<img loading=\"lazy\" decoding=\"async\" src=\"http:\/\/mmstudies.com\/atb\/wp-content\/uploads\/sites\/18\/2020\/09\/Skarmavbild-2020-09-03-kl.-05.32.33.png\" alt=\"Sk\u00e4rmavbild 2020-09-03 kl. 05.32.33\" itemprop=\"image\" height=\"744\" width=\"1280\" title=\"Sk\u00e4rmavbild 2020-09-03 kl. 05.32.33\" onerror=\"this.style.display='none'\"  \/>\n\t\t\t\t<img loading=\"lazy\" decoding=\"async\" src=\"http:\/\/mmstudies.com\/atb\/wp-content\/uploads\/sites\/18\/2020\/09\/Skarmavbild-2020-09-03-kl.-05.32.42.png\" alt=\"Sk\u00e4rmavbild 2020-09-03 kl. 05.32.42\" itemprop=\"image\" height=\"847\" width=\"1253\" title=\"Sk\u00e4rmavbild 2020-09-03 kl. 05.32.42\" onerror=\"this.style.display='none'\"  \/>\n\t\t\t\t<img loading=\"lazy\" decoding=\"async\" src=\"http:\/\/mmstudies.com\/atb\/wp-content\/uploads\/sites\/18\/2020\/09\/Skarmavbild-2020-09-03-kl.-05.33.02.png\" alt=\"Sk\u00e4rmavbild 2020-09-03 kl. 05.33.02\" itemprop=\"image\" height=\"1280\" width=\"1067\" title=\"Sk\u00e4rmavbild 2020-09-03 kl. 05.33.02\" onerror=\"this.style.display='none'\"  \/>\n\t\t\t\t<img loading=\"lazy\" decoding=\"async\" src=\"http:\/\/mmstudies.com\/atb\/wp-content\/uploads\/sites\/18\/2020\/09\/Skarmavbild-2020-09-03-kl.-05.33.20.png\" alt=\"Sk\u00e4rmavbild 2020-09-03 kl. 05.33.20\" itemprop=\"image\" height=\"1280\" width=\"1033\" title=\"Sk\u00e4rmavbild 2020-09-03 kl. 05.33.20\" onerror=\"this.style.display='none'\"  \/>\n\t\t\t\t<img loading=\"lazy\" decoding=\"async\" src=\"http:\/\/mmstudies.com\/atb\/wp-content\/uploads\/sites\/18\/2020\/09\/Skarmavbild-2020-09-03-kl.-05.33.46.png\" alt=\"Sk\u00e4rmavbild 2020-09-03 kl. 05.33.46\" itemprop=\"image\" height=\"1280\" width=\"1025\" title=\"Sk\u00e4rmavbild 2020-09-03 kl. 05.33.46\" onerror=\"this.style.display='none'\"  \/>\n\t\t\t\t<img loading=\"lazy\" decoding=\"async\" src=\"http:\/\/mmstudies.com\/atb\/wp-content\/uploads\/sites\/18\/2020\/09\/Skarmavbild-2020-09-03-kl.-05.33.56.png\" alt=\"Sk\u00e4rmavbild 2020-09-03 kl. 05.33.56\" itemprop=\"image\" height=\"1280\" width=\"1110\" title=\"Sk\u00e4rmavbild 2020-09-03 kl. 05.33.56\" onerror=\"this.style.display='none'\"  \/>\n\t\t\t\t<img loading=\"lazy\" decoding=\"async\" src=\"http:\/\/mmstudies.com\/atb\/wp-content\/uploads\/sites\/18\/2020\/09\/Skarmavbild-2020-09-03-kl.-05.34.07.png\" alt=\"Sk\u00e4rmavbild 2020-09-03 kl. 05.34.07\" itemprop=\"image\" height=\"370\" width=\"1280\" title=\"Sk\u00e4rmavbild 2020-09-03 kl. 05.34.07\" onerror=\"this.style.display='none'\"  \/>\n\t\t\t\t<img loading=\"lazy\" decoding=\"async\" src=\"http:\/\/mmstudies.com\/atb\/wp-content\/uploads\/sites\/18\/2020\/09\/Skarmavbild-2020-09-03-kl.-05.34.21.png\" alt=\"Sk\u00e4rmavbild 2020-09-03 kl. 05.34.21\" itemprop=\"image\" height=\"1280\" width=\"1056\" title=\"Sk\u00e4rmavbild 2020-09-03 kl. 05.34.21\" onerror=\"this.style.display='none'\"  \/>\n\t\t\t\t<img loading=\"lazy\" decoding=\"async\" src=\"http:\/\/mmstudies.com\/atb\/wp-content\/uploads\/sites\/18\/2020\/09\/Skarmavbild-2020-09-03-kl.-05.34.35.png\" alt=\"Sk\u00e4rmavbild 2020-09-03 kl. 05.34.35\" itemprop=\"image\" height=\"1280\" width=\"1151\" title=\"Sk\u00e4rmavbild 2020-09-03 kl. 05.34.35\" onerror=\"this.style.display='none'\"  \/>\n\t\t\t\t<img loading=\"lazy\" decoding=\"async\" src=\"http:\/\/mmstudies.com\/atb\/wp-content\/uploads\/sites\/18\/2020\/09\/Skarmavbild-2020-09-03-kl.-05.34.48.png\" alt=\"Sk\u00e4rmavbild 2020-09-03 kl. 05.34.48\" itemprop=\"image\" height=\"459\" width=\"1280\" title=\"Sk\u00e4rmavbild 2020-09-03 kl. 05.34.48\" onerror=\"this.style.display='none'\"  \/>\n\t\t\t\t<img loading=\"lazy\" decoding=\"async\" src=\"http:\/\/mmstudies.com\/atb\/wp-content\/uploads\/sites\/18\/2020\/09\/Skarmavbild-2020-09-03-kl.-05.35.02.png\" alt=\"Sk\u00e4rmavbild 2020-09-03 kl. 05.35.02\" itemprop=\"image\" height=\"1280\" width=\"1095\" title=\"Sk\u00e4rmavbild 2020-09-03 kl. 05.35.02\" onerror=\"this.style.display='none'\"  \/>\n\t\t\t\t<img loading=\"lazy\" decoding=\"async\" src=\"http:\/\/mmstudies.com\/atb\/wp-content\/uploads\/sites\/18\/2020\/09\/Skarmavbild-2020-09-03-kl.-05.35.36.png\" alt=\"Sk\u00e4rmavbild 2020-09-03 kl. 05.35.36\" itemprop=\"image\" height=\"1280\" width=\"1216\" title=\"Sk\u00e4rmavbild 2020-09-03 kl. 05.35.36\" onerror=\"this.style.display='none'\"  \/>\n\t\t\t\t<img loading=\"lazy\" decoding=\"async\" src=\"http:\/\/mmstudies.com\/atb\/wp-content\/uploads\/sites\/18\/2020\/09\/Skarmavbild-2020-09-03-kl.-05.35.47.png\" alt=\"Sk\u00e4rmavbild 2020-09-03 kl. 05.35.47\" itemprop=\"image\" height=\"1280\" width=\"1126\" title=\"Sk\u00e4rmavbild 2020-09-03 kl. 05.35.47\" onerror=\"this.style.display='none'\"  \/>\n\t\t\t\t<img loading=\"lazy\" decoding=\"async\" src=\"http:\/\/mmstudies.com\/atb\/wp-content\/uploads\/sites\/18\/2020\/09\/Skarmavbild-2020-09-03-kl.-05.36.00.png\" alt=\"Sk\u00e4rmavbild 2020-09-03 kl. 05.36.00\" itemprop=\"image\" height=\"626\" width=\"1280\" title=\"Sk\u00e4rmavbild 2020-09-03 kl. 05.36.00\" onerror=\"this.style.display='none'\"  \/>\n\t\t\t\t<img loading=\"lazy\" decoding=\"async\" src=\"http:\/\/mmstudies.com\/atb\/wp-content\/uploads\/sites\/18\/2020\/09\/Skarmavbild-2020-09-03-kl.-05.36.22.png\" alt=\"Sk\u00e4rmavbild 2020-09-03 kl. 05.36.22\" itemprop=\"image\" height=\"617\" width=\"1280\" title=\"Sk\u00e4rmavbild 2020-09-03 kl. 05.36.22\" onerror=\"this.style.display='none'\"  \/>\n\t\t\t\t<img loading=\"lazy\" decoding=\"async\" src=\"http:\/\/mmstudies.com\/atb\/wp-content\/uploads\/sites\/18\/2020\/09\/Skarmavbild-2020-09-03-kl.-05.36.29.png\" alt=\"Sk\u00e4rmavbild 2020-09-03 kl. 05.36.29\" itemprop=\"image\" height=\"1147\" width=\"1280\" title=\"Sk\u00e4rmavbild 2020-09-03 kl. 05.36.29\" onerror=\"this.style.display='none'\"  \/>\n","protected":false},"excerpt":{"rendered":"<p>Recension: MIN ELOGE, HERR BJ\u00d6RKLUND\u203c\ufe0f Detta \u00e4r ju m\u00e4sterlig parodi! H\u00e4r f\u00e5r Guldspadegr\u00e4varen \u00e4ta upp den urvattnade tankesoppa sj\u00e4lv, som han tillrett \u00e5t andra p\u00e5 en spik och litet hipp som happ lossrivna lappar. Och nu \u00e4r hans kokkonster inte s\u00e5 hemliga sen de \u00a0avsl\u00f6jats.\u00a0 Hi hi, s\u00e5 tji fick han! \u00a0 Rent h\u00e4pnadsv\u00e4ckande \u00e4nd\u00e5&#8230;<\/p>\n","protected":false},"author":1,"featured_media":0,"parent":0,"menu_order":0,"comment_status":"closed","ping_status":"closed","template":"full-width-page.php","meta":{"footnotes":""},"class_list":["post-2679","page","type-page","status-publish","hentry"],"_links":{"self":[{"href":"http:\/\/mmstudies.com\/atb\/wp-json\/wp\/v2\/pages\/2679","targetHints":{"allow":["GET"]}}],"collection":[{"href":"http:\/\/mmstudies.com\/atb\/wp-json\/wp\/v2\/pages"}],"about":[{"href":"http:\/\/mmstudies.com\/atb\/wp-json\/wp\/v2\/types\/page"}],"author":[{"embeddable":true,"href":"http:\/\/mmstudies.com\/atb\/wp-json\/wp\/v2\/users\/1"}],"replies":[{"embeddable":true,"href":"http:\/\/mmstudies.com\/atb\/wp-json\/wp\/v2\/comments?post=2679"}],"version-history":[{"count":14,"href":"http:\/\/mmstudies.com\/atb\/wp-json\/wp\/v2\/pages\/2679\/revisions"}],"predecessor-version":[{"id":2723,"href":"http:\/\/mmstudies.com\/atb\/wp-json\/wp\/v2\/pages\/2679\/revisions\/2723"}],"wp:attachment":[{"href":"http:\/\/mmstudies.com\/atb\/wp-json\/wp\/v2\/media?parent=2679"}],"curies":[{"name":"wp","href":"https:\/\/api.w.org\/{rel}","templated":true}]}}