{"id":1040,"date":"2019-05-22T22:25:57","date_gmt":"2019-05-22T22:25:57","guid":{"rendered":"http:\/\/mmstudies.com\/eftervaldet\/?page_id=1040"},"modified":"2022-05-10T17:29:19","modified_gmt":"2022-05-10T17:29:19","slug":"fakta","status":"publish","type":"page","link":"http:\/\/mmstudies.com\/eftervaldet\/fakta\/","title":{"rendered":"FAKTA-OCH KUNSKAPSUNDERLAG"},"content":{"rendered":"\n\n\tFAKTA- o\u00a0KUNSKAPSUNDERLAG<br \/>\nTILL GRUND F\u00d6R V\u00c5RA KRAV\n<p>&nbsp;<\/p>\n<p><strong>DV \/ AC<\/strong> = Domestic Violence \/ Child Abuse = \u00a0 v\u00e5ld och \/ eller sexuella \u00f6vergrepp i n\u00e4ra relationer<\/p>\n<p><strong>&#8221;Efterv\u00e5ld&#8221;<\/strong> \u00e4r ett bra samlande och f\u00f6rtydligande begrepp p\u00e5 vad som f\u00f6rsigg\u00e5r under ytan p\u00e5 den TYSTNADSKULTUR och f\u00f6rljugna verklighetsborttr\u00e4ngning som m\u00f6jligg\u00f6rs genom en samverkan p\u00e5 b\u00e5de privat personlig, samh\u00e4llelig och psyko-social \/ kulturell niv\u00e5.<\/p>\n<p><a href=\"http:\/\/mmstudies.com\/eftervaldet\/definition\">En mer specificerad redog\u00f6relse f\u00f6r hur efterv\u00e5ldets olika former av vardagsterror kan se ut har du h\u00e4r \u00bb<\/a><\/p>\n\t<p><strong>FAKTAUNDERLAG<\/strong> till grund f\u00f6r <a href=\"http:\/\/mmstudies.com\/eftervaldet\/\">AKTION #efterv\u00e5ldets<\/a> krav p\u00e5 tills\u00e4ttningen av en haverikommission som synar den myndighetsut\u00f6vning som\u00a0i <strong><em>brottm\u00e5l<\/em><\/strong> med en grund i sexualiserat eller annat v\u00e5ld mot kvinnor och barn,\u00a0beg\u00e5r grova tj\u00e4nstefel\/brott mot Grundlag \/ F\u00f6rvaltningslag, genom att rutinm\u00e4ssigt l\u00e5ta offer och f\u00f6r\u00f6vare byta plats och f\u00f6rl\u00e4gga bevisb\u00f6rdan hos offret.<\/p>\n<p>I v\u00e5rt faktaunderlag framg\u00e5r dessutom att myndighetsut\u00f6vningen <strong><em>i tvistem\u00e5l<\/em> <\/strong>beg\u00e5r brott mot Grundlag, F\u00f6rvaltningslag och F\u00f6r\u00e4ldrabalken genom att bed\u00f6ma v\u00e5ld och sexuella \u00f6vergrepp i n\u00e4ra relationer (DV \/ AC) som inte bevisats i brottm\u00e5l som icke-existerande och \/ eller irrelevant f\u00f6r riskbed\u00f6mningarna, medan icke bevisad och icke-existerande &#8221;p\u00e5verkan&#8221; och &#8221;umg\u00e4ngessabotage&#8221; l\u00e4ggs till grund f\u00f6r beslut att skriva \u00f6ver v\u00e5rdnaden \/ boendet fr\u00e5n den f\u00f6r\u00e4lder som \u00e4r barnets enda n\u00e4ra anknytningsf\u00f6r\u00e4lder, till misst\u00e4nkta, \u00e5talade eller d\u00f6mda f\u00f6r\u00f6vare, alternativt att till varje pris och p\u00e5 trots mot deras uttryckliga vilja, p\u00e5tvinga barn umg\u00e4nge med dem.<\/p>\n<p>&nbsp;<\/p>\n<p><strong>BROTTM\u00c5L<\/strong><\/p>\n<p>1)<a href=\"http:\/\/mmstudies.com\/eftervaldet\/jenny\/\">FALLET JENNY \u00d6RN\u00bb<\/a><\/p>\n<p><a href=\"http:\/\/mmstudies.com\/eftervaldet\/jenny\/\">Myndighetsperson beg\u00e5r v\u00e5ldt\u00e4kt och f\u00e5r hj\u00e4lp av \u00e5klagare att l\u00e4gga skulden p\u00e5 offret:<\/a><\/p>\n<p>&nbsp;<\/p>\n<p><a href=\"http:\/\/mmstudies.com\/sallberg\/historia\/\">2) OMFATTANDE UTREDNING AV SKENPROCESSERNA MOT CARINA S\u00c4LLBERG\u00bb<\/a><\/p>\n<p><a href=\"http:\/\/mmstudies.com\/sallberg\/historia\/\">R\u00e4ttsapparaten st\u00e4ller sig till f\u00f6rfogande f\u00f6r en f\u00f6r\u00f6vare att att trakassera sitt offer i \u00e5ratal med falska anm\u00e4lningar<\/a><\/p>\n<p>&nbsp;<\/p>\n<p><strong>TVISTEM\u00c5L:<\/strong><\/p>\n<p>F\u00f6r\u00e4ldrar och barn h\u00e4nsynsl\u00f6st utl\u00e4mnade \u00e5t VSN &amp; EFTERV\u00c5LD<\/p>\n<p><a href=\"http:\/\/mmstudies.com\/eftervaldet\/enkatsvar\/\">3) 16 FALL REPRESENTERADE I ENK\u00c4TSVAR\u00bb<\/a><\/p>\n<p><a href=\"http:\/\/mmstudies.com\/mia\/skrivelse-soc\/\">4) OMFATTANDE UTREDNING AV &#8221;MIAS&#8221; FALL (enk\u00e4tsvar 9 GM 09)\u00bb<\/a><\/p>\n<p><a href=\"http:\/\/mmstudies.com\/eftervaldet\/granskning-domar\/\">5) GRANSKNING AV 75 DOMAR\u00bb<\/a><\/p>\n<p><a href=\"http:\/\/www.agnetabravelius.se\/?fbclid=IwAR2T1gU24EgErNtuzzr5Z5gesWu3zk8bzRowFKUUsnNgFvU-ffDknaAj9s0\">6) RAPPORTERNA FR\u00c5N BRY\u00bb<\/a><\/p>\n<p><a href=\"http:\/\/mmstudies.com\/eftervaldet\/artiklar\/\">7) REPORTAGE I MEDIERNA\u00bb<\/a><\/p>\n<p>&nbsp;<\/p>\n<p><strong>KUNSKAPSUNDERLAG:<\/strong><\/p>\n<h2><a href=\"http:\/\/mmstudies.com\/eftervaldet\/forbigas\/\">ANGEL\u00c4GEN FORSKNING OCH VETENSKAP SOM F\u00d6RBIG\u00c5S\u00bb<\/a><\/h2>\n<h2><a href=\"http:\/\/mmstudies.com\/eftervaldet\/vidskepelse\/\">ANALYSVERKTYGET NR 1: ANKNYTNINGSTEORI\/UTVECKLINGSPSYKOLOGI\u00bb<\/a><\/h2>\n<p>\u2217<\/p>\n\n<h2>Forts\u00e4ttning faktaunderlag:<\/h2>\n<p>1) De brottm\u00e5l med en grund i VSN vari offer och f\u00f6r\u00f6vare, som i <a href=\"http:\/\/mmstudies.com\/sallberg\/historia\/\">Carina S\u00e4llbergs<\/a> och <a href=\"http:\/\/mmstudies.com\/eftervaldet\/jenny\/\">Jenny \u00d6rns<\/a> fall ska byta plats, och h\u00e4rskartekniken att p\u00e5f\u00f6ra skuld l\u00e4ggs i dagen med n\u00e4ra nog \u00f6vertydligt stor och ogenerad arrogans.<\/p>\n<p>&nbsp;<\/p>\n<h2><a href=\"http:\/\/mmstudies.com\/sallberg\/historia\/\"><em>2)G\u00e4llande fallet Carina S\u00e4llberg finns ett hemsidesystem utlagt vari den ing\u00e5ende granskning som undertecknad utf\u00f6rt, publicerats \u00bb<\/em><\/a><\/h2>\n<p>&nbsp;<\/p>\n<p>3) De 16 v\u00e5rdnads\u00e4renden som i de enk\u00e4tsvar vi bifogar, blir belysta utifr\u00e5n de drabbade mammors och barns utsatthet f\u00f6r ett mer eller mindre konstant #efterv\u00e5ld i form av r\u00e4ttsl\u00f6shet och socioekonomisk kollaps pga att deras f\u00f6r\u00f6vare till\u00e5ts agera i allians med myndighetsut\u00f6vningen.<\/p>\n<p>&nbsp;<\/p>\n<p>4) De \u00f6vriga v\u00e5rdnadsm\u00e5l som v\u00e4ckt stor uppm\u00e4rksamhet i sociala och \u00f6vriga medier och som jag b\u00f6rjat lista under rubriken <a href=\"http:\/\/mmstudies.com\/eftervaldet\/artiklar\/\">&#8221;ARTIKLAR OM ENSKILDA FALL<\/a> p\u00e5 hemsidan AKTION #efterv\u00e5ldet<\/p>\n<p>&nbsp;<\/p>\n<p>5) <a href=\"http:\/\/mmstudies.com\/eftervaldet\/granskning-domar\/\">Den granskning av domar som legat till grund f\u00f6r det statistiska underlaget till SOU 2017 och och ett fyrtiotal andra som ger vid handen stora brister i tolkningen och till\u00e4mpningen av lagen, s\u00e4rskilt med avseende p\u00e5 negligeringen av utrerdningsplikten och barnets r\u00e4tt till delaktighet och att bli h\u00f6rda \u00bb<\/a><\/p>\n\t<p>SKANDALDOMARNA &#8211; ENSKILDA UNDANTAG I FORM AV S\u00c4RSKILT sk &#8221;KOMPLICERADE&#8221; FALL &#8211; ELLER TOPPEN P\u00c5 ETT ISBERG?<\/p>\n<p>V\u00e5rt faktaunderlag tyder p\u00e5 att s\u00e5dana skandaldomar som tex det i <a href=\"http:\/\/mmstudies.com\/eftervaldet\/svea-hovratt\/\">Svea Hovr\u00e4tt<\/a> och <a href=\"http:\/\/mmstudies.com\/eftervaldet\/fallet-maria2\/\">Varbergs tingsr\u00e4tt<\/a> som tilld\u00f6mer v\u00e5ldsbrottsd\u00f6mda pappor enskild v\u00e5rdnad, inte utg\u00f6r enskilda undantag.Tv\u00e4rtom tyder v\u00e5ra erfarenheter och efterforskningar p\u00e5 att de snarare utg\u00f6r toppen av ett isberg, och lika litet, som de <a href=\"http:\/\/mmstudies.com\/eftervaldet\/enkatsvar\/\">fall som presenteras i v\u00e5ra enk\u00e4tsvar<\/a>, utg\u00f6r undantag i form av sk &#8221;enskilda&#8221; eller v\u00e4ldigt &#8221;komplicerade fall&#8221;. <\/p>\n<p>Snarare \u00e4r de <strong>intill f\u00f6rv\u00e4xling lika<\/strong> och f\u00f6ljer samma m\u00f6nster av DV \/ AC, som i r\u00e5dande familjer\u00e4ttsliga praxis bed\u00f6ms utefter den f\u00f6renklade tolkningsmodell vari offer och f\u00f6r\u00f6vare byter plats.<\/p>\n<p>Som grund f\u00f6r denna slutsats vill vi h\u00e4nvisa till det faktum att vi kunnat p\u00e5visa att<\/p>\n<p>&nbsp;<\/p>\n<p><a href=\"http:\/\/mmstudies.com\/eftervaldet\/domar-vsnr\/\">1) Antalet v\u00e5rdnadsm\u00e5l som tilldelar pappor som ut\u00f6var DV \/ AC \u00e4r omfattande och utg\u00f6rs av regelr\u00e4tta brott mot g\u00e4llande lagar och paragrafer i Familjebalken, artiklar i Barnkonventionen och EURK, s\u00e5v\u00e4l som mot Grundlag och F\u00f6rvaltningslag\u00bb<\/a><\/p>\n<p>&nbsp;<\/p>\n<p><a href=\"http:\/\/mmstudies.com\/eftervaldet\/domar-vsnr\/\">2) Antalet v\u00e5rdnadsm\u00e5l vari pappor som ut\u00f6var DV \/ AC tilld\u00f6ms umg\u00e4nge \u00e4r ocks\u00e5 alltf\u00f6r omfattande och fr\u00e5gan m\u00e5ste st\u00e4llas om inte \u00e4ven de utg\u00f6rs av lagbrott.\u00bb<\/a><\/p>\n<p>&nbsp;<\/p>\n<p><a href=\"http:\/\/mmstudies.com\/eftervaldet\/pavarka\/\">3) Den spr\u00e5kliga \/ begreppsliga diskurs som ligger till grund f\u00f6r nuvarande juridisk praxis \u00e4r utformad s\u00e5 att existensen av DV \/ AC osynligg\u00f6rs och \/ eller offer och f\u00f6r\u00f6vare ska byta plats.\u00bb<\/a><\/p>\n\t<p>4) Det faktum att den \u00f6vergripande ideologiska \/ politiska <a href=\"http:\/\/mmstudies.com\/eftervaldet\/hum-faltet\/\">f\u00f6rf\u00f6rst\u00e5else som ligger till grund f\u00f6r den juridiska diskursen<\/a> fortfarande \u00e4r oproblematiserat ur\u00e5ldrigt auktorit\u00e4r \u00a0och inkompatibel med den som ligger till grund f\u00f6r Familjebalken och FN:s barnkonvention, kommer ogenerat till uttryck <a href=\"http:\/\/mmstudies.com\/eftervaldet\/spraklig\/\">i den spr\u00e5kliga och begreppsliga diskurs som ligger till grund f\u00f6r s\u00e5v\u00e4l de statliga v\u00e5rdnadsutredningarna som s\u00e5dana brott- och v\u00e5rdnadsm\u00e5l<\/a> vari VSNR utg\u00f6r den grundl\u00e4ggande problematiken.<\/p>\n<p>&nbsp;<\/p>\n<p>5) Orsaken till att att dessa m\u00e5l anses vara s\u00e5 &#8221;komplicerade&#8221; ligger just i de ovan n\u00e4mnda faktorer som bidrar till en ideologisk dragkamp mellan tv\u00e5 helt olika v\u00e4rlds\u00e5sk\u00e5dningar &#8211; <a href=\"http:\/\/mmstudies.com\/eftervaldet\/vidskepelse\/\">en ur\u00e5ldrigt auktorit\u00e4r &#8211; och en modernt j\u00e4mst\u00e4lld demokratisk.<\/a> Det som i SOU 2017 omtalas som &#8221;konfliktdrivande&#8221; \u00e4r just n\u00e4r denna dragkamp utspelas p\u00e5 oj\u00e4mst\u00e4llda villkor.<\/p>\n\n<h2><a href=\"http:\/\/mmstudies.com\/eftervaldet\/hum-faltet\/\">F\u00f6ruts\u00e4ttningarna f\u00f6r att den osynliggjorda verklighet som kommer till synes i mammornas enk\u00e4tsvar ska tillerk\u00e4nnas sin faktiska existens, \u00e4r att det f\u00f6retas en granskning med kvalitativt hermeneutisk \/ systemorienterad ansats och p\u00e5 tv\u00e4rvetenskapligt humanvetenskaplig basis.<\/a><\/h2>\n\n<p>Detta p\u00e5 grundval att man b\u00e5de fr\u00e5n myndigheternas och mediernas sida fr\u00e5nh\u00e5ller sig densamma med hj\u00e4lp av den <strong>blinda auktoritetstro <\/strong>som medborgarna hemfaller \u00e5t, i f\u00f6rest\u00e4llningen att det svenska r\u00e4ttsmaskineriet skulle representera ett av de minst korrumperade i v\u00e4rlden. <\/p>\n<p>Av den anledningen utg\u00f6r ett av v\u00e5ra grundl\u00e4ggande krav att de mammor och barn som drabbats av s\u00e5na <a href=\"http:\/\/mmstudies.com\/mammamanualen\/pas\/\">PA(S)-relaterade domar<\/a> som bortsett fr\u00e5n deras faktiska omst\u00e4ndigheter och vittnesm\u00e5l, erbjuds att genom intervjuer f\u00e5 komma till tals om hur deras barns liv kommit att gestalta sig.<\/p>\n<p>Tilltron till det svenska r\u00e4ttsmaskineriets ofelbarhet saknar idag relevans. <a href=\"http:\/\/mmstudies.com\/eftervaldet\/haverikommission\/\">Det m\u00e5ste d\u00e4rf\u00f6r till<strong> skarpa \u00e5tg\u00e4rder<\/strong><\/a> p\u00e5 h\u00f6gre \u00f6vergripande statlig \/ politisk \/ riksrevisionistisk niv\u00e5 f\u00f6r att hejda utvecklingen p\u00e5 det sluttade planet mot allt st\u00f6rre maktfullkomlig arrogans godtycklighet och arrogans, som annars l\u00f6per avg\u00f6rande risk att urgr\u00f6pa och ers\u00e4tta grundl\u00e4ggande demokratiska v\u00e4rden i v\u00e5rt svenska statsskick med ett diktatoriskt gangsterv\u00e4lde<\/p>\n<p>Sist men inte mist utg\u00f6r detta missbruk av makt och myndighet ett <strong>slukh\u00e5l av skattemedel <\/strong>som torde uppg\u00e5 till belopp i miljardklassen som tom \u00f6verstiger det <a href=\"https:\/\/www.svd.se\/visa-i-handling-vad-arbetet-mot-mans-vald-ar-vart\/i\/senaste?fbclid=IwAR1HubxJEU_dJxe8t2Up9Nn72l_OyJHrCbAVzFoZMc5piT8ubtpctWvxNtU\">belopp om c:a 40-50 miljarder som uppges i denna artikel i<\/a> <a href=\"https:\/\/www.svd.se\/visa-i-handling-vad-arbetet-mot-mans-vald-ar-vart\/i\/senaste?fbclid=IwAR1HubxJEU_dJxe8t2Up9Nn72l_OyJHrCbAVzFoZMc5piT8ubtpctWvxNtU\">SvD ,<\/a> och som ist\u00e4llet f\u00f6r att bryta ner kvinnor \/ mammors och barns psykiska, fysiska h\u00e4lsa och liv, b\u00e4ttre borde anv\u00e4ndas att i f\u00f6rebyggande syfte bryta <a href=\"http:\/\/mmstudies.com\/mammamanualen\/emotionella-arvet\/\">det negativa emotionella arv som f\u00f6r\u00f6vare passerar till n\u00e4sta generation.<\/a><\/p>\n<p>Avg\u00f6rande f\u00f6r att problemen ska kunna komma till sin l\u00f6sning, \u00e4r att den kunskap \u00a0\u00e4ntligen tasi bruk som genererats under senare decenniers s\u00e5 <a href=\"http:\/\/mmstudies.com\/eftervaldet\/vidskepelse\/\">framg\u00e5ngsrika forskning i anknytningsteori \/ utvecklingspsykologi. och att det utifr\u00e5n den basen utvecklas analysverktyg att tolka och det som ska inbegripas i &#8221;Banets B\u00e4sta&#8221;<\/a><\/p>\n<h2>Betecknande nog f\u00f6r den allm\u00e4nna trenden i tiden, lyser den lika flagrant med sin fr\u00e5nvaro i hanteringen av skolans problem som i tills\u00e4ttningen av expertis till de statliga v\u00e5rdnadsutredningarna<\/h2>\n<p>&nbsp;<\/p>\n<p>Gunilla Madeg\u00e5rd<\/p>\n<p>Frilansskribent, forskare, barn &#8211; och kvinnor\u00e4ttsaktivist och<\/p>\n<p>talesperson f\u00f6r f\u00f6r\u00e4ldrar och morf\u00f6r\u00e4ldrar i <a href=\"http:\/\/mmstudies.com\/eftervaldet\/\">AKTION #efterv\u00e5ldet mot SAMH\u00c4LLSSKADLIG MYNDIGHETSUT\u00d6VNING<\/a>\u00a0 som av h\u00e4nsyn till barnen och r\u00e4dsla f\u00f6r repressalier vill vara anonyma<\/p>\nOll Matts gata 28<br \/>\n38791 Borgholm<br \/>\ntel: 070 258 48 3\n<p>&nbsp;<\/p>\n\t<p>&nbsp;<\/p>\n<p><em><a href=\"http:\/\/mmstudies.com\/eftervaldet\/\">AKTION #efterv\u00e5ldet mot samh\u00e4llsfarlig myndighetsut\u00f6vning<\/a><\/em><\/p>\n<p>&nbsp;<\/p>\n<p><em><a href=\"http:\/\/mmstudies.com\/eftervaldet\/\">KRITIK M\u00c5LS\u00c4TTNING OCH KRAV<\/a><\/em><\/p>\n<p>&nbsp;<\/p>\n<p><em><a href=\"http:\/\/mmstudies.com\/eftervaldet\/definition\">Efterv\u00e5ld &#8211; definition<\/a><\/em><\/p>\n<p>&nbsp;<\/p>\n<p><a href=\"http:\/\/mmstudies.com\/eftervaldet\/presentation\"><em>PRESENTATION AV #efterv\u00e5ldets \u00d6VERGRIPANDE UPPL\u00c4GG, KRITK, FAKTA OCH KUNSKAPSUNDERLAG<\/em><\/a><\/p>\n<p>&nbsp;<\/p>\n<p><a href=\"http:\/\/mmstudies.com\/eftervaldet\/ipe-analys\/\"><em>IDEOLOGISK, POLITISK, EKONOMISK ANALYS<\/em><\/a><\/p>\n<p>&nbsp;<\/p>\n<p><em><a href=\"http:\/\/mmstudies.com\/eftervaldet\/falsk-varu\/\">MYNDIGHETSUT\u00d6VNING MED FALSK VARUDEKLARATION<\/a><\/em><\/p>\n<p>&nbsp;<\/p>\n<p><a href=\"http:\/\/mmstudies.com\/eftervaldet\/hum-faltet\/\"><em>1) Bristande kompetens att hantera komplext systemrelaterade problemst\u00e4llningar inom det humanvetenskapliga f\u00e4ltet<\/em><\/a><\/p>\n<p>&nbsp;<\/p>\n<p><em><a href=\"http:\/\/mmstudies.com\/eftervaldet\/spraklig\/\">2) Bristande spr\u00e5klig precisering, avgr\u00e4nsning och stringens<\/a><\/em><\/p>\n<p>&nbsp;<\/p>\n<p><a href=\"http:\/\/mmstudies.com\/eftervaldet\/tllampning\/\"><em>3) Bristande omd\u00f6me i fr\u00e5ga om till\u00e4mpningen av g\u00e4llande lag i F\u00f6r\u00e4ldrabalken och FN:s barnkonvention<\/em><\/a><\/p>\n<p>&nbsp;<\/p>\n<p><a href=\"http:\/\/mmstudies.com\/eftervaldet\/fakta\/\"><em>FAKTA-OCH KUNSKAPSUNDERLAG<\/em><\/a><\/p>\n<p>&nbsp;<\/p>\n<p><a href=\"http:\/\/mmstudies.com\/eftervaldet\/forbigas\/\"><em>ANGEL\u00c4GEN FORSKNING OCH VETENSKAP SOM F\u00d6RBIG\u00c5S<\/em><\/a><\/p>\n<p>&nbsp;<\/p>\n<p><a href=\"http:\/\/mmstudies.com\/eftervaldet\/granskning-domar\/\"><em>SAMMANFATTNING AV MARIA KARLSSONS GRANSKNING AV DOMAR<\/em><\/a><\/p>\n<p>&nbsp;<\/p>\n<p><a href=\"http:\/\/mmstudies.com\/eftervaldet\/domar-vsnr\/\"><em>Domar vari pappor gjort sig skyldiga till DV \/ AC<\/em><\/a><\/p>\n<p>&nbsp;<\/p>\n<p><em><a href=\"http:\/\/mmstudies.com\/eftervaldet\/pavarka\/\">Domar vari mammor tros &#8221;p\u00e5verka&#8221;, &#8221;dra in barn i konflikten&#8221;, inte kunna &#8221;samarbeta&#8221; pga att &#8221;ha fel inst\u00e4llning till pappan&#8221;, etc<\/a><\/em><\/p>\n<p>&nbsp;<\/p>\n<p><em><a href=\"http:\/\/mmstudies.com\/eftervaldet\/boss\/\">BRUTALISTEN MATS SJ\u00d6STEN &#8211; BOSS<\/a> <a href=\"http:\/\/mmstudies.com\/eftervaldet\/boss\/\">\u00d6VER V\u00c5RDNADSM\u00c5L SEDAN 90-talet<\/a><\/em><\/p>\n<p>&nbsp;<\/p>\n<p><a href=\"http:\/\/mmstudies.com\/eftervaldet\/statliga\/\"><em>DE STATLIGA V\u00c5RDNADSUTEDNINGARNA<\/em><\/a><\/p>\n<p>&nbsp;<\/p>\n<p><a href=\"http:\/\/mmstudies.com\/eftervaldet\/framsta-expert\/\"><em>LANDETS FR\u00c4MSTA EXPERT P\u00c5 V\u00c5RDNADSM\u00c5L<\/em><\/a><\/p>\n<p>&nbsp;<\/p>\n<p><a href=\"http:\/\/mmstudies.com\/eftervaldet\/granskning-ms\/\"><em>AVSL\u00d6JANDE GRANSKNING AV MATS SJ\u00d6STENS DOM I VARBERGFALLET<\/em><\/a><\/p>\n<p>&nbsp;<\/p>\n<p><a href=\"http:\/\/mmstudies.com\/eftervaldet\/lambertz\/\"><em>MAILV\u00c4XLING MED LAGMAN MATS SJ\u00d6STEN OCH HOVR\u00c4TTSASSESSOR KARIN LAMBERTZ<\/em><\/a><\/p>\n<p>&nbsp;<\/p>\n<p><a href=\"http:\/\/mmstudies.com\/eftervaldet\/fallet-maria2\/\"><em>Varbergsm\u00e5let:<\/em><\/a><\/p>\n<p>&nbsp;<\/p>\n<p><a href=\"http:\/\/mmstudies.com\/eftervaldet\/artiklar\"><em>ARTIKLAR<\/em><\/a><\/p>\n<p>&nbsp;<\/p>\n<p><a href=\"http:\/\/mmstudies.com\/eftervaldet\/jenny-orn\"><i>1. Jenny \u00d6rns fall<\/i><\/a><\/p>\n<p><i>2 .<\/i><a href=\"http:\/\/mmstudies.com\/eftervaldet\/maria-a-artikel\"><i>F\u00f6r\u00e4ldern Maria A:s fall publicerad i Aftonbladet 2017.<\/i><\/a><i>\u00a0<\/i><\/p>\n<p><a href=\"http:\/\/mmstudies.com\/eftervaldet\/lenas-fall\/\"><i>3.Trebarnsmamman Lenas fall<\/i><\/a><\/p>\n<p><a href=\"http:\/\/mmstudies.com\/eftervaldet\/svea-hovratt\/\"><i>4. Svea Hovr\u00e4ttsm\u00e5let med Thomas Bodstr\u00f6m som mammans ombud<\/i><\/a><\/p>\n<p><i>5. <\/i><a href=\"http:\/\/mmstudies.com\/eftervaldet\/fallet-maria2\/\"><i>V\u00e5rdnadsm\u00e5let vid \u00a0Varbergs tings\u00e4tt och Mats Sj\u00f6sten som domare<\/i><\/a><\/p>\n<p><a href=\"http:\/\/mmstudies.com\/eftervaldet\/suicidal\/\"><i>6) 12-\u00e5rig suicidal pojke tv\u00e5ngsf\u00f6rflyttas till sin f\u00f6r\u00f6vare<\/i><\/a><\/p>\n<p><a href=\"http:\/\/mmstudies.com\/eftervaldet\/anna-elias\/\"><i>7) Fallet Anna och Elias<\/i><\/a><\/p>\n<p><em><a href=\"http:\/\/mmstudies.com\/eftervaldet\/enkatsvar\/\">Mammors rapporter i 16 enk\u00e4tsvar<\/a><\/em><\/p>\n\n","protected":false},"excerpt":{"rendered":"<p>FAKTA- o\u00a0KUNSKAPSUNDERLAG TILL GRUND F\u00d6R V\u00c5RA KRAV &nbsp; DV \/ AC = Domestic Violence \/ Child Abuse = \u00a0 v\u00e5ld och \/ eller sexuella \u00f6vergrepp i n\u00e4ra relationer &#8221;Efterv\u00e5ld&#8221; \u00e4r ett bra samlande och f\u00f6rtydligande begrepp p\u00e5 vad som f\u00f6rsigg\u00e5r under ytan p\u00e5 den TYSTNADSKULTUR och f\u00f6rljugna verklighetsborttr\u00e4ngning som m\u00f6jligg\u00f6rs genom en samverkan p\u00e5 b\u00e5de&#8230;<\/p>\n","protected":false},"author":1,"featured_media":0,"parent":0,"menu_order":0,"comment_status":"closed","ping_status":"closed","template":"full-width-page.php","meta":{"footnotes":""},"class_list":["post-1040","page","type-page","status-publish","hentry"],"_links":{"self":[{"href":"http:\/\/mmstudies.com\/eftervaldet\/wp-json\/wp\/v2\/pages\/1040","targetHints":{"allow":["GET"]}}],"collection":[{"href":"http:\/\/mmstudies.com\/eftervaldet\/wp-json\/wp\/v2\/pages"}],"about":[{"href":"http:\/\/mmstudies.com\/eftervaldet\/wp-json\/wp\/v2\/types\/page"}],"author":[{"embeddable":true,"href":"http:\/\/mmstudies.com\/eftervaldet\/wp-json\/wp\/v2\/users\/1"}],"replies":[{"embeddable":true,"href":"http:\/\/mmstudies.com\/eftervaldet\/wp-json\/wp\/v2\/comments?post=1040"}],"version-history":[{"count":45,"href":"http:\/\/mmstudies.com\/eftervaldet\/wp-json\/wp\/v2\/pages\/1040\/revisions"}],"predecessor-version":[{"id":4254,"href":"http:\/\/mmstudies.com\/eftervaldet\/wp-json\/wp\/v2\/pages\/1040\/revisions\/4254"}],"wp:attachment":[{"href":"http:\/\/mmstudies.com\/eftervaldet\/wp-json\/wp\/v2\/media?parent=1040"}],"curies":[{"name":"wp","href":"https:\/\/api.w.org\/{rel}","templated":true}]}}