{"id":312,"date":"2019-03-17T13:01:57","date_gmt":"2019-03-17T13:01:57","guid":{"rendered":"http:\/\/mmstudies.com\/eftervaldet\/?page_id=312"},"modified":"2022-05-14T17:45:24","modified_gmt":"2022-05-14T17:45:24","slug":"definition","status":"publish","type":"page","link":"http:\/\/mmstudies.com\/eftervaldet\/definition\/","title":{"rendered":"DEFINITION"},"content":{"rendered":"\n\n\t\t\t\t<img loading=\"lazy\" decoding=\"async\" src=\"http:\/\/mmstudies.com\/eftervaldet\/wp-content\/uploads\/sites\/12\/2019\/03\/53694012_2344664625764179_4388265672275132416_o.jpg\" alt=\"53694012_2344664625764179_4388265672275132416_o\" itemprop=\"image\" height=\"736\" width=\"991\" title=\"53694012_2344664625764179_4388265672275132416_o\" onerror=\"this.style.display='none'\"  \/>\nD E F I N I T I O N \u00a0 A V \u00a0 B E G R E P P E T\u00a0\n\u00a0\n<h1 data-offset-key=\"fogun-0-0\">Den v\u00e5ldsut\u00f6vning som f\u00f6ljer p\u00e5 separationen &#8211; och som i den nuvarande familjer\u00e4ttsliga diskursen omtolkas som uttryck f\u00f6r bristande &#8221;samarbete&#8221; och en &#8221;konflikt&#8221; som i p\u00e5fallande m\u00e5nga \u00a0fall mamman g\u00f6rs mest ansvarig f\u00f6r att &#8221;dra in barnen i&#8221;.<\/h1>\n<p>Citat fr\u00e5n SvD den 13 april 2013 <a href=\"https:\/\/www.svd.se\/vardnadstvisterna-fordubblades?fbclid=IwAR1qBgJADrRJkDXiCC58GZRRA6g0t4tLAi3e3-Ocm28vF8NnZFm1Lsrju2M\">&#8221;V\u00e5rdnadstvisterna f\u00f6rdubblas&#8221;<\/a> av Anna Singer, professor i familjer\u00e4tt vid Uppsala universitet:<\/p>\n<p>&nbsp;<\/p>\n<strong><em>&#8211; N\u00e4r man g\u00f6r samarbetsf\u00f6rm\u00e5ga till ett kriterium s\u00e5 har man gett den icke samarbetsvilliga f\u00f6r\u00e4ldern ett vapen. Att \u00e5stadkomma samarbetssv\u00e5righeter \u00e4r v\u00e4ldigt enkelt. Det \u00e4r bara att s\u00e4ga nej till allting.<\/em><\/strong>\n<strong>\u2217<\/strong>\nFia Sander, som i samverkan med f\u00f6rfattaren Veronika Axelsson och\u00a0fr\u00e5n sin egen djupt k\u00e4nda erfarenhet myntat det talande begreppet <strong>efterv\u00e5ldet,\u00a0<\/strong>har ocks\u00e5 redogjort f\u00f6r hur dess uttryck kan se ut\u00a0med f\u00f6ljande specifikationer. Erfarenheter, som alla de mammor som fyllt i enk\u00e4terna till v\u00e5rt upprop, v\u00e4l k\u00e4nner igen.\n<h2 data-offset-key=\"fogun-0-0\"><\/h2>\n\u00c4ven efter separation har v\u00e5ldsut\u00f6varen behov av den kontroll som ut\u00f6vas med v\u00e5ld. Om v\u00e5ldet varit fysiskt och intensivt skadande kan efterv\u00e5ldet vara sv\u00e5rt att uppt\u00e4cka och sv\u00e5rt eller om\u00f6jligt att bevisa och f\u00f6rhindra. V\u00e5ldsut\u00f6varen har oftast utarbetat en noggrann framf\u00f6rh\u00e5llning i sitt f\u00f6rsvar gentemot uppt\u00e4ckt av\/anklagelser om efterv\u00e5ld; <strong>vanligast \u00e4r konstruktionen av offret som &#8221;psykiskt labil&#8221; <\/strong>och som v\u00e5ldsut\u00f6varen sett till att etablera redan i det inledande stadiet av relationen.\n\u00a0\n<p><strong>Ut\u00f6vande av efterv\u00e5ld kan utm\u00e4rkas av f\u00f6ljande taktiker och strategier:<\/strong><\/p>\n<strong>F\u00f6rtalskampanjer<\/strong>; v\u00e5ldsut\u00f6varen sprider rykten och smutskastar dig i de omgivningar du f\u00f6rs\u00f6ker r\u00f6ra dig i. Kan innefatta din familj, dina barn, arbete, grannskap, barnens skola, v\u00e4nner.\n\u00a0\n<strong>Undanh\u00e5llande av information<\/strong>; detta p\u00e5g\u00e5r ofta \u00e4ven i relationen och tar n\u00e5got andra former efter separationen. V\u00e5ldsut\u00f6varen kan beslagta din post, er gemensamma post\/mail, information fr\u00e5n barnens skolor, kontaktf\u00f6rs\u00f6k\/\u00f6verenskommelser fr\u00e5n familj\/v\u00e4nner\/arbete. Resulterar i att du missk\u00f6ter din ekonomi, dina barns utveckling, ditt sociala n\u00e4tverk och arbete. F\u00f6rekommer ocks\u00e5 att v\u00e5ldsut\u00f6varen g\u00f6r \u00f6verenskommelser i ditt namn.\n\u00a0\n<strong>Hot\/repressalier<\/strong>; V\u00e5ldsut\u00f6varen forts\u00e4tter att skapa och ge dig hotbilder genom att exempelvis garantera att du ska br\u00e4gdas om livet, ditt liv ska saboteras och att du aldrig mer ska kunna r\u00f6ra dig fritt. Iscens\u00e4tts av att v\u00e5ldsut\u00f6varen l\u00e5ter dig se tecken av honom\/kumpaner i din direkta n\u00e4rhet; bil, lappar, bes\u00f6k hos grannar, gestalter utanf\u00f6r f\u00f6nstret, bud fr\u00e5n barnen.\n\u00a0\n<strong>Gaslighting<\/strong>; \u00e4ven denna v\u00e5ldsform kan forts\u00e4tta i efterv\u00e5ldsperiod. V\u00e5ldsut\u00f6varen beslagtar\/g\u00f6mmer sm\u00e5 materiella ting s\u00e5som barnens uteleksaker, cyklar, blomkrukor. \u00c4ven barnens kl\u00e4der, leksaker, skolb\u00f6cker\/gympapsar o.dyl. kan beslagtas med resultat att du tvivlar p\u00e5 dig sj\u00e4lv.\n\u00a0\n<strong>Sabotage\/skadeg\u00f6relse<\/strong>; Bil, cyklar, d\u00f6rrl\u00e5s, f\u00f6nsterhakar och andra n\u00f6dv\u00e4ndigheter saboteras eller \u00e5samkas sv\u00e5ruppt\u00e4ckta skador. Kan resultera i trafikfara med lossade f\u00e4lgar eller d\u00e4ckbultar, elfel, trasiga bromsar och \u00e5samkar stor ekonomisk skada.\n\u00a0\n<strong>Anv\u00e4nda barnen som vapen<\/strong>; v\u00e5ldsut\u00f6varen skr\u00e4mmer, hotar eller mutar barnen att uppf\u00f6ra sig destruktivt. Exempelvis kan v\u00e5ldsut\u00f6vares barn \u00e4gna hela sin uppv\u00e4xt \u00e5t att &#8221;skydda&#8221; sin familj fr\u00e5n hot om livet eller &#8221;mindre&#8221; skador som att familjemedlemmar kommer att bli arga, ledsna, slagna, retade med mera om inte barnet f\u00f6ljer v\u00e5ldsut\u00f6varens instruktioner. Resulterar i sj\u00e4lvskadebeteende, prestations\u00e5ngest, kriminalitet, mobbing, utanf\u00f6rskap, kroppsfixering, fobier, konfliktr\u00e4dsla, medberoende och mycket mera.\n\u00a0\n<strong>Ekonomiskt v\u00e5ld<\/strong>: V\u00e5ldsut\u00f6varen kan sabotera dina m\u00f6jligheter att arbeta genom att svika barnen i sista minuten eller under din arbetstid, l\u00e4mna barnen och informera dig om akutsituationen, hota med att g\u00f6ra barnen skada, sabotera ditt fordon, skr\u00e4mma dig att ta andra v\u00e4gar till ditt arbete, plantera f\u00f6rtalskampanjer p\u00e5 din arbetsplats. Undanh\u00e5lla\/minska underh\u00e5ll och sabotera dina m\u00f6jligheter till underh\u00e5llsst\u00f6d fr\u00e5n F\u00f6rs\u00e4kringskassan, ta ut f\u00f6r\u00e4ldradagar\/VAB n\u00e4r barnen \u00e4r sjuka och sabotera dina m\u00f6jligheter att ta ut VAB, g\u00f6ra falskanm\u00e4lningar till F\u00f6rs\u00e4kringskassan om bostadsbidragsunderlag m.m.\nBest\u00e4lla varor\/tj\u00e4nster i ditt namn, beslagta fakturor och \u00e5samka dig inkasso- och kreditsv\u00e5rigeter. Sabotera fordon eller andra materiella n\u00f6dv\u00e4ndigheter (ex. elm\u00e4tare, bensintank, barnens busskort\/cyklar\/kl\u00e4der) f\u00f6r \u00e5terkommande extra utgiftsp\u00e5slag.\n\u00a0\n<h2 data-offset-key=\"cl0r7-0-0\">R\u00e4ttsv\u00e4sendet till\u00e5ter lagf\u00f6ring av vissa kriterier av v\u00e5ldsut\u00f6vning s\u00e5som fysiskt, materiellt, emotionellt, f\u00f6rtal inom begreppet relationsv\u00e5ld. Att skaffa h\u00e5llbara bevisteman f\u00f6r detta \u00e4r sv\u00e5rt, d\u00e5 en v\u00e5ldsut\u00f6vare oftast skapar sitt f\u00f6rsvar i f\u00f6rv\u00e4g, och att identifiera efterv\u00e5ld \u00e4r \u00e4n mer problematiskt. <\/h2>\n\u00a0\n<h2 data-offset-key=\"a0cq0-0-0\">I fall av nedlagda \u00e5tal i brist p\u00e5 bevis torde en identifiering av efterv\u00e5ld vara intressant f\u00f6r brottsstatistiken.<\/h2>\n\t<h3>Fenomenet &#8221;efterv\u00e5ld&#8221; \u00e4r dessutom inte ok\u00e4nt, utan identifierat och rubricerat som &#8221;postseparationell ofrid&#8221; och kartlagt \u00a0i denna avhandling av dr Linn\u00e9a Bruno:<\/h3>\n<p><a href=\"https:\/\/docplayer.se\/32405608-Ofridstid-faders-vald-staten-och-den-separerande-familjen-linnea-bruno-doktorand-i-sociologi.html\">OFRIDSTID F\u00e4ders v\u00e5ld, staten och den separerande familjen. Linn\u00e9a Bruno Doktorand i sociologi<\/a><\/p>\n<p>&#8221;Genom att manipulera myndigheter och anv\u00e4nda sin ekonomiska makt kan en v\u00e5ldsam pappa forts\u00e4tta ofreda mamman och barnet \u00e4ven om de har l\u00e4mnat honom. F\u00f6r en man med h\u00f6g social status och ett svenskklingande namn \u00e4r \u00f6vertaget \u00e4nnu st\u00f6rre. Det visar Linn\u00e9a Bruno i en ny avhandling.&#8221;<\/p>\n<p><a href=\"https:\/\/www.etc.se\/inrikes\/mannens-fortryck-fortsatter-aven-om-kvinnan-gor-slut\">Mannens f\u00f6rtryck forts\u00e4tter &#8211; \u00e4ven om kvinnan g\u00f6r slut 2016<\/a><\/p>\n<p><a href=\"https:\/\/feministisktperspektiv.se\/2016\/02\/19\/ofriden-tar-inte-slut-nar-kvinnor-lamnar-mannen-som-slar\/?\">Ofriden tar inte slut n\u00e4r kvinnor l\u00e4mnar m\u00e4nnen som sl\u00e5r<\/a><\/p>\n<p>&nbsp;<\/p>\n<h2><a href=\"https:\/\/uu.diva-portal.org\/smash\/get\/diva2:878656\/FULLTEXT01.pdf?fbclid=IwAR1XkONwkVBw6LfpTt0YAemMm9k3-PEFXqhbMckpZW3oDBhMi0nFw-geBG4\">L\u00e4nk till avhandlingen &gt;<\/a><\/h2>\n<p>&nbsp;<\/p>\n\t<h2><em>L\u00e4nkar till alla sidor p\u00e5 denna hemsida<\/em><\/h2>\n<p>&nbsp;<\/p>\n<p><em><a href=\"http:\/\/mmstudies.com\/atb\/\">ABOUT<\/a><\/em><\/p>\n<p>&nbsp;<\/p>\n<p><em><a href=\"http:\/\/mmstudies.com\/eftervaldet\/\">AKTION #efterv\u00e5ldet mot samh\u00e4llsskadlig myndighetsut\u00f6vning<\/a><\/em><\/p>\n<p>&nbsp;<\/p>\n<p><em><a href=\"http:\/\/mmstudies.com\/eftervaldet\/\">KRITIK M\u00c5LS\u00c4TTNING OCH KRAV<\/a><\/em><\/p>\n<p>&nbsp;<\/p>\n<p><em><a href=\"http:\/\/mmstudies.com\/eftervaldet\/definition\">EFTERV\u00c5LD &#8211; DEFINITION <\/a><\/em><\/p>\n<p>&nbsp;<\/p>\n<p><em><a href=\"http:\/\/mmstudies.com\/eftervaldet\/inforlivat\/\">BEGREPPET EFTERV\u00c5LD INF\u00d6RLIVAT I DEN DEN OFFENTLIGA DISKURSEN<\/a><\/em><\/p>\n<p>&nbsp;<\/p>\n<p><em><a href=\"http:\/\/mmstudies.com\/eftervaldet\/upprop\">AKTION #efterv\u00e5ldets UPPROP<\/a><\/em><\/p>\n<p>&nbsp;<\/p>\n<p><em><a href=\"http:\/\/mmstudies.com\/eftervaldet\/roster\/\">R\u00d6STER FR\u00c5N AKTION #efterv\u00e5ldets UPPROP<\/a><\/em><\/p>\n<p>&nbsp;<\/p>\n<p><em><a href=\"http:\/\/mmstudies.com\/eftervaldet\/soc\/\">UTSKICK TILL SOCIALUTSKOTTET<\/a><\/em><\/p>\n<p>&nbsp;<\/p>\n<p><a href=\"http:\/\/mmstudies.com\/eftervaldet\/presentation\"><em>PRESENTATION AV #efterv\u00e5ldets \u00d6VERGRIPANDE UPPL\u00c4GG, KRITK, \u00a0FAKTA OCH KUNSKAPSUNDERLAG<\/em><\/a><\/p>\n<p>&nbsp;<\/p>\n<p><a href=\"http:\/\/mmstudies.com\/eftervaldet\/enkatsvar\"><em>ENK\u00c4TSVAR fr\u00e5n 16 f\u00f6r\u00e4ldrar utsatta f\u00f6r DV \/ CA \u00a0&amp; EFTERV\u00c5LD<\/em><\/a><\/p>\n<p>&nbsp;<\/p>\n<p><a href=\"http:\/\/mmstudies.com\/eftervaldet\/ipe-analys\/\"><em>IDEOLOGISK, POLITISK, EKONOMISK ANALYS<\/em><\/a><\/p>\n<p>&nbsp;<\/p>\n<p><em><a href=\"http:\/\/mmstudies.com\/eftervaldet\/falsk-varu\/\">MYNDIGHETSUT\u00d6VNING MED FALSK VARUDEKLARATION<\/a><\/em><\/p>\n<p>&nbsp;<\/p>\n<p><a href=\"http:\/\/mmstudies.com\/eftervaldet\/hum-faltet\/\"><em>1) Bristande kompetens att hantera komplext systemrelaterade problemst\u00e4llningar inom det humanvetenskapliga f\u00e4ltet<\/em><\/a><\/p>\n<p>&nbsp;<\/p>\n<p><em><a href=\"http:\/\/mmstudies.com\/eftervaldet\/spraklig\/\">2) Bristande spr\u00e5klig precisering, avgr\u00e4nsning och stringens<\/a><\/em><\/p>\n<p>&nbsp;<\/p>\n<p><a href=\"http:\/\/mmstudies.com\/eftervaldet\/tllampning\/\"><em>3) Bristande omd\u00f6me i fr\u00e5ga om till\u00e4mpningen av g\u00e4llande lag i F\u00f6r\u00e4ldrabalken och FN:s barnkonvention<\/em><\/a><\/p>\n<p>&nbsp;<\/p>\n<p><a href=\"http:\/\/mmstudies.com\/eftervaldet\/fakta\/\"><em>FAKTA-OCH KUNSKAPSUNDERLAG<\/em><\/a><\/p>\n<p>&nbsp;<\/p>\n<p><a href=\"http:\/\/mmstudies.com\/eftervaldet\/forbigas\/\"><em>ANGEL\u00c4GEN FORSKNING OCH VETENSKAP SOM F\u00d6RBIG\u00c5S<\/em><\/a><\/p>\n<p>&nbsp;<\/p>\n<p><a href=\"http:\/\/mmstudies.com\/eftervaldet\/granskning-domar\/\"><em>SAMMANFATTNING AV MARIA KARLSSONS GRANSKNING AV DOMAR<\/em><\/a><\/p>\n<p>&nbsp;<\/p>\n<p><a href=\"http:\/\/mmstudies.com\/eftervaldet\/domar-vsnr\/\"><em>Domar vari pappor gjort sig skyldiga till DV \/ AC<\/em><\/a><\/p>\n<p>&nbsp;<\/p>\n<p><em><a href=\"http:\/\/mmstudies.com\/eftervaldet\/pavarka\/\">Domar vari mammor tros &#8221;p\u00e5verka&#8221;, &#8221;dra in barn i konflikten&#8221;, inte kunna &#8221;samarbeta&#8221; pga att &#8221;ha fel inst\u00e4llning till pappan&#8221;, etc<\/a><\/em><\/p>\n<p>&nbsp;<\/p>\n<p><em><a href=\"http:\/\/mmstudies.com\/eftervaldet\/boss\/\">BRUTALISTEN MATS SJ\u00d6STEN &#8211; BOSS<\/a> <a href=\"http:\/\/mmstudies.com\/eftervaldet\/boss\/\">\u00d6VER V\u00c5RDNADSM\u00c5L SEDAN 90-talet<\/a><\/em><\/p>\n<p>&nbsp;<\/p>\n<p><a href=\"http:\/\/mmstudies.com\/eftervaldet\/statliga\/\"><em>DE STATLIGA V\u00c5RDNADSUTEDNINGARNA<\/em><\/a><\/p>\n<p>&nbsp;<\/p>\n<p><a href=\"http:\/\/mmstudies.com\/eftervaldet\/framsta-expert\/\"><em>LANDETS FR\u00c4MSTA EXPERT P\u00c5 V\u00c5RDNADSM\u00c5L<\/em><\/a><\/p>\n<p>&nbsp;<\/p>\n<p><a href=\"http:\/\/mmstudies.com\/eftervaldet\/granskning-ms\/\"><em>AVSL\u00d6JANDE GRANSKNING AV MATS SJ\u00d6STENS DOM I VARBERGFALLET<\/em><\/a><\/p>\n<p>&nbsp;<\/p>\n<p><em><a href=\"http:\/\/mmstudies.com\/eftervaldet\/fallet-maria2\/\">Varbergsm\u00e5let:<\/a><\/em><\/p>\n<p>&nbsp;<\/p>\n<p><a href=\"http:\/\/mmstudies.com\/eftervaldet\/lambertz\/\"><em>MAILV\u00c4XLING MED LAGMAN MATS SJ\u00d6STEN OCH HOVR\u00c4TTSASSESSOR KARIN LAMBERTZ<\/em><\/a><\/p>\n<p>&nbsp;<\/p>\n<p><em><a href=\"http:\/\/mmstudies.com\/eftervaldet\/bk\/\">MATS SJ\u00d6STEN OM FN:s BARNKONVENTION<\/a><\/em><\/p>\n<p>&nbsp;<\/p>\n<p><em><a href=\"http:\/\/mmstudies.com\/eftervaldet\/kopta\">K\u00d6PTA S.K. UTREDARE \/ MEDLARE och VITTNESPSYKOLOGER <\/a><a href=\"http:\/\/mmstudies.com\/eftervaldet\/kopta\">MED FALSK VARUDEKLARATION<\/a><\/em><\/p>\n<p>&nbsp;<\/p>\n<p><a href=\"http:\/\/mmstudies.com\/eftervaldet\/ful\/\"><em>LENA HELLBLOM SJ\u00d6GRENS FALSKA RETORIK<\/em><\/a><\/p>\n<p>&nbsp;<\/p>\n<p><a href=\"http:\/\/mmstudies.com\/eftervaldet\/fsr\/\"><em>Lobbar Familjer\u00e4ttssocionomernas Riksf\u00f6rbund f\u00f6r PA(S) i hemlighet?<\/em><\/a><\/p>\n<p>&nbsp;<\/p>\n<p><em><a href=\"http:\/\/mmstudies.com\/eftervaldet\/robson\/\">Carolin Robsons hemst\u00e4llan till myndigheterna ang\u00e5ende PA(S)-relaterad myndighetsut\u00f6vning<\/a><\/em><\/p>\n<p><em>\u00a0<\/em><\/p>\n<p><em><a href=\"http:\/\/mmstudies.com\/eftervaldet\/pas-manualen\/\">PA(S)-MANUALEN<\/a><\/em><\/p>\n<p>&nbsp;<\/p>\n<p><em><a href=\"http:\/\/mmstudies.com\/eftervaldet\/vic\">DEN 7-\u00e5rige VICTORS FALL &#8211; \u00c4NNU ETT FALL MED LENA HELLBLOM SJ\u00d6GRENS INBLANDNING\u00a0<\/a><\/em><\/p>\n<p>&nbsp;<\/p>\n<p><a href=\"http:\/\/mmstudies.com\/eftervaldet\/artiklar\"><em>ARTIKLAR<\/em><\/a><\/p>\n<p>&nbsp;<\/p>\n<p><a href=\"http:\/\/mmstudies.com\/eftervaldet\/jenny-orn\"><i>1. Jenny \u00d6rns fall<\/i><\/a><\/p>\n<p><i>2 .<\/i><a href=\"http:\/\/mmstudies.com\/eftervaldet\/maria-a-artikel\"><i>F\u00f6r\u00e4ldern Maria A:s fall publicerad i Aftonbladet 2017.<\/i><\/a><i>\u00a0<\/i><\/p>\n<p><a href=\"http:\/\/mmstudies.com\/eftervaldet\/lenas-fall\/\"><i>3.Trebarnsmamman Lenas fall<\/i><\/a><\/p>\n<p><a href=\"http:\/\/mmstudies.com\/eftervaldet\/svea-hovratt\/\"><i>4. Svea Hovr\u00e4ttsm\u00e5let med Thomas Bodstr\u00f6m som mammans ombud<\/i><\/a><\/p>\n<p><i>5. <\/i><a href=\"http:\/\/mmstudies.com\/eftervaldet\/fallet-maria2\/\"><i>V\u00e5rdnadsm\u00e5let vid \u00a0Varbergs tings\u00e4tt och Mats Sj\u00f6sten som domare<\/i><\/a><\/p>\n<p><a href=\"http:\/\/mmstudies.com\/eftervaldet\/suicidal\/\"><i>6) 12-\u00e5rig suicidal pojke tv\u00e5ngsf\u00f6rflyttas till sin f\u00f6r\u00f6vare<\/i><\/a><\/p>\n<p><a href=\"http:\/\/mmstudies.com\/eftervaldet\/anna-elias\/\"><i>7) Fallet Anna och Elias<\/i><\/a><\/p>\n<p><em>8) Den 7-\u00e5rige Victors fall<\/em><\/p>\n<p><em><a href=\"http:\/\/mmstudies.com\/eftervaldet\/enkatsvar\/\">Mammors rapporter i 16 enk\u00e4tsvar<\/a><\/em><\/p>\n<p>&nbsp;<\/p>\n<p><em><a href=\"http:\/\/mmstudies.com\/eftervaldet\/vic\/\">DEN 7-\u00e5rige VICTORS FALL &#8211; \u00c4NNU ETT FALL MED LENA HELLBLOM SJ\u00d6GRENS INBLANDNING\u00a0<\/a><\/em><\/p>\n<p>&nbsp;<\/p>\n<p><em><a href=\"http:\/\/mmstudies.com\/eftervaldet\/lindas-brev\/\">LINDAS BREV RILL SVERIGE<\/a><\/em><\/p>\n<p>&nbsp;<\/p>\n<p><em><a href=\"http:\/\/mmstudies.com\/eftervaldet\/bodin\/\">17 L\u00d6GNER I SVT \/ \u00a0BO G\u00d6RAN BODIN \/ BR\u00c5NSTADS \u00a0&#8221;ATT R\u00c4DDA ETT BARN&#8221;, INKLUSIVE UNDANH\u00c5LLANDE OCH SELEKTIVT URVAL AV FAKTA<\/a><\/em><\/p>\n<p>&nbsp;<\/p>\n<p><em><a href=\"http:\/\/mmstudies.com\/eftervaldet\/sjalv\/\">SJ\u00c4LVBIOGRAFIER AV UTGIVNA AV F\u00d6R\u00c4LDRAR UTSATTA F\u00d6R DV \/ CA &amp;\u00a0EFTERV\u00c5LD<\/a><\/em><\/p>\n<p>&nbsp;<\/p>\n<p><em><a href=\"http:\/\/mmstudies.com\/eftervaldet\/veronica\/\">VERONICA AXELSSON &#8211; DET H\u00c4NDER INTE MIG<\/a><\/em><\/p>\n<p>&nbsp;<\/p>\n<p><em>___________________________________<\/em><\/p>\n\n<p>&nbsp;<\/p>\n<h3><em>\u00d6vriga hemsidor:<\/em><\/h3>\n<p>&nbsp;<\/p>\n<p><em><a href=\"http:\/\/mmstudies.com\/sallberg\">JUSTITIEMORDET P\u00c5 CARINA S\u00c4LLBERG<\/a><\/em><\/p>\n<p>&nbsp;<\/p>\n<p><em><a href=\"http:\/\/mmstudies.com\/radda\">ANALYS AV SVT \/ BODINS &#8221;ATT R\u00c4DDA ETT BARN&#8221;<\/a><\/em><\/p>\n<p>&nbsp;<\/p>\n<p><em><a href=\"http:\/\/mmstudies.com\/sol\">TON\u00c5RSFLICKORNA SARA OCH LINDAS BER\u00c4TTELSE OM SIN R\u00c4TTSL\u00d6SHET<\/a><\/em><\/p>\n<p>&nbsp;<\/p>\n<p><em><a href=\"http:\/\/mmstudies.com\/mammamanualen\">MAMMA-MANUALEN<\/a><\/em><\/p>\n\t<p><em><a href=\"http:\/\/mmstudies.com\/atb\/\">ABOUT<\/a><\/em><\/p>\n<p>&nbsp;<\/p>\n<p><em><a href=\"http:\/\/mmstudies.com\/eftervaldet\/\">AKTION #efterv\u00e5ldet mot samh\u00e4llsskadlig myndighetsut\u00f6vning<\/a><\/em><\/p>\n<p>&nbsp;<\/p>\n<p><em><a href=\"http:\/\/mmstudies.com\/eftervaldet\/\">KRITIK M\u00c5LS\u00c4TTNING OCH KRAV<\/a><\/em><\/p>\n<p>&nbsp;<\/p>\n<p><em><a href=\"http:\/\/mmstudies.com\/eftervaldet\/definition\">EFTERV\u00c5LD &#8211; DEFINITION <\/a><\/em><\/p>\n<p>&nbsp;<\/p>\n<p><em><a href=\"http:\/\/mmstudies.com\/eftervaldet\/inforlivat\/\">BEGREPPET EFTERV\u00c5LD INF\u00d6RLIVAT I DEN DEN OFFENTLIGA DISKURSEN<\/a><\/em><\/p>\n<p>&nbsp;<\/p>\n<p><em><a href=\"http:\/\/mmstudies.com\/eftervaldet\/upprop\">AKTION #efterv\u00e5ldets UPPROP<\/a><\/em><\/p>\n<p>&nbsp;<\/p>\n<p><em><a href=\"http:\/\/mmstudies.com\/eftervaldet\/roster\/\">R\u00d6STER FR\u00c5N AKTION #efterv\u00e5ldets UPPROP<\/a><\/em><\/p>\n<p>&nbsp;<\/p>\n<p><em><a href=\"http:\/\/mmstudies.com\/eftervaldet\/soc\/\">UTSKICK TILL SOCIALUTSKOTTET<\/a><\/em><\/p>\n<p>&nbsp;<\/p>\n<p><a href=\"http:\/\/mmstudies.com\/eftervaldet\/presentation\"><em>PRESENTATION AV #efterv\u00e5ldets \u00d6VERGRIPANDE UPPL\u00c4GG, KRITK, \u00a0FAKTA OCH KUNSKAPSUNDERLAG<\/em><\/a><\/p>\n<p>&nbsp;<\/p>\n<p><a href=\"http:\/\/mmstudies.com\/eftervaldet\/enkatsvar\"><em>ENK\u00c4TSVAR fr\u00e5n 16 f\u00f6r\u00e4ldrar utsatta f\u00f6r VDV \/ CA &amp; EFTERV\u00c5LD<\/em><\/a><\/p>\n<p>&nbsp;<\/p>\n<p><a href=\"http:\/\/mmstudies.com\/eftervaldet\/ipe-analys\/\"><em>IDEOLOGISK, POLITISK, EKONOMISK ANALYS<\/em><\/a><\/p>\n<p>&nbsp;<\/p>\n<p><em><a href=\"http:\/\/mmstudies.com\/eftervaldet\/falsk-varu\/\">MYNDIGHETSUT\u00d6VNING MED FALSK VARUDEKLARATION<\/a><\/em><\/p>\n<p>&nbsp;<\/p>\n<p><a href=\"http:\/\/mmstudies.com\/eftervaldet\/hum-faltet\/\"><em>1) Bristande kompetens att hantera komplext systemrelaterade problemst\u00e4llningar inom det humanvetenskapliga f\u00e4ltet<\/em><\/a><\/p>\n<p>&nbsp;<\/p>\n<p><em><a href=\"http:\/\/mmstudies.com\/eftervaldet\/spraklig\/\">2) Bristande spr\u00e5klig precisering, avgr\u00e4nsning och stringens<\/a><\/em><\/p>\n<p>&nbsp;<\/p>\n<p><a href=\"http:\/\/mmstudies.com\/eftervaldet\/tllampning\/\"><em>3) Bristande omd\u00f6me i fr\u00e5ga om till\u00e4mpningen av g\u00e4llande lag i F\u00f6r\u00e4ldrabalken och FN:s barnkonvention<\/em><\/a><\/p>\n<p>&nbsp;<\/p>\n<p><a href=\"http:\/\/mmstudies.com\/eftervaldet\/fakta\/\"><em>FAKTA-OCH KUNSKAPSUNDERLAG<\/em><\/a><\/p>\n<p>&nbsp;<\/p>\n<p><a href=\"http:\/\/mmstudies.com\/eftervaldet\/forbigas\/\"><em>ANGEL\u00c4GEN FORSKNING OCH VETENSKAP SOM F\u00d6RBIG\u00c5S<\/em><\/a><\/p>\n<p>&nbsp;<\/p>\n<p><a href=\"http:\/\/mmstudies.com\/eftervaldet\/granskning-domar\/\"><em>SAMMANFATTNING AV MARIA KARLSSONS GRANSKNING AV DOMAR<\/em><\/a><\/p>\n<p>&nbsp;<\/p>\n<p><a href=\"http:\/\/mmstudies.com\/eftervaldet\/domar-vsnr\/\"><em>Domar vari pappor gjort sig skyldiga till DV \/ AC<\/em><\/a><\/p>\n<p>&nbsp;<\/p>\n<p><em><a href=\"http:\/\/mmstudies.com\/eftervaldet\/pavarka\/\">Domar vari mammor tros &#8221;p\u00e5verka&#8221;, &#8221;dra in barn i konflikten&#8221;, inte kunna &#8221;samarbeta&#8221; pga att &#8221;ha fel inst\u00e4llning till pappan&#8221;, etc<\/a><\/em><\/p>\n<p>&nbsp;<\/p>\n<p><em><a href=\"http:\/\/mmstudies.com\/eftervaldet\/boss\/\">BRUTALISTEN MATS SJ\u00d6STEN &#8211; BOSS<\/a> <a href=\"http:\/\/mmstudies.com\/eftervaldet\/boss\/\">\u00d6VER V\u00c5RDNADSM\u00c5L SEDAN 90-talet<\/a><\/em><\/p>\n<p>&nbsp;<\/p>\n<p><a href=\"http:\/\/mmstudies.com\/eftervaldet\/statliga\/\"><em>DE STATLIGA V\u00c5RDNADSUTEDNINGARNA<\/em><\/a><\/p>\n<p>&nbsp;<\/p>\n<p><a href=\"http:\/\/mmstudies.com\/eftervaldet\/framsta-expert\/\"><em>LANDETS FR\u00c4MSTA EXPERT P\u00c5 V\u00c5RDNADSM\u00c5L<\/em><\/a><\/p>\n<p>&nbsp;<\/p>\n<p><a href=\"http:\/\/mmstudies.com\/eftervaldet\/granskning-ms\/\"><em>AVSL\u00d6JANDE GRANSKNING AV MATS SJ\u00d6STENS DOM I VARBERGFALLET<\/em><\/a><\/p>\n<p>&nbsp;<\/p>\n<p><em><a href=\"http:\/\/mmstudies.com\/eftervaldet\/fallet-maria2\/\">Varbergsm\u00e5let:<\/a><\/em><\/p>\n<p>&nbsp;<\/p>\n<p><a href=\"http:\/\/mmstudies.com\/eftervaldet\/lambertz\/\"><em>MAILV\u00c4XLING MED LAGMAN MATS SJ\u00d6STEN OCH HOVR\u00c4TTSASSESSOR KARIN LAMBERTZ<\/em><\/a><\/p>\n<p>&nbsp;<\/p>\n<p><em><a href=\"http:\/\/mmstudies.com\/eftervaldet\/bk\/\">MATS SJ\u00d6STEN OM FN:s BARNKONVENTION<\/a><\/em><\/p>\n<p>&nbsp;<\/p>\n<p><em><a href=\"http:\/\/mmstudies.com\/eftervaldet\/kopta\">K\u00d6PTA S.K. UTREDARE \/ MEDLARE och VITTNESPSYKOLOGER <\/a><a href=\"http:\/\/mmstudies.com\/eftervaldet\/kopta\">MED FALSK VARUDEKLARATION<\/a><\/em><\/p>\n<p>&nbsp;<\/p>\n<p><a href=\"http:\/\/mmstudies.com\/eftervaldet\/ful\/\"><em>LENA HELLBLOM SJ\u00d6GRENS FALSKA RETORIK<\/em><\/a><\/p>\n<p>&nbsp;<\/p>\n<p><a href=\"http:\/\/mmstudies.com\/eftervaldet\/fsr\/\"><em>Lobbar Familjer\u00e4ttssocionomernas Riksf\u00f6rbund f\u00f6r PA(S) i hemlighet?<\/em><\/a><\/p>\n<p>&nbsp;<\/p>\n<p><em><a href=\"http:\/\/mmstudies.com\/eftervaldet\/robson\/\">Carolin Robsons hemst\u00e4llan till myndigheterna ang\u00e5ende PA(S)-relaterad myndighetsut\u00f6vning<\/a><\/em><\/p>\n<p><em>\u00a0<\/em><\/p>\n<p><em><a href=\"http:\/\/mmstudies.com\/eftervaldet\/pas-manualen\/\">PA(S)-MANUALEN<\/a><\/em><\/p>\n<p>&nbsp;<\/p>\n<p><em><a href=\"http:\/\/mmstudies.com\/eftervaldet\/vic\">DEN 7-\u00e5rige VICTORS FALL &#8211; \u00c4NNU ETT FALL MED LENA HELLBLOM SJ\u00d6GRENS INBLANDNING\u00a0<\/a><\/em><\/p>\n<p>&nbsp;<\/p>\n<p><a href=\"http:\/\/mmstudies.com\/eftervaldet\/artiklar\"><em>ARTIKLAR<\/em><\/a><\/p>\n<p>&nbsp;<\/p>\n<p><a href=\"http:\/\/mmstudies.com\/eftervaldet\/jenny-orn\"><i>1. Jenny \u00d6rns fall<\/i><\/a><\/p>\n<p><i>2 .<\/i><a href=\"http:\/\/mmstudies.com\/eftervaldet\/maria-a-artikel\"><i>F\u00f6r\u00e4ldern Maria A:s fall publicerad i Aftonbladet 2017.<\/i><\/a><i>\u00a0<\/i><\/p>\n<p><a href=\"http:\/\/mmstudies.com\/eftervaldet\/lenas-fall\/\"><i>3.Trebarnsmamman Lenas fall<\/i><\/a><\/p>\n<p><a href=\"http:\/\/mmstudies.com\/eftervaldet\/svea-hovratt\/\"><i>4. Svea Hovr\u00e4ttsm\u00e5let med Thomas Bodstr\u00f6m som mammans ombud<\/i><\/a><\/p>\n<p><i>5. <\/i><a href=\"http:\/\/mmstudies.com\/eftervaldet\/fallet-maria2\/\"><i>V\u00e5rdnadsm\u00e5let vid \u00a0Varbergs tings\u00e4tt och Mats Sj\u00f6sten som domare<\/i><\/a><\/p>\n<p><a href=\"http:\/\/mmstudies.com\/eftervaldet\/suicidal\/\"><i>6) 12-\u00e5rig suicidal pojke tv\u00e5ngsf\u00f6rflyttas till sin f\u00f6r\u00f6vare<\/i><\/a><\/p>\n<p><a href=\"http:\/\/mmstudies.com\/eftervaldet\/anna-elias\/\"><i>7) Fallet Anna och Elias<\/i><\/a><\/p>\n<p><em>8) Den 7-\u00e5rige Victors fall<\/em><\/p>\n<p><em><a href=\"http:\/\/mmstudies.com\/eftervaldet\/enkatsvar\/\">Mammors rapporter i 16 enk\u00e4tsvar<\/a><\/em><\/p>\n<p>&nbsp;<\/p>\n<p><em><a href=\"http:\/\/mmstudies.com\/eftervaldet\/vic\/\">DEN 7-\u00e5rige VICTORS FALL &#8211; \u00c4NNU ETT FALL MED LENA HELLBLOM SJ\u00d6GRENS INBLANDNING\u00a0<\/a><\/em><\/p>\n<p>&nbsp;<\/p>\n<p><em><a href=\"http:\/\/mmstudies.com\/eftervaldet\/lindas-brev\/\">LINDAS BREV RILL SVERIGE<\/a><\/em><\/p>\n<p>&nbsp;<\/p>\n<p><em><a href=\"http:\/\/mmstudies.com\/eftervaldet\/bodin\/\">17 L\u00d6GNER I SVT \/ \u00a0BO G\u00d6RAN BODIN \/ BR\u00c5NSTADS \u00a0&#8221;ATT R\u00c4DDA ETT BARN&#8221;, INKLUSIVE UNDANH\u00c5LLANDE OCH SELEKTIVT URVAL AV FAKTA<\/a><\/em><\/p>\n<p>&nbsp;<\/p>\n<p><em><a href=\"http:\/\/mmstudies.com\/eftervaldet\/sjalv\/\">SJ\u00c4LVBIOGRAFIER AV UTGIVNA AV F\u00d6R\u00c4LDRAR UTSATTA F\u00d6R DV \/ CA &amp;\u00a0EFTERV\u00c5LD<\/a><\/em><\/p>\n<p>&nbsp;<\/p>\n<p><em><a href=\"http:\/\/mmstudies.com\/eftervaldet\/veronica\/\">VERONICA AXELSSON &#8211; DET H\u00c4NDER INTE MIG<\/a><\/em><\/p>\n<p>&nbsp;<\/p>\n<p><em>___________________________________<\/em><\/p>\n\n<p>&nbsp;<\/p>\n<h3><em>\u00d6vriga hemsidor:<\/em><\/h3>\n<p>&nbsp;<\/p>\n<p><em><a href=\"http:\/\/mmstudies.com\/sallberg\">JUSTITIEMORDET P\u00c5 CARINA S\u00c4LLBERG<\/a><\/em><\/p>\n<p>&nbsp;<\/p>\n<p><em><a href=\"http:\/\/mmstudies.com\/radda\">ANALYS AV SVT \/ BODINS &#8221;ATT R\u00c4DDA ETT BARN&#8221;<\/a><\/em><\/p>\n<p>&nbsp;<\/p>\n<p><em><a href=\"http:\/\/mmstudies.com\/sol\">TON\u00c5RSFLICKORNA SARA OCH LINDAS BER\u00c4TTELSE OM SIN R\u00c4TTSL\u00d6SHET<\/a><\/em><\/p>\n<p>&nbsp;<\/p>\n<p><em><a href=\"http:\/\/mmstudies.com\/mammamanualen\">MAMMA-MANUALEN<\/a><\/em><\/p>\n\n","protected":false},"excerpt":{"rendered":"<p>D E F I N I T I O N \u00a0 A V \u00a0 B E G R E P P E T\u00a0 \u00a0 Den v\u00e5ldsut\u00f6vning som f\u00f6ljer p\u00e5 separationen &#8211; och som i den nuvarande familjer\u00e4ttsliga diskursen omtolkas som uttryck f\u00f6r bristande &#8221;samarbete&#8221; och en &#8221;konflikt&#8221; som i p\u00e5fallande m\u00e5nga \u00a0fall mamman g\u00f6rs mest&#8230;<\/p>\n","protected":false},"author":1,"featured_media":0,"parent":0,"menu_order":0,"comment_status":"closed","ping_status":"closed","template":"full-width-page.php","meta":{"footnotes":""},"class_list":["post-312","page","type-page","status-publish","hentry"],"_links":{"self":[{"href":"http:\/\/mmstudies.com\/eftervaldet\/wp-json\/wp\/v2\/pages\/312","targetHints":{"allow":["GET"]}}],"collection":[{"href":"http:\/\/mmstudies.com\/eftervaldet\/wp-json\/wp\/v2\/pages"}],"about":[{"href":"http:\/\/mmstudies.com\/eftervaldet\/wp-json\/wp\/v2\/types\/page"}],"author":[{"embeddable":true,"href":"http:\/\/mmstudies.com\/eftervaldet\/wp-json\/wp\/v2\/users\/1"}],"replies":[{"embeddable":true,"href":"http:\/\/mmstudies.com\/eftervaldet\/wp-json\/wp\/v2\/comments?post=312"}],"version-history":[{"count":40,"href":"http:\/\/mmstudies.com\/eftervaldet\/wp-json\/wp\/v2\/pages\/312\/revisions"}],"predecessor-version":[{"id":4288,"href":"http:\/\/mmstudies.com\/eftervaldet\/wp-json\/wp\/v2\/pages\/312\/revisions\/4288"}],"wp:attachment":[{"href":"http:\/\/mmstudies.com\/eftervaldet\/wp-json\/wp\/v2\/media?parent=312"}],"curies":[{"name":"wp","href":"https:\/\/api.w.org\/{rel}","templated":true}]}}