{"id":1198,"date":"2018-11-11T10:38:31","date_gmt":"2018-11-11T10:38:31","guid":{"rendered":"http:\/\/mmstudies.com\/mammamanualen\/?page_id=1198"},"modified":"2024-01-04T21:08:43","modified_gmt":"2024-01-04T21:08:43","slug":"eskilstunamodellen","status":"publish","type":"page","link":"http:\/\/mmstudies.com\/mammamanualen\/eskilstunamodellen\/","title":{"rendered":"ESKILSTUNAMODELLEN"},"content":{"rendered":"\n\n\n\t<h1>E S K I L S T U N A M O D E L L E N<\/h1>\n<h2>Texten h\u00e4mtad ur &#8221;Mot dessa v\u00e5ra minsta&#8221;, <\/h2>\n<h2>1990 Monica Dahstr\u00f6m-Lannes och R\u00e4dda Barnen<\/h2>\n\n","protected":false},"excerpt":{"rendered":"<p>E S K I L S T U N A M O D E L L E N Texten h\u00e4mtad ur &#8221;Mot dessa v\u00e5ra minsta&#8221;, 1990 Monica Dahstr\u00f6m-Lannes och R\u00e4dda Barnen<\/p>\n","protected":false},"author":1,"featured_media":0,"parent":0,"menu_order":0,"comment_status":"closed","ping_status":"closed","template":"full-width-page.php","meta":{"footnotes":""},"class_list":["post-1198","page","type-page","status-publish","hentry"],"_links":{"self":[{"href":"http:\/\/mmstudies.com\/mammamanualen\/wp-json\/wp\/v2\/pages\/1198","targetHints":{"allow":["GET"]}}],"collection":[{"href":"http:\/\/mmstudies.com\/mammamanualen\/wp-json\/wp\/v2\/pages"}],"about":[{"href":"http:\/\/mmstudies.com\/mammamanualen\/wp-json\/wp\/v2\/types\/page"}],"author":[{"embeddable":true,"href":"http:\/\/mmstudies.com\/mammamanualen\/wp-json\/wp\/v2\/users\/1"}],"replies":[{"embeddable":true,"href":"http:\/\/mmstudies.com\/mammamanualen\/wp-json\/wp\/v2\/comments?post=1198"}],"version-history":[{"count":19,"href":"http:\/\/mmstudies.com\/mammamanualen\/wp-json\/wp\/v2\/pages\/1198\/revisions"}],"predecessor-version":[{"id":2477,"href":"http:\/\/mmstudies.com\/mammamanualen\/wp-json\/wp\/v2\/pages\/1198\/revisions\/2477"}],"wp:attachment":[{"href":"http:\/\/mmstudies.com\/mammamanualen\/wp-json\/wp\/v2\/media?parent=1198"}],"curies":[{"name":"wp","href":"https:\/\/api.w.org\/{rel}","templated":true}]}}