{"id":658,"date":"2018-03-13T22:31:04","date_gmt":"2018-03-13T22:31:04","guid":{"rendered":"http:\/\/mmstudies.com\/mammamanualen\/?page_id=658"},"modified":"2023-08-26T14:52:52","modified_gmt":"2023-08-26T14:52:52","slug":"lhs-cv","status":"publish","type":"page","link":"http:\/\/mmstudies.com\/mammamanualen\/lhs-cv\/","title":{"rendered":"Leg. psykolog (?) Lena Hellblom Sj\u00f6grens CV"},"content":{"rendered":"\n\n\t<h1>LENA HELLBLOM SJ\u00d6GRENS CV<\/h1>\n<h2>L E G. \u00a0P S Y K O L O G ?<\/h2>\n<p>&nbsp;<\/p>\n\t\t\t\t<img loading=\"lazy\" decoding=\"async\" src=\"http:\/\/mmstudies.com\/mammamanualen\/wp-content\/uploads\/sites\/11\/2023\/08\/Skarmavbild-2023-08-25-kl.-22.34.02.png\" alt=\"Sk\u00e4rmavbild 2023-08-25 kl. 22.34.02\" itemprop=\"image\" height=\"624\" width=\"773\" title=\"Sk\u00e4rmavbild 2023-08-25 kl. 22.34.02\" onerror=\"this.style.display='none'\"  \/>\n\t<p>Lena Hellblom Sj\u00f6gren injuden till <a href=\"https:\/\/www.rattsstatensvanner.se\/sem_111121.html?fbclid=IwAR2WdoOTdScXQAomwZTqfCqlvj6wqxxflrRTXT1ZejXSkp0lfZIxDMn7Fv4\">Stiftelsen R\u00e4ttsstatens V\u00e4nner<\/a>\u00a0 att h\u00e5lla f\u00f6redrag om PA(S), p\u00e5 ett seminarium den 21 nov 2011 om <b>Barnen i R\u00e4ttssamh\u00e4llet och det forskningsprojekt som <\/b>stiftelsen bekostat och LHS \u00e4gnat tre \u00e5rs tid:<a href=\"https:\/\/www.bokus.com\/bok\/9789163738463\/barnets-ratt-till-familjeliv-25-svenska-fallstudier-av-foraldraalienation\/\">\u00a0Barnets r\u00e4tt till familjeliv: 25 svenska fallstudier av f\u00f6r\u00e4ldraalienation<\/a>. Mer info om denna sammankomst finns p\u00e5 hemsidan: <a href=\"http:\/\/mmstudies.com\/eftervaldet\/ful\">Sagor &#8211; inte vetenskap: Lena Hellbom Sj\u00f6grens falska retorik\u00a0\u00a0<\/a><\/p>\n\t<h1><a href=\"https:\/\/foraldraalienation.wordpress.com\/2014\/11\/04\/vem-ar-lena-hellblom-sjogren\/\">LENA HELLBLOM SJ\u00d6GRENS CV<\/a><\/h1>\n<p>Vikten av Lena Hellblom Sj\u00f6grens outtr\u00f6ttliga arbete att sprida sitt f\u00f6r\u00f6dande hokuspokus om PAS till \u00a0ansvariga f\u00f6r utredning \/ handl\u00e4ggning vid familje &#8211; o tingsr\u00e4tt i fr\u00e5ga om brott &#8211; och tvistem\u00e5l med en problematik i v\u00e5ld och sexuella \u00f6vergrepp i n\u00e4ra relation, kan inte nog understrykas. Efter att ha tagit del av ett aldrig sinande antal domar, vari m\u00f6drar, utefter en n\u00e4rmast rutinm\u00e4ssigt bokstavsenlig tolkning och till\u00e4mpning av PAS-manualen d\u00f6mts ut som psykiskt labila, l\u00f6mskt l\u00f6gnaktiga och svartsjukt ogina att dela med sig av umg\u00e4nget med sina barn till f\u00e4derna, framg\u00e5r med all \u00f6nskv\u00e4rd tydlighet att det \u00e4r den allm\u00e4nna trosuppfattning som f\u00f6retr\u00e4ds av dessa myndighetsut\u00f6vare idag.<\/p>\n<p>D\u00e4rvidlag tycks det inte spela n\u00e5gon roll att \u00a0b\u00e5de riksdag och regering, BO och Socialstyrelsen underk\u00e4nt den kvasivetenskapliga fejk-teori som PA(S) utg\u00f6r och dess falskt f\u00f6rljugna h\u00e4x-detektors-manual PARQ och liknande. Det g\u00f6rs \u00e4nd\u00e5, men kallas d\u00e5 inte vid dess r\u00e4tta namn.<\/p>\n<p>Redan 1991 utf\u00e4rdade Socialstyrelsen dessa f\u00f6reskrifter och \u00e4nd\u00e5 har Lena Hellblom Sj\u00f6gren, trots hennes \u00a0bristf\u00e4lliga utbildning och kompetens f\u00f6r \u00e4ndam\u00e5let i fr\u00e5ga, \u00e4nnu inte upph\u00f6rt med sitt ljusskygga gesch\u00e4ft som &#8221;vittnespsykolog&#8221; i civil &#8211; och brottsm\u00e5l vari f\u00e4der \/ m\u00e4n som st\u00e5r anklagade f\u00f6r incest och sexuella \u00f6vergrepp p\u00e5 minder\u00e5riga och hon som av ren princip tycks underl\u00e5ta att ta barnens ber\u00e4ttelser p\u00e5 allvar, oavsett. Dessa bortf\u00f6rklaras med \u00a0hj\u00e4lp av id\u00e9n om <strong>PAS: Parental Alienation Syndrome;<\/strong> som ist\u00e4llet f\u00f6rl\u00e4gger problemen hos mamman: det \u00e4r hon som \u00e4r <strong>den egentliga f\u00f6r\u00f6varen<\/strong>, som ut\u00f6var v\u00e5ld mot barnet genom att ha f\u00f6r avsikt att sk\u00e4rma det fr\u00e5n umg\u00e4nge med fadern.<\/p>\n<p>&nbsp;<\/p>\n<h2><a href=\"http:\/\/mmstudies.com\/pas\">L\u00e4s mer om PAS h\u00e4r\u00bb<\/a><\/h2>\n<p>&nbsp;<\/p>\n<h2><a href=\"https:\/\/avskildabarn.se\/2017\/03\/07\/cv-for-lena-hellblom-sjogren-related-to-pa\/\">Citat fr\u00e5n Lena Hellblom Sj\u00f6grens hemsida:<\/a><\/h2>\n<p>&#8221;Lena Hellblom Sj\u00f6gren is a researcher and licensed psychologist since 1975, and practicing since 1991 as an investigative forensic psychologist in her own company called Testimonia. Mostly she undertakes investigations in complicated custody and sexual abuse cases, and after that she is called to present and to answer questions regarding her written statements based on her investigations in court. She is also asked to give witness in general on the topic of separating children without justified cause from a loved and loving parent and influence the children to reject the parent (parents) they have been separated from (parental alienation, PA).<\/p>\n<p>Since the beginning of the 1990&#8217;s Lena Hellblom Sj\u00f6gren\u00b4s focus has been on what is now mostly called Parental Alienation. There is a worldwide agreement growing among researchers and practitioners that it can be argued that it is psychological abuse of children to separate them from a parent without justified cause and to influence them to reject that parent. When the child has incorporated the fictive construction of that parent as dangerous or worthless, the child fully rejects that parent and allies totally with the controlling parent. This is the severe form of Parental Alienation, also sometimes called parental alienation syndrome or PAS.&#8221;<\/p>\n\t\t\t\t<img loading=\"lazy\" decoding=\"async\" src=\"http:\/\/mmstudies.com\/mammamanualen\/wp-content\/uploads\/sites\/11\/2023\/08\/Skarmklipp-2019-09-14-22.49.01.png\" alt=\"Sk\u00e4rmklipp-2019-09-14-22.49.01\" itemprop=\"image\" height=\"1024\" width=\"871\" title=\"Sk\u00e4rmklipp-2019-09-14-22.49.01\" onerror=\"this.style.display='none'\"  \/>\n\t<h2>Allm\u00e4nna r\u00e5d fr\u00e5n socialstyrelsen 1991:3<\/h2>\n<p>&#8221;Det \u00e4r helt oacceptabelt att r\u00e4ttss\u00e4kerheten s\u00e4tts ur spel genom att misstankar om sexuella \u00f6vergrepp utreds av personer som varken har erforderlig kunskap i psykologi eller om barn. Enligt socialstyrelsens mening b\u00f6r vittnespsykologiska utredningar vid sexuella \u00f6vergrepp mot barn utf\u00f6ras enbart av legitimerade psykologer. Vidare b\u00f6r utredningarna g\u00f6ras av personer som har kunskap om och erfarenhet av arbete med barn. Detta har fastslagits \u00e4ven av Sveriges Psykologf\u00f6rbund.&#8221;<\/p>\n<h2>&#8217;Stort krav m\u00e5ste st\u00e4llas p\u00e5 psykologens kunskaper om barns psykiska utveckling och reaktioner, behov och avvikelser samt om familjedynamik och, i f\u00f6rekommande fall, om de speciella sv\u00e5righeter som ett barn st\u00e4lls inf\u00f6r vid fall av sexuella \u00f6vergrepp inom familjen.&#8217;<\/h2>\n<h2>Enligt socialstyrelsens mening b\u00f6r s\u00e5ledes vittnespsykologiska utredningar g\u00f6ras av barnpsykologer med vittnespsykologisk p\u00e5byggnadsutbildning.&#8221;<\/h2>\n<p>Men \u00a0det \u00e4r n\u00e5got som \u00e4r <strong><em>v\u00e4ldigt konstigt<\/em> <\/strong>med Lena Hellblom Sj\u00f6bergs utbildning i f\u00f6rh\u00e5llande till den legitimation som hon har f\u00e5tt utverkad, f\u00f6rst fr\u00e5n Psykologf\u00f6rbundet p\u00e5 70-talet (vid tv\u00e5 olika tillf\u00e4llen dessutom; f\u00f6rsta g\u00e5ngen 1973 och andra 1975) och sen \u00e4ven av Socialstyrelsen i slutet p\u00e5 80-talet, som framg\u00e5r i de dokument som kan erh\u00e5llas fr\u00e5n arkivet p\u00e5 fr\u00e5n Socialstyrelsen. Och hur man bland dem \u00e4n letar efter en grundl\u00e4ggande psykologutbildning, som ju tar fem \u00e5r i anspr\u00e5k, plus ett \u00e5rs praktik, dvs med det nutida po\u00e4ngsystemet r\u00e4knat; 360 p sammanlagt, p\u00e5finns ingenting annat \u00e4n en kurs i psykologi p\u00e5 80 po\u00e4ng, vilket med det gamla po\u00e4ngssystemet r\u00e4knat utg\u00f6r tv\u00e5 \u00e5rs studier.<\/p>\n<p>P\u00e5 Psykologf\u00f6rbundet har de heller ingen bra f\u00f6rklaring till det hela; mer \u00e4n att det p\u00e5 70-talet delvis r\u00e5dde andra best\u00e4mmelser till grund f\u00f6r utverkandet av deras legitimation. De st\u00e4llde sig emellertid tveksamma till att den skulle kunna ha varit s\u00e5 kort och ihopplockad litet hipp som happ som ju LHS:s psykologi- och p\u00e5byggnadsutbildningar tycks vara.<\/p>\n<p>Det som framkommer i handlingarna \u00e4r en specialkurs i psykologi p\u00e5 pedagogiska institutionen i Uppsala. D\u00e4r har hon har bl a haft samma l\u00e4rare som jag n\u00e4r jag l\u00e4ste p\u00e5 musikpedagogik; Birgitta Qvarsell i utvecklingspsykologi och professor Per Johan \u00d6dman i hermeneutik (l\u00e4ran om tolkning som metod). S\u00e5ledes skulle jag lika g\u00e4rna kunna kalla mig psykolog, eftersom jag d\u00e4rut\u00f6ver har l\u00e4st musikpsykologi i tv\u00e5 \u00e5r.<\/p>\n<p>Psykologf\u00f6rbundets legitimation inhiberades emellertid senare med anledning av de stora bristerna i LHS:s iblandning i de r\u00e4ttsliga fall i vilka hon medverkat i egenskap av sakkunnigvittne och utredare och vid upprepade tillf\u00e4llen blivit kritiserad f\u00f6r intellektuell ohederlighet, bristande kompetens och ett oetiskt f\u00f6rfarande.<\/p>\n<p>Mer om det, p\u00e5 denna sida:<\/p>\n<h3><a href=\"http:\/\/mmstudies.com\/mammamanualen\/lhs-kritik\"> Lena Hellblom Sj\u00f6gren, Kritik\u00a0\u00bb<\/a><\/h3>\n<p>N\u00e5gon klinisk erfarenhet av arbete med barn har hon dessutom inte heller, efter vad jag kan f\u00f6rst\u00e5, eftersom arbete som skolkurator inte r\u00e4knas som s\u00e5dant.<\/p>\n<p>Kursen i vittnespsykologi vid STHLMS universitet som anges i p\u00e5 hennes hemsida tycks inte ha varit alltf\u00f6r omfattande och det finns ingen information som anger att den skulle ha haft en specifik inriktning p\u00e5 just vittnesf\u00f6rh\u00f6r med barn som blivit utsatta \u00a0sexuella \u00f6vergrepp:<\/p>\n<h3><a href=\"https:\/\/foraldraalienation.wordpress.com\/2014\/11\/04\/vem-ar-lena-hellblom-sjogren\/\">Citat fr\u00e5n LHS:s hemsida\u00a0\u00bb<\/a><\/h3>\n<p>&#8221;N\u00e4r jag i mogen \u00e5lder blivit mor p\u00e5 nytt gick jag 1990\/91 en ett\u00e5rig post doktor utbildning i tolkningsmetodik och vittnespsykologi. Jag samlade texter fr\u00e5n 1842-1992 och sammanst\u00e4lldes dessa till folkskolans 150-\u00e5rsjubileum (1992. Hellblom Sj\u00f6gren, L. Kunskap, bildning, demokrati. 3V-V\u00e4rna V\u00e5rda V\u00f6rda-f\u00f6rlaget).&#8221;<\/p>\n<h3>Eftersom fr\u00e5gorna kring LHS:s utbildning och legitimation varit m\u00e5nga, var resultatet av mina efterforskningar synnerligen intressanta, n\u00e4r jag slutligen fick tag p\u00e5 de h\u00e4r dokumenten fr\u00e5n Socialstyrelsen arkiv:<\/h3>\n<p>Kanske n\u00e5gon annan \u00e4r b\u00e4ttre p\u00e5 att tolka dem \u00e4n jag? F\u00f6r det h\u00e4r var r\u00f6rigt v\u00e4rre.<\/p>\n\n\t\t\t\t<img loading=\"lazy\" decoding=\"async\" src=\"http:\/\/mmstudies.com\/mammamanualen\/wp-content\/uploads\/sites\/11\/2018\/03\/1-c9e00a22e7.jpg\" alt=\"1-c9e00a22e7\" itemprop=\"image\" height=\"1277\" width=\"904\" title=\"1-c9e00a22e7\" onerror=\"this.style.display='none'\"  \/>\n\t\t\t\t<img loading=\"lazy\" decoding=\"async\" src=\"http:\/\/mmstudies.com\/mammamanualen\/wp-content\/uploads\/sites\/11\/2018\/03\/Sk\u00e4rmavbild-2018-03-23-kl.-15.22.05.png\" alt=\"Sk\u00e4rmavbild 2018-03-23 kl. 15.22.05\" itemprop=\"image\" height=\"848\" width=\"781\" title=\"Sk\u00e4rmavbild 2018-03-23 kl. 15.22.05\" onerror=\"this.style.display='none'\"  \/>\n\t\t\t\t<img loading=\"lazy\" decoding=\"async\" src=\"http:\/\/mmstudies.com\/mammamanualen\/wp-content\/uploads\/sites\/11\/2018\/03\/Sk\u00e4rmavbild-2018-03-23-kl.-15.22.31.png\" alt=\"Sk\u00e4rmavbild 2018-03-23 kl. 15.22.31\" itemprop=\"image\" height=\"849\" width=\"780\" title=\"Sk\u00e4rmavbild 2018-03-23 kl. 15.22.31\" onerror=\"this.style.display='none'\"  \/>\n\t\t\t\t<img loading=\"lazy\" decoding=\"async\" src=\"http:\/\/mmstudies.com\/mammamanualen\/wp-content\/uploads\/sites\/11\/2018\/03\/Sk\u00e4rmavbild-2018-03-30-kl.-11.01.31.png\" alt=\"Sk\u00e4rmavbild 2018-03-30 kl. 11.01.31\" itemprop=\"image\" height=\"849\" width=\"780\" title=\"Sk\u00e4rmavbild 2018-03-30 kl. 11.01.31\" onerror=\"this.style.display='none'\"  \/>\n\t\t\t\t<img loading=\"lazy\" decoding=\"async\" src=\"http:\/\/mmstudies.com\/mammamanualen\/wp-content\/uploads\/sites\/11\/2018\/03\/Sk\u00e4rmavbild-2018-03-30-kl.-11.01.14.png\" alt=\"Sk\u00e4rmavbild 2018-03-30 kl. 11.01.14\" itemprop=\"image\" height=\"855\" width=\"786\" title=\"Sk\u00e4rmavbild 2018-03-30 kl. 11.01.14\" onerror=\"this.style.display='none'\"  \/>\n\t\t\t\t<img loading=\"lazy\" decoding=\"async\" src=\"http:\/\/mmstudies.com\/mammamanualen\/wp-content\/uploads\/sites\/11\/2018\/03\/Sk\u00e4rmavbild-2018-03-23-kl.-15.23.25.png\" alt=\"Sk\u00e4rmavbild 2018-03-23 kl. 15.23.25\" itemprop=\"image\" height=\"855\" width=\"784\" title=\"Sk\u00e4rmavbild 2018-03-23 kl. 15.23.25\" onerror=\"this.style.display='none'\"  \/>\n\t\t\t\t<img loading=\"lazy\" decoding=\"async\" src=\"http:\/\/mmstudies.com\/mammamanualen\/wp-content\/uploads\/sites\/11\/2018\/03\/Sk\u00e4rmavbild-2018-03-23-kl.-15.23.37.png\" alt=\"Sk\u00e4rmavbild 2018-03-23 kl. 15.23.37\" itemprop=\"image\" height=\"850\" width=\"777\" title=\"Sk\u00e4rmavbild 2018-03-23 kl. 15.23.37\" onerror=\"this.style.display='none'\"  \/>\n\t\t\t\t<img loading=\"lazy\" decoding=\"async\" src=\"http:\/\/mmstudies.com\/mammamanualen\/wp-content\/uploads\/sites\/11\/2018\/03\/Sk\u00e4rmavbild-2018-03-23-kl.-15.24.09.png\" alt=\"Sk\u00e4rmavbild 2018-03-23 kl. 15.24.09\" itemprop=\"image\" height=\"854\" width=\"785\" title=\"Sk\u00e4rmavbild 2018-03-23 kl. 15.24.09\" onerror=\"this.style.display='none'\"  \/>\n\t\t\t\t<img loading=\"lazy\" decoding=\"async\" src=\"http:\/\/mmstudies.com\/mammamanualen\/wp-content\/uploads\/sites\/11\/2018\/03\/Sk\u00e4rmavbild-2018-03-23-kl.-15.23.51.png\" alt=\"Sk\u00e4rmavbild 2018-03-23 kl. 15.23.51\" itemprop=\"image\" height=\"847\" width=\"777\" title=\"Sk\u00e4rmavbild 2018-03-23 kl. 15.23.51\" onerror=\"this.style.display='none'\"  \/>\n\t\t\t\t<img loading=\"lazy\" decoding=\"async\" src=\"http:\/\/mmstudies.com\/mammamanualen\/wp-content\/uploads\/sites\/11\/2018\/03\/Sk\u00e4rmavbild-2018-03-23-kl.-15.24.26.png\" alt=\"Sk\u00e4rmavbild 2018-03-23 kl. 15.24.26\" itemprop=\"image\" height=\"817\" width=\"784\" title=\"Sk\u00e4rmavbild 2018-03-23 kl. 15.24.26\" onerror=\"this.style.display='none'\"  \/>\n\t\t\t\t<img loading=\"lazy\" decoding=\"async\" src=\"http:\/\/mmstudies.com\/mammamanualen\/wp-content\/uploads\/sites\/11\/2018\/03\/Sk\u00e4rmavbild-2018-03-30-kl.-11.00.58.png\" alt=\"Sk\u00e4rmavbild 2018-03-30 kl. 11.00.58\" itemprop=\"image\" height=\"844\" width=\"787\" title=\"Sk\u00e4rmavbild 2018-03-30 kl. 11.00.58\" onerror=\"this.style.display='none'\"  \/>\n\t\t\t\t<img loading=\"lazy\" decoding=\"async\" src=\"http:\/\/mmstudies.com\/mammamanualen\/wp-content\/uploads\/sites\/11\/2018\/03\/Sk\u00e4rmavbild-2018-03-30-kl.-11.01.43.png\" alt=\"Sk\u00e4rmavbild 2018-03-30 kl. 11.01.43\" itemprop=\"image\" height=\"819\" width=\"785\" title=\"Sk\u00e4rmavbild 2018-03-30 kl. 11.01.43\" onerror=\"this.style.display='none'\"  \/>\n\t<p>&nbsp;<\/p>\n<p>&nbsp;<\/p>\n<p><em><a href=\"http:\/\/mmstudies.com\/mammamanualen\/therese\/\">THERESE ANDERSSONS FALL<\/a><\/em><\/p>\n<p>&nbsp;<\/p>\n<p><em><a href=\"http:\/\/mmstudies.com\/mammamanualen\/berattelser\/\">Ber\u00e4ttelser ur verkliga live<\/a>t<\/em><\/p>\n<p><i>_________________________________________<\/i><\/p>\n<p><em><a href=\"http:\/\/mmstudies.com\/mammamanualen\/artiklar\/\">MONICA DAHLSTR\u00d6M-LANNES \/ artiklar<\/a><\/em><\/p>\n<p>&nbsp;<\/p>\n<p><em><a href=\"http:\/\/mmstudies.com\/mammamanualen\/eskilstunamodellen\/\">ESKILSTUNAMODELLEN<\/a><\/em><\/p>\n<p>&nbsp;<\/p>\n<p><em><a href=\"http:\/\/mmstudies.com\/mammamanualen\/lambertz\/\">MONICA DAHLSTR\u00d6M-LANNES \/ skrivelse till JK G\u00f6ran Lambertz<\/a><\/em><\/p>\n<p><em>&#8212;&#8212;&#8212;&#8212;&#8212;&#8211;<\/em><\/p>\n<p><em><a href=\"http:\/\/mmstudies.com\/mammamanualen\/pas\/\">FAKTA OM PAS-Parental Alienation Syndrome<\/a><\/em><\/p>\n<p>&nbsp;<\/p>\n<p><em><a href=\"http:\/\/mmstudies.com\/mammamanualen\/gardner\/\">RICHARD GARDNER &#8211; upphovsmannen till PAS -konceptet<\/a><\/em><\/p>\n<p>&nbsp;<\/p>\n<p><em><a href=\"http:\/\/mmstudies.com\/mammamanualen\/foresprakare\/\">PAS-f\u00f6respr\u00e5kare p\u00e5 hemmaplan<\/a><\/em><\/p>\n<p><em>__________________________________________<\/em><\/p>\n<p><em><a href=\"http:\/\/mmstudies.com\/mammamanualen\/lastips\/\">L\u00c4STIPS<\/a><\/em><\/p>\n<p>&nbsp;<\/p>\n<p><em><a href=\"http:\/\/mmstudies.com\/mammamanualen\/hello-world\/\">BLOGG<\/a><\/em><\/p>\n<p>________________________________________<\/p>\n<p><em><a href=\"http:\/\/mmstudies.com\/mammamanualen\/sou-2017\/\">SOU 2017 Se barnet!<\/a><\/em><\/p>\n<p>&nbsp;<\/p>\n<p><em>REMISSYTTRANDEN:<\/em><\/p>\n<p>&nbsp;<\/p>\n<p><em><a href=\"http:\/\/mmstudies.com\/mammamanualen\/brys-remiss\/\">BRY:s yttrande \u00f6ver bet\u00e4nkandet\u00a0Se barnet! (SOU 2017:6)<\/a><\/em><\/p>\n<p><em><a href=\"http:\/\/mmstudies.com\/mammamanualen\/kvinnofronten\/\">Kvinnofrontens Yttrande\u00a0\u00f6ver SOU 2017:6 &#8211; &#8221;Se barnet&#8221; &#8211; Dnr. Ju2017\/01226\/L2<\/a><\/em><\/p>\n<p><em><a href=\"http:\/\/mmstudies.com\/mammamanualen\/roks-remiss\/\">Roks remissvar, SE barnet SOU 20017:6<\/a><\/em><\/p>\n<p><em><a href=\"http:\/\/mmstudies.com\/mammamanualen\/unizon\/\">Unizons remissvar p\u00e5 bet\u00e4nkandet Se barnet SOU 2017:6.<\/a><\/em><\/p>\n<p><em><a href=\"http:\/\/mmstudies.com\/mammamanualen\/bos-remiss\/\">BARNOMBUDSMANNENS\u00a0REMISSVAR 2017-05-29\u00a0Dnr 3.9:0203\/17<\/a><\/em><\/p>\n<p><em><a href=\"http:\/\/mmstudies.com\/mammamanualen\/pappa-barns-remiss\/\">PappaBarns yttrande<\/a><\/em><\/p>\n<p>___________________________________________<\/p>\n<p><a href=\"http:\/\/mmstudies.com\/mammamanualen\/mail\/\"><em>Mailv\u00e4xling med landets tingsr\u00e4tter<\/em><\/a><\/p>\n<p><em>_____________________________________________<\/em><\/p>\n<p><a href=\"http:\/\/mmstudies.com\/mammamanualen\/lhs-cv\/\"><em>Leg. psykolog (?) Lena Hellblom Sj\u00f6grens CV<\/em><\/a><\/p>\n<p><a href=\"http:\/\/mmstudies.com\/mammamanualen\/lhs-kritik\/\"><em>Lena Hellblom Sj\u00f6gren \/ Kritik<\/em><\/a><\/p>\n<p><em>____________________________________________<\/em><\/p>\n<p><a href=\"http:\/\/mmstudies.com\/mammamanualen\/mats-sjosten\/\"><em>LAGMAN MATS SJ\u00d6STEN &#8211; EXPERT P\u00c5 V\u00c5RDNADSM\u00c5L<\/em><\/a><\/p>\n<p>&nbsp;<\/p>\n<p><a href=\"http:\/\/mmstudies.com\/mammamanualen\/linn-pantzar\/\"><em>JO-anm\u00e4lan av r\u00e5dman Linn Pantzar f\u00f6r grova tj\u00e4nstefel<\/em><\/a><\/p>\n<p>&nbsp;<\/p>\n<p><a href=\"http:\/\/mmstudies.com\/mammamanualen\/anefur\/\"><em>R\u00e5dman Petter Anefur d\u00f6mer barn till tv\u00e5ngsumg\u00e4nge med f\u00f6r\u00f6vare<\/em><\/a><\/p>\n<p><em>___________________________________________<\/em><\/p>\n<p><a href=\"http:\/\/mmstudies.com\/mammamanualen\/emotionella-arvet\/\"><em>V\u00c4GEN VI ALDRIG TOG\u00a0 &#8211; ELLER DET EMOTIONELLA ARVET \/ artikel av Eva Moberg<\/em><\/a><\/p>\n<p>&nbsp;<\/p>\n\n","protected":false},"excerpt":{"rendered":"<p>LENA HELLBLOM SJ\u00d6GRENS CV L E G. \u00a0P S Y K O L O G ? &nbsp; Lena Hellblom Sj\u00f6gren injuden till Stiftelsen R\u00e4ttsstatens V\u00e4nner\u00a0 att h\u00e5lla f\u00f6redrag om PA(S), p\u00e5 ett seminarium den 21 nov 2011 om Barnen i R\u00e4ttssamh\u00e4llet och det forskningsprojekt som stiftelsen bekostat och LHS \u00e4gnat tre \u00e5rs tid:\u00a0Barnets r\u00e4tt till&#8230;<\/p>\n","protected":false},"author":1,"featured_media":0,"parent":0,"menu_order":0,"comment_status":"closed","ping_status":"closed","template":"full-width-page.php","meta":{"footnotes":""},"class_list":["post-658","page","type-page","status-publish","hentry"],"_links":{"self":[{"href":"http:\/\/mmstudies.com\/mammamanualen\/wp-json\/wp\/v2\/pages\/658","targetHints":{"allow":["GET"]}}],"collection":[{"href":"http:\/\/mmstudies.com\/mammamanualen\/wp-json\/wp\/v2\/pages"}],"about":[{"href":"http:\/\/mmstudies.com\/mammamanualen\/wp-json\/wp\/v2\/types\/page"}],"author":[{"embeddable":true,"href":"http:\/\/mmstudies.com\/mammamanualen\/wp-json\/wp\/v2\/users\/1"}],"replies":[{"embeddable":true,"href":"http:\/\/mmstudies.com\/mammamanualen\/wp-json\/wp\/v2\/comments?post=658"}],"version-history":[{"count":55,"href":"http:\/\/mmstudies.com\/mammamanualen\/wp-json\/wp\/v2\/pages\/658\/revisions"}],"predecessor-version":[{"id":2454,"href":"http:\/\/mmstudies.com\/mammamanualen\/wp-json\/wp\/v2\/pages\/658\/revisions\/2454"}],"wp:attachment":[{"href":"http:\/\/mmstudies.com\/mammamanualen\/wp-json\/wp\/v2\/media?parent=658"}],"curies":[{"name":"wp","href":"https:\/\/api.w.org\/{rel}","templated":true}]}}