{"id":994,"date":"2021-03-28T20:30:11","date_gmt":"2021-03-28T18:30:11","guid":{"rendered":"http:\/\/mmstudies.com\/pas\/?page_id=994"},"modified":"2024-05-24T12:47:26","modified_gmt":"2024-05-24T10:47:26","slug":"darvo","status":"publish","type":"page","link":"http:\/\/mmstudies.com\/pas\/darvo\/","title":{"rendered":"F\u00d6R\u00d6VAR-STRATEGIERNA DARVO"},"content":{"rendered":"\n\n\t\t\t\t<img loading=\"lazy\" decoding=\"async\" src=\"http:\/\/mmstudies.com\/pas\/wp-content\/uploads\/sites\/19\/2021\/03\/MARDROM..jpg\" alt=\"MARDR\u00d6M.\" itemprop=\"image\" height=\"804\" width=\"1024\" title=\"MARDR\u00d6M.\" onerror=\"this.style.display='none'\"  \/>\n\t<p>Konstverk av Issa<\/p>\n<p><a href=\"http:\/\/mmstudies.com\/atb\/\">Text av Gunilla Madeg\u00e5rd<\/a><\/p>\n\t<h2>F\u00d6R\u00d6VARSTRATEGIERNA DARVO: <br \/>\nDeny, Attack, Reverse Victim and Offender<\/h2>\n<h2>MMMM<\/h2>\n<h2>DARVO:<\/h2>\n<h3>Deny, Attack, Reverse Victim and Offender<\/h3>\n<p><b>Genom att utforska och ben\u00e4mna typiska f\u00f6r\u00f6varstrategier synligg\u00f6rs hur f\u00f6r\u00f6vare metodiskt f\u00f6rs\u00f6ker tysta sina offer och f\u00e5 dem att k\u00e4nna skuld.<\/b><\/p>\n<p>Varje enskild aspekt av Domestic Violence av typen Intimate Terrorism by Coercive Control\u00a0tycks snart sagt vara kartlagd i den forskning i \u00e4mnet som p\u00e5g\u00e5r i UK och USA:<\/p>\n<p>&nbsp;<\/p>\n<h3>Characteristics of Perpetrators of Violence<\/h3>\n<h2><a href=\"https:\/\/www.tandfonline.com\/doi\/full\/10.1080\/10926771.2017.1320777\">Perpetrator Responses to Victim Confrontation: DARVO and Victim Self-Blame<\/a><\/h2>\n<p><a href=\"https:\/\/www.tandfonline.com\/author\/Harsey%2C+Sarah+J\"><b>Sarah J. Harsey<\/b><\/a> <img decoding=\"async\" src=\"data:image\/png;base64,iVBORw0KGgoAAAANSUhEUgAAABAAAAAQCAYAAAAf8\/9hAAABYWlDQ1BrQ0dDb2xvclNwYWNlRGlzcGxheVAzAAAokWNgYFJJLCjIYWFgYMjNKykKcndSiIiMUmB\/yMAOhLwMYgwKicnFBY4BAT5AJQwwGhV8u8bACKIv64LMOiU1tUm1XsDXYqbw1YuvRJsw1aMArpTU4mQg\/QeIU5MLikoYGBhTgGzl8pICELsDyBYpAjoKyJ4DYqdD2BtA7CQI+whYTUiQM5B9A8hWSM5IBJrB+API1klCEk9HYkPtBQFul8zigpzESoUAYwKuJQOUpFaUgGjn\/ILKosz0jBIFR2AopSp45iXr6SgYGRiaMzCAwhyi+nMgOCwZxc4gxJrvMzDY7v\/\/\/\/9uhJjXfgaGjUCdXDsRYhoWDAyC3AwMJ3YWJBYlgoWYgZgpLY2B4dNyBgbeSAYG4QtAPdHFacZGYHlGHicGBtZ7\/\/9\/VmNgYJ\/MwPB3wv\/\/vxf9\/\/93MVDzHQaGA3kAFSFl7jXH0fsAAAA4ZVhJZk1NACoAAAAIAAGHaQAEAAAAAQAAABoAAAAAAAKgAgAEAAAAAQAAABCgAwAEAAAAAQAAABAAAAAAF51TyAAAAWpJREFUOBFjZEAD68+GJvxn\/B\/P8J\/BAUWKkeEA43\/GhYHGqxcgizPCOOvPRyj8\/\/tnPQMjgwFMDCv9n+ECIzNLYKDhigcgeSYQAdb87895kOZAo9UMmpIBDO8+fQZJYQKgmv9AtSA9IEmwAWCbGRgEMFXjFBGA6mFgBPuZ4f98mFJkm4X4eGHCDKzMHAy\/\/\/6A80EMRgbGRBZogMElkh12MNx4vpTh6M3FDCDvIINnH48znHswDW4QSC8LRmgj6wCy5x7wYAC5RIRHjcFYIY9BTzae4eyDmRBVwJgChwGaHqzcN19uATVOYpATckGRJ9oAkC6QIeiAJANA3kAHTMCgPIAuiI0PC4NH7\/YgpIF6WUDJ8z\/DfweEKCoLFCswAIqFS48XwrgMIL3gpLzuTAg4FcJliGEAk3SQyRpDcBiA0jZQzwdi9EHVfIDqgSRlUMZgZGIxBKaJCwQNAWUmoFpYZoLnRphGUrMzAA+jiDsiwDRGAAAAAElFTkSuQmCC\" alt=\"pastedGraphic.png\" \/>, <a href=\"https:\/\/www.tandfonline.com\/author\/Zurbriggen%2C+Eileen+L\">Eileen L. Zurbriggen<\/a> &amp; <a href=\"https:\/\/www.tandfonline.com\/author\/Freyd%2C+Jennifer+J\">Jennifer J. Freyd<\/a><\/p>\n<p>Pages 644-663 | Received 24 Sep 2016, Accepted 06 Apr 2017, Published online: 01 Jun 2017<\/p>\n<p>&nbsp;<\/p>\n<p>Perpetrators of violence often use a strategy of Deny, Attack, and Reverse Victim and Offender (DARVO) to confuse and silence their victims. Although some previous research has examined the individual elements of DARVO, this is the first study to directly examine DARVO as a unitary concept and to investigate how it relates to feelings of self-blame among victims. Subsequently, 138 undergraduate students were asked to report on a time they confronted an individual over a wrong-doing. DARVO was assessed with a new measure constructed for this study. Analyses revealed that: (1) DARVO was commonly used by individuals who were confronted; (2) women were more likely to be exposed to DARVO than men during confrontations; (3) the three components of DARVO were positively correlated, supporting the theoretical construction of DARVO; and (4) higher levels of exposure to DARVO during a confrontation were associated with increased perceptions of self-blame among the confronters. These results provide evidence for the existence of DARVO as a perpetrator strategy and establish a relationship between DARVO exposure and feelings of self-blame. Exploring DARVO aids in understanding how perpetrators are able to enforce victims&#8217; silence through the mechanism of self-blame.<\/p>\n<p>&nbsp;<\/p>\n<h3>MIN \u00d6VERS\u00c4TTNING:<\/h3>\n<p>F\u00f6r\u00f6vare anv\u00e4nder ofta en strategi f\u00f6r att f\u00f6rneka, attackera och l\u00e5ta offer och f\u00f6r\u00f6vare byta plats (DARVO) f\u00f6r att f\u00f6rvirra och tysta sina offer. \u00c4ven om en del tidigare unders\u00f6kningar har unders\u00f6kt de enskilda elementen i DARVO, \u00e4r detta den f\u00f6rsta studien som mer specifikt unders\u00f6ker <b>DARVO som ett enhetligt begrepp <\/b>och hur det kan v\u00e4cka till k\u00e4nslor av skuld hos offren. 138 grundstudenter ombads att rapportera om ett tillf\u00e4lle de konfronterat en individ med att ha handlat felaktigt. F\u00f6rekomsten av DARVO bed\u00f6mdes med en nytt m\u00e5tt konstruerat f\u00f6r denna studie. Analyser visade att: (1) DARVO ofta anv\u00e4nds av individer som blir konfronterade; (2) det var mer vanligt f\u00f6rekommande att kvinnor exponerades inf\u00f6r DARVO \u00e4n m\u00e4n under s\u00e5dana konfrontationer; (3) de tre komponenterna i DARVO var positivt korrelerade och st\u00f6dde den teoretiska konstruktionen av DARVO; och (4) h\u00f6gre niv\u00e5er av exponering inf\u00f6r DARVO under en konfrontation samvarierade med \u00f6kade skuldk\u00e4nslor hos dem som konfronterat. Resultaten ger bevis f\u00f6r f\u00f6rekomsten av DARVO som en f\u00f6r\u00f6varstrategi och etablerar ett samband mellan DARVO-exponering och k\u00e4nslor av skuld. <b>Att utforska DARVO kan bidra till f\u00f6rst\u00e5elsen \u00a0av hur f\u00f6r\u00f6vare f\u00f6rs\u00f6ker tysta och avv\u00e4pna sina offer genom att f\u00e5 dem att uppleva skuld. <\/b><\/p>\n<p>&nbsp;<\/p>\n<h2>Min kommentar:<\/h2>\n<h3>Det \u00e4r uppenbart att dessa strategier \u00e4ven har satts i system p\u00e5 h\u00f6gre mer \u00f6vergripande niv\u00e5 i den typ av maktut\u00f6vning som myndighetsut\u00f6vare i allians med PA(S)-lobbyister och f\u00f6r\u00f6vare tillgriper f\u00f6r att h\u00e5lla mammor p\u00e5 plats i den fadersr\u00e4ttsligt baserade samh\u00e4llshierarkin.<\/h3>\n<p>Den \u00e5 sin sida kan karakt\u00e4riseras av en fullst\u00e4ndigt upp och nerv\u00e4nd logik som finns redovisad p\u00e5 denna hemsida:<\/p>\n<h3><a href=\"http:\/\/mmstidies.com\/pas\/logik\">T\u00c5NK OM &#8211; T\u00c4NK TV\u00c4RTOM ! \u00bb<\/a><\/h3>\n<p>En enkel och kanske \u00e4n mer effektivt f\u00f6rtydligande manual till hj\u00e4lp f\u00f6r att r\u00e4tt kunna avkoda de budskap som vi matas med i det patriarkala husbondsv\u00e4lde som numera r\u00e4ttsv\u00e4sendet tycks ha tagit \u00f6ver fr\u00e5n kyrkan.<\/p>\n\t<h2>L\u00c4NKLISTA:<\/h2>\n<p>&nbsp;<\/p>\n<h3><em><a href=\"http:\/\/mmstudies.com\/pas\/\">I ) VAD \u00c4R\u00a0 PA(S)?<\/a><\/em><\/h3>\n<h3>I ) VAD \u00c4R PA(S)mmmm<\/h3>\n<p><em><a href=\"http:\/\/mmstudies.com\/pas\/svenskt\">SVENSKT AVST\u00c5NDSTAGANDE TILL PAS<\/a><\/em><\/p>\n<h3>mmmm<\/h3>\n<p><em><a href=\"http:\/\/mmstudies.com\/pas\/8\">R. A. GARDNERS 8 KRITERIER P\u00c5 UTSATTHET F\u00d6R PA(S)<\/a><\/em><\/p>\n<p>&nbsp;<\/p>\n<p><em><a href=\"http:\/\/mmstudies.com\/pas\/citat\">R.A. GARDNER &#8211; CITAT<\/a><\/em><\/p>\n<p>&nbsp;<\/p>\n<p><em><a href=\"http:\/\/mmstudies.com\/pas\/kontext\">HISTORISK \/ ANTROPOLOGISK \/ MYTOLOGISK \/ RELIGI\u00d6S KONTEXT TILL PA(S)<\/a><\/em><\/p>\n<p>&nbsp;<\/p>\n<p><em><a href=\"http:\/\/mmstudies.com\/pas\/reform\">JU FLER REFORMER &#8211; DESTO MER URHOLKAT R\u00c4TTSSKYDD<\/a><\/em><\/p>\n\n<h3>mmmm<\/h3>\n<h3><em><a href=\"http:\/\/mmstudies.com\/pas\/vetenskap\">II ) VETENSKAP ELLER VIDSKEPLIGA F\u00d6RVILLELSER<\/a><\/em><\/h3>\n<p>&nbsp;<\/p>\n<p><em><a href=\"http:\/\/mmstudies.com\/pas\/detekt\">DETEKTERING AV PA(S)<\/a><\/em><\/p>\n<p>&nbsp;<\/p>\n<p><em><a href=\"http:\/\/mmstudies.com\/pas\/darvo\">F\u00d6R\u00d6VARSTRATEGIERNA DARVO<\/a><\/em><\/p>\n<p>&nbsp;<\/p>\n<p><em><a href=\"http:\/\/mmstudies.com\/pas\/logik\">T\u00c4NK OM &#8211;\u00a0T\u00c4NK TV\u00c4RTOM<\/a><\/em><\/p>\n<p>&nbsp;<\/p>\n<p><em><a href=\"http:\/\/mmstudies.com\/pas\/rora\">EN TYDLIGG\u00d6RANDE BEGREPPSAPPARAT F\u00d6R ATT ST\u00c4DA UPP I PA(S)-LOBBYISMENS BEGREPPSR\u00d6RA<\/a><\/em><\/p>\n<p>&nbsp;<\/p>\n<p><em><a href=\"http:\/\/mmstudies.com\/pas\/kamp\">&#8221;K\u00d6NSKRIG&#8221; &#8211; ELLER KAMP F\u00d6R KVINNORS OCH BARNS M\u00c4NSKLIGA R\u00c4TTIGHETER<\/a><\/em><\/p>\n<p>&nbsp;<\/p>\n<h3><em><a href=\"http:\/\/mmstudies.com\/pas\/lytsy\">III ) LYTSY \/ BERGENSTEIN: BARN SOM TVINGAS V\u00c4LJA BORT EN F\u00d6R\u00c4LDER<\/a><\/em><\/h3>\n<p>&nbsp;<\/p>\n<p><em><a href=\"http:\/\/mmstudies.com\/pas\/rejmer\">ANNIKA REJMER &#8211; F\u00c5GEL ELLER FISK?<\/a><\/em><\/p>\n<p>&nbsp;<\/p>\n<p><em><a href=\"http:\/\/mmstudies.com\/pas\/singer\">FRU JUSTITIAS FAKTARESISTENS = &#8221;OBJEKTIVITET&#8221; ? INTERVJU MED ANNA SINGER<\/a><\/em><\/p>\n<p>&nbsp;<\/p>\n<p><em><a href=\"http:\/\/mmstudies.com\/pas\/sjosten\">LYTSYS INTERVJU MED LAGMAN MATS SJ\u00d6STEN\u00a0<\/a><\/em><\/p>\n<p>&nbsp;<\/p>\n<p><em><a href=\"http:\/\/mmstudies.com\/pas\/lars\">LYTSYS INTERVJU MED BARNL\u00c4KAREN LARS H. GUSTAVSSON<\/a><\/em><\/p>\n<h3>mmmm<\/h3>\n<h3><em><a href=\"http:\/\/mmstudies.com\/pas\/gift\">IV ) NUTIDA INTERNATIONELL FORSKNING SOM ENH\u00c4LLIGT VEDERL\u00c4GGER PA(S)-KONCEPTET SOM OVETENSKAPLIGT<\/a><\/em><\/h3>\n<h3>mmmm<\/h3>\n<p><em><a href=\"http:\/\/mmstudies.com\/pas\/hoult\">JENNIFER HOULTS OMFATTANDE GENOMG\u00c5NG AV PAS-LOBBYISMENS OHEDERLIGA METODER<\/a><\/em><\/p>\n<p>&nbsp;<\/p>\n<p><em><a href=\"http:\/\/mmstudies.com\/pas\/joan\">M\u00d6DRAR DISKRIMINERAS TILL F\u00d6RM\u00c5N F\u00d6R V\u00c5LDSUT\u00d6VANDE F\u00c4DER\u00a0 MED HJ\u00c4LP AV\u00a0PA(S)<\/a><\/em><\/p>\n<p>&nbsp;<\/p>\n<h3><em><a href=\"http:\/\/mmstudies.com\/pas\/svenska\">V ) SVENSKA KRITIKER AV PA(S)<\/a><\/em><\/h3>\n<p>&nbsp;<\/p>\n<p><em><a href=\"http:\/\/mmstudies.com\/pas\/widell\">STEFAN WIDELLS BREV 2011 TILL POL. SAKKUNNIG U. LINDGREN OCH HANS \u00a0GODDA YXSKAFT- SVAR<\/a><\/em><\/p>\n<p>&nbsp;<\/p>\n<p><em><a href=\"http:\/\/mmstudies.com\/pas\/gp\">STEFAN WIDELLS ARTIKEL OM PAS I GP 2011<\/a><\/em><\/p>\n<p>&nbsp;<\/p>\n<p><em><a href=\"http:\/\/mmstudies.com\/pas\/brynge\">BRYNGE: L\u00c4S LENA HELLBLOM SJ\u00d6GRENS ARTIKELN SOM EN SAGA<\/a><\/em><\/p>\n<p>&nbsp;<\/p>\n<h3><em><a href=\"http:\/\/mmstudies.com\/pas\/nutida\">VI ) NUTIDA SVENSKA PA(S)-LOBBYISTER<\/a><\/em><\/h3>\n<p>&nbsp;<\/p>\n<p><em><a href=\"http:\/\/mmstudies.com\/pas\/sikstrom\">PROFESSOR SVERKER SIKSTR\u00d6M UPPFINNER HJULET P\u00c5 NYTT<\/a><\/em><\/p>\n<p>&nbsp;<\/p>\n<p><em><a href=\"http:\/\/mmstudies.com\/pas\/leo\">LEKTOR LEONARD NGAOSUVAN<\/a><\/em><\/p>\n<p>&nbsp;<\/p>\n<p><em><a href=\"http:\/\/mmstudies.com\/pas\/magee\">F D. JURIDIKSTUD. NIKLAS MAGEE MATELUNA<\/a><\/em><\/p>\n<p>&nbsp;<\/p>\n<h3><em><a href=\"http:\/\/mmstudies.com\/pas\/praxis\">VII ) GENOMG\u00c5NG AV PRAXIS I SVENSKA DOMSTOLAR G\u00c4LLANDE BROTT &#8211; OCH TVISTEM\u00c5L MED GRUND I DOMESTIC VIOLENCE OCH \/ ELLER CHILD ABUSE<\/a><\/em><\/h3>\n<p>&nbsp;<\/p>\n<p><em><a href=\"http:\/\/mmstudies.com\/pas\/ansvar\/\">REGERINGEN AVSV\u00c4R SIG ANSVAR F\u00d6R DOMARK\u00c5RENS KOMPETENSUTVECKLING<\/a><\/em><\/p>\n<p>&nbsp;<\/p>\n<p><em><a href=\"http:\/\/mmstudies.com\/pas\/medling\">SAMARBETSSAMTAL OCH MEDLING<\/a><\/em><\/p>\n<p>&nbsp;<\/p>\n<p><em><a href=\"http:\/\/mmstudies.com\/pas\/hanthe\">ULV I F\u00c5RAKL\u00c4DER &#8211; &#8221;MEDLAREN&#8221; PETER HANTHE<\/a><\/em><\/p>\n<p>&nbsp;<\/p>\n<p><em><a href=\"http:\/\/mmstudies.com\/pas\/bo\">BO:s YTTRANDE \u00d6VER 2002 \u00c5RS V\u00c5RDNADSKOMMITT\u00c9<\/a><\/em><\/p>\n<p>&nbsp;<\/p>\n<p><em><a href=\"http:\/\/mmstudies.com\/pas\/hot\">MAMMORS BESKYDDARINSTINKT &#8211; ETT HOT MOT BARN?<\/a><\/em><\/p>\n<p>&nbsp;<\/p>\n<h3><em><a href=\"http:\/\/mmstudies.com\/pas\/byra\">VIII ) H\u00d6GKVALITATIV SVENSK FORSKNING SOM L\u00c4GGS I BYR\u00c5L\u00c5DORNA<\/a><\/em><\/h3>\n<p>&nbsp;<\/p>\n<p><em><a href=\"http:\/\/mmstudies.com\/pas\/dam\">Forskningsrapport av Eva Lundgren, Gun Heimer, Jenny Westerstrand, Anne-Marie Kalliokoski \/\u00a0 n\u00e5gra inledande avsnitt<\/a><\/em><\/p>\n<p>&nbsp;<\/p>\n<p><em><a href=\"http:\/\/mmstudies.com\/pas\/dam2\">Forskningsrapport av Eva Lundgren, Gun Heimer, Jenny Westerstrand, Anne-Marie Kalliokoski\/ sammanfattning &amp; kommentarhttp:\/\/mmstudies.com\/pas\/<\/a><\/em><\/p>\n<p>&nbsp;<\/p>\n\t<h2>L\u00c4NKLISTA:<\/h2>\n<p>&nbsp;<\/p>\n<h3><em><a href=\"http:\/\/mmstudies.com\/pas\/\">I ) VAD \u00c4R\u00a0 PA(S)?<\/a><\/em><\/h3>\n<h3>I ) VAD \u00c4R PA(S)mmmm<\/h3>\n<p><em><a href=\"http:\/\/mmstudies.com\/pas\/svenskt\">SVENSKT AVST\u00c5NDSTAGANDE TILL PAS<\/a><\/em><\/p>\n<h3>mmmm<\/h3>\n<p><em><a href=\"http:\/\/mmstudies.com\/pas\/8\">R. A. GARDNERS 8 KRITERIER P\u00c5 UTSATTHET F\u00d6R PA(S)<\/a><\/em><\/p>\n<p>&nbsp;<\/p>\n<p><em><a href=\"http:\/\/mmstudies.com\/pas\/citat\">R.A. GARDNER &#8211; CITAT<\/a><\/em><\/p>\n<p>&nbsp;<\/p>\n<p><em><a href=\"http:\/\/mmstudies.com\/pas\/kontext\">HISTORISK \/ ANTROPOLOGISK \/ MYTOLOGISK \/ RELIGI\u00d6S KONTEXT TILL PA(S)<\/a><\/em><\/p>\n<p>&nbsp;<\/p>\n<p><em><a href=\"http:\/\/mmstudies.com\/pas\/reform\">JU FLER REFORMER &#8211; DESTO MER URHOLKAT R\u00c4TTSSKYDD<\/a><\/em><\/p>\n\n<h3>mmmm<\/h3>\n<h3><em><a href=\"http:\/\/mmstudies.com\/pas\/vetenskap\">II ) VETENSKAP ELLER VIDSKEPLIGA F\u00d6RVILLELSER<\/a><\/em><\/h3>\n<p>&nbsp;<\/p>\n<p><em><a href=\"http:\/\/mmstudies.com\/pas\/detekt\">DETEKTERING AV PA(S)<\/a><\/em><\/p>\n<p>&nbsp;<\/p>\n<p><em><a href=\"http:\/\/mmstudies.com\/pas\/darvo\">F\u00d6R\u00d6VARSTRATEGIERNA DARVO<\/a><\/em><\/p>\n<p>&nbsp;<\/p>\n<p><em><a href=\"http:\/\/mmstudies.com\/pas\/logik\">T\u00c4NK OM &#8211;\u00a0T\u00c4NK TV\u00c4RTOM<\/a><\/em><\/p>\n<p>&nbsp;<\/p>\n<p><em><a href=\"http:\/\/mmstudies.com\/pas\/rora\">EN TYDLIGG\u00d6RANDE BEGREPPSAPPARAT F\u00d6R ATT ST\u00c4DA UPP I PA(S)-LOBBYISMENS BEGREPPSR\u00d6RA<\/a><\/em><\/p>\n<p>&nbsp;<\/p>\n<p><em><a href=\"http:\/\/mmstudies.com\/pas\/kamp\">&#8221;K\u00d6NSKRIG&#8221; &#8211; ELLER KAMP F\u00d6R KVINNORS OCH BARNS M\u00c4NSKLIGA R\u00c4TTIGHETER<\/a><\/em><\/p>\n<p>&nbsp;<\/p>\n<h3><em><a href=\"http:\/\/mmstudies.com\/pas\/lytsy\">III ) LYTSY \/ BERGENSTEIN: BARN SOM TVINGAS V\u00c4LJA BORT EN F\u00d6R\u00c4LDER<\/a><\/em><\/h3>\n<p>&nbsp;<\/p>\n<p><em><a href=\"http:\/\/mmstudies.com\/pas\/rejmer\">ANNIKA REJMER &#8211; F\u00c5GEL ELLER FISK?<\/a><\/em><\/p>\n<p>&nbsp;<\/p>\n<p><em><a href=\"http:\/\/mmstudies.com\/pas\/singer\">FRU JUSTITIAS FAKTARESISTENS = &#8221;OBJEKTIVITET&#8221; ? INTERVJU MED ANNA SINGER<\/a><\/em><\/p>\n<p>&nbsp;<\/p>\n<p><em><a href=\"http:\/\/mmstudies.com\/pas\/sjosten\">LYTSYS INTERVJU MED LAGMAN MATS SJ\u00d6STEN\u00a0<\/a><\/em><\/p>\n<p>&nbsp;<\/p>\n<p><em><a href=\"http:\/\/mmstudies.com\/pas\/lars\">LYTSYS INTERVJU MED BARNL\u00c4KAREN LARS H. GUSTAVSSON<\/a><\/em><\/p>\n<h3>mmmm<\/h3>\n<h3><em><a href=\"http:\/\/mmstudies.com\/pas\/gift\">IV ) NUTIDA INTERNATIONELL FORSKNING SOM ENH\u00c4LLIGT VEDERL\u00c4GGER PA(S)-KONCEPTET SOM OVETENSKAPLIGT<\/a><\/em><\/h3>\n<h3>mmmm<\/h3>\n<p><em><a href=\"http:\/\/mmstudies.com\/pas\/hoult\">JENNIFER HOULTS OMFATTANDE GENOMG\u00c5NG AV PAS-LOBBYISMENS OHEDERLIGA METODER<\/a><\/em><\/p>\n<p>&nbsp;<\/p>\n<p><em><a href=\"http:\/\/mmstudies.com\/pas\/joan\">M\u00d6DRAR DISKRIMINERAS TILL F\u00d6RM\u00c5N F\u00d6R V\u00c5LDSUT\u00d6VANDE F\u00c4DER\u00a0 MED HJ\u00c4LP AV\u00a0PA(S)<\/a><\/em><\/p>\n<p>&nbsp;<\/p>\n<h3><em><a href=\"http:\/\/mmstudies.com\/pas\/svenska\">V ) SVENSKA KRITIKER AV PA(S)<\/a><\/em><\/h3>\n<p>&nbsp;<\/p>\n<p><em><a href=\"http:\/\/mmstudies.com\/pas\/widell\">STEFAN WIDELLS BREV 2011 TILL POL. SAKKUNNIG U. LINDGREN OCH HANS \u00a0GODDA YXSKAFT- SVAR<\/a><\/em><\/p>\n<p>&nbsp;<\/p>\n<p><em><a href=\"http:\/\/mmstudies.com\/pas\/gp\">STEFAN WIDELLS ARTIKEL OM PAS I GP 2011<\/a><\/em><\/p>\n<p>&nbsp;<\/p>\n<p><em><a href=\"http:\/\/mmstudies.com\/pas\/brynge\">BRYNGE: L\u00c4S LENA HELLBLOM SJ\u00d6GRENS ARTIKELN SOM EN SAGA<\/a><\/em><\/p>\n<p>&nbsp;<\/p>\n<h3><em><a href=\"http:\/\/mmstudies.com\/pas\/nutida\">VI ) NUTIDA SVENSKA PA(S)-LOBBYISTER<\/a><\/em><\/h3>\n<p>&nbsp;<\/p>\n<p><em><a href=\"http:\/\/mmstudies.com\/pas\/sikstrom\">PROFESSOR SVERKER SIKSTR\u00d6M UPPFINNER HJULET P\u00c5 NYTT<\/a><\/em><\/p>\n<p>&nbsp;<\/p>\n<p><em><a href=\"http:\/\/mmstudies.com\/pas\/leo\">LEKTOR LEONARD NGAOSUVAN<\/a><\/em><\/p>\n<p>&nbsp;<\/p>\n<p><em><a href=\"http:\/\/mmstudies.com\/pas\/magee\">F D. JURIDIKSTUD. NIKLAS MAGEE MATELUNA<\/a><\/em><\/p>\n<p>&nbsp;<\/p>\n<h3><em><a href=\"http:\/\/mmstudies.com\/pas\/praxis\">VII ) GENOMG\u00c5NG AV PRAXIS I SVENSKA DOMSTOLAR G\u00c4LLANDE BROTT &#8211; OCH TVISTEM\u00c5L MED GRUND I DOMESTIC VIOLENCE OCH \/ ELLER CHILD ABUSE<\/a><\/em><\/h3>\n<p>&nbsp;<\/p>\n<p><em><a href=\"http:\/\/mmstudies.com\/pas\/ansvar\/\">REGERINGEN AVSV\u00c4R SIG ANSVAR F\u00d6R DOMARK\u00c5RENS KOMPETENSUTVECKLING<\/a><\/em><\/p>\n<p>&nbsp;<\/p>\n<p><em><a href=\"http:\/\/mmstudies.com\/pas\/medling\">SAMARBETSSAMTAL OCH MEDLING<\/a><\/em><\/p>\n<p>&nbsp;<\/p>\n<p><em><a href=\"http:\/\/mmstudies.com\/pas\/hanthe\">ULV I F\u00c5RAKL\u00c4DER &#8211; &#8221;MEDLAREN&#8221; PETER HANTHE<\/a><\/em><\/p>\n<p>&nbsp;<\/p>\n<p><em><a href=\"http:\/\/mmstudies.com\/pas\/bo\">BO:s YTTRANDE \u00d6VER 2002 \u00c5RS V\u00c5RDNADSKOMMITT\u00c9<\/a><\/em><\/p>\n<p>&nbsp;<\/p>\n<p><em><a href=\"http:\/\/mmstudies.com\/pas\/hot\">MAMMORS BESKYDDARINSTINKT &#8211; ETT HOT MOT BARN?<\/a><\/em><\/p>\n<p>&nbsp;<\/p>\n<h3><em><a href=\"http:\/\/mmstudies.com\/pas\/byra\">VIII ) H\u00d6GKVALITATIV SVENSK FORSKNING SOM L\u00c4GGS I BYR\u00c5L\u00c5DORNA<\/a><\/em><\/h3>\n<p>&nbsp;<\/p>\n<p><em><a href=\"http:\/\/mmstudies.com\/pas\/dam\">Forskningsrapport av Eva Lundgren, Gun Heimer, Jenny Westerstrand, Anne-Marie Kalliokoski \/\u00a0 n\u00e5gra inledande avsnitt<\/a><\/em><\/p>\n<p>&nbsp;<\/p>\n<p><em><a href=\"http:\/\/mmstudies.com\/pas\/dam2\">Forskningsrapport av Eva Lundgren, Gun Heimer, Jenny Westerstrand, Anne-Marie Kalliokoski\/ sammanfattning &amp; kommentarhttp:\/\/mmstudies.com\/pas\/<\/a><\/em><\/p>\n<p>&nbsp;<\/p>\n\n","protected":false},"excerpt":{"rendered":"<p>Konstverk av Issa Text av Gunilla Madeg\u00e5rd F\u00d6R\u00d6VARSTRATEGIERNA DARVO: Deny, Attack, Reverse Victim and Offender MMMM DARVO: Deny, Attack, Reverse Victim and Offender Genom att utforska och ben\u00e4mna typiska f\u00f6r\u00f6varstrategier synligg\u00f6rs hur f\u00f6r\u00f6vare metodiskt f\u00f6rs\u00f6ker tysta sina offer och f\u00e5 dem att k\u00e4nna skuld. Varje enskild aspekt av Domestic Violence av typen Intimate Terrorism by&#8230;<\/p>\n","protected":false},"author":1,"featured_media":0,"parent":0,"menu_order":0,"comment_status":"closed","ping_status":"closed","template":"full-width-page.php","meta":{"footnotes":""},"class_list":["post-994","page","type-page","status-publish","hentry"],"_links":{"self":[{"href":"http:\/\/mmstudies.com\/pas\/wp-json\/wp\/v2\/pages\/994","targetHints":{"allow":["GET"]}}],"collection":[{"href":"http:\/\/mmstudies.com\/pas\/wp-json\/wp\/v2\/pages"}],"about":[{"href":"http:\/\/mmstudies.com\/pas\/wp-json\/wp\/v2\/types\/page"}],"author":[{"embeddable":true,"href":"http:\/\/mmstudies.com\/pas\/wp-json\/wp\/v2\/users\/1"}],"replies":[{"embeddable":true,"href":"http:\/\/mmstudies.com\/pas\/wp-json\/wp\/v2\/comments?post=994"}],"version-history":[{"count":5,"href":"http:\/\/mmstudies.com\/pas\/wp-json\/wp\/v2\/pages\/994\/revisions"}],"predecessor-version":[{"id":1837,"href":"http:\/\/mmstudies.com\/pas\/wp-json\/wp\/v2\/pages\/994\/revisions\/1837"}],"wp:attachment":[{"href":"http:\/\/mmstudies.com\/pas\/wp-json\/wp\/v2\/media?parent=994"}],"curies":[{"name":"wp","href":"https:\/\/api.w.org\/{rel}","templated":true}]}}