{"id":1193,"date":"2018-08-05T13:58:58","date_gmt":"2018-08-05T13:58:58","guid":{"rendered":"http:\/\/mmstudies.com\/sallberg\/?page_id=1193"},"modified":"2023-08-09T12:04:38","modified_gmt":"2023-08-09T12:04:38","slug":"pafoljdsfragan","status":"publish","type":"page","link":"http:\/\/mmstudies.com\/sallberg\/mal4019-16\/pafoljdsfragan\/","title":{"rendered":"Huvudf\u00f6rhandling om p\u00e5f\u00f6ljdsfr\u00e5gan \/ beslut om r\u00e4ttspsykiatrisk utredning  den 28 juni 2018"},"content":{"rendered":"\n\n\tHUVUDF\u00d6RHANDLING OM P\u00c5F\u00d6LJDSFR\u00c5GAN \/ BESLUT<br \/>\nOM R\u00c4TTSPSYKIATRISK UTREDNING DEN 28 JUNI 2018\n\t<p><em>N\u00e4r, var, hur kom r\u00e4tten fram till ett domslut om hur de sk <strong>&#8221;g\u00e4rningarna<\/strong>&#8221; ser ut och vilka de \u00e4r n\u00e4rmre best\u00e4mt i f\u00f6rh\u00e5llande till det sk &#8221;bevismaterial&#8221; som inl\u00e4mnats i fr\u00e5ga om <a href=\"http:\/\/mmstudies.com\/sallberg\/stamningsansokan2017\">\u00e5klagarens st\u00e4mningsans\u00f6kan 28 dec 2017 \u00a0i \u00e5talet f\u00f6r olaga f\u00f6rf\u00f6ljelse av NN ,<\/a> s\u00e5v\u00e4l som i <a href=\"http:\/\/mmstudies.com\/sallberg\/dujmovic\">st\u00e4mningsans\u00f6kan 12 juni 2017 mot HD-reportern Robert Dujmovic f\u00f6r olaga f\u00f6rtal?\u00a0<\/a><\/em><\/p>\n<p>&nbsp;<\/p>\n<p><em>Var finns de sk <strong>&#8221;\u00f6vertygande bevis&#8221;<\/strong> \u00a0f\u00f6r att Carina S\u00e4llberg har beg\u00e5tt de \u00e5talade <strong>&#8221;g\u00e4rningarna&#8221;, <\/strong>varf\u00f6r <strong>chefsr\u00e5dman<\/strong><strong><\/strong><strong>\u00a0Nickla<\/strong>s S\u00f6derberg \u00a0env\u00e4ldigt (?) kommit fram till att p\u00e5f\u00f6ljden inte kan stanna vid b\u00f6ter och att en r\u00e4ttspsykiatrisk unders\u00f6kning kan antas f\u00e5 stor betydelse f\u00f6r tingsr\u00e4ttens slutgiltiga beslut\u00a0?<\/em><\/p>\n\t\t\t\t<img loading=\"lazy\" decoding=\"async\" src=\"http:\/\/mmstudies.com\/sallberg\/wp-content\/uploads\/sites\/13\/2018\/08\/Beslut-den-28-juni-1-1.jpeg\" alt=\"Beslut den 28 juni 1\" itemprop=\"image\" height=\"1024\" width=\"657\" title=\"Beslut den 28 juni 1\" onerror=\"this.style.display='none'\"  \/>\n\t\t\t\t<img loading=\"lazy\" decoding=\"async\" src=\"http:\/\/mmstudies.com\/sallberg\/wp-content\/uploads\/sites\/13\/2018\/08\/Beslut-den-28-juni-s-2c.jpeg\" alt=\"Beslut den 28 juni s 2c\" itemprop=\"image\" height=\"1024\" width=\"734\" title=\"Beslut den 28 juni s 2c\" onerror=\"this.style.display='none'\"  \/>\n\t\t\t\t<img loading=\"lazy\" decoding=\"async\" src=\"http:\/\/mmstudies.com\/sallberg\/wp-content\/uploads\/sites\/13\/2018\/08\/Beslut-den-28-juni-s-3b.jpeg\" alt=\"Beslut den 28 juni s 3b\" itemprop=\"image\" height=\"453\" width=\"800\" title=\"Beslut den 28 juni s 3b\" onerror=\"this.style.display='none'\"  \/>\n\t\t\t\t<img loading=\"lazy\" decoding=\"async\" src=\"http:\/\/mmstudies.com\/sallberg\/wp-content\/uploads\/sites\/13\/2018\/07\/35963825_2228566940491941_7164135630186741760_n.jpg\" alt=\"35963825_2228566940491941_7164135630186741760_n\" itemprop=\"image\" height=\"548\" width=\"750\" title=\"35963825_2228566940491941_7164135630186741760_n\" onerror=\"this.style.display='none'\"  \/>\n\t<p><a href=\"http:\/\/mmstudies.com\/sallberg\/polishamtning\">Carina S\u00e4llberg h\u00e4mtad med polis fr\u00e5n sitt hem i Helsingborg till R\u00e4ttsmedicinalverket i GTBRG<\/a><\/p>\n\n","protected":false},"excerpt":{"rendered":"<p>HUVUDF\u00d6RHANDLING OM P\u00c5F\u00d6LJDSFR\u00c5GAN \/ BESLUT OM R\u00c4TTSPSYKIATRISK UTREDNING DEN 28 JUNI 2018 N\u00e4r, var, hur kom r\u00e4tten fram till ett domslut om hur de sk &#8221;g\u00e4rningarna&#8221; ser ut och vilka de \u00e4r n\u00e4rmre best\u00e4mt i f\u00f6rh\u00e5llande till det sk &#8221;bevismaterial&#8221; som inl\u00e4mnats i fr\u00e5ga om \u00e5klagarens st\u00e4mningsans\u00f6kan 28 dec 2017 \u00a0i \u00e5talet f\u00f6r olaga f\u00f6rf\u00f6ljelse&#8230;<\/p>\n","protected":false},"author":1,"featured_media":0,"parent":1160,"menu_order":0,"comment_status":"closed","ping_status":"closed","template":"full-width-page.php","meta":{"footnotes":""},"class_list":["post-1193","page","type-page","status-publish","hentry"],"_links":{"self":[{"href":"http:\/\/mmstudies.com\/sallberg\/wp-json\/wp\/v2\/pages\/1193","targetHints":{"allow":["GET"]}}],"collection":[{"href":"http:\/\/mmstudies.com\/sallberg\/wp-json\/wp\/v2\/pages"}],"about":[{"href":"http:\/\/mmstudies.com\/sallberg\/wp-json\/wp\/v2\/types\/page"}],"author":[{"embeddable":true,"href":"http:\/\/mmstudies.com\/sallberg\/wp-json\/wp\/v2\/users\/1"}],"replies":[{"embeddable":true,"href":"http:\/\/mmstudies.com\/sallberg\/wp-json\/wp\/v2\/comments?post=1193"}],"version-history":[{"count":10,"href":"http:\/\/mmstudies.com\/sallberg\/wp-json\/wp\/v2\/pages\/1193\/revisions"}],"predecessor-version":[{"id":3219,"href":"http:\/\/mmstudies.com\/sallberg\/wp-json\/wp\/v2\/pages\/1193\/revisions\/3219"}],"up":[{"embeddable":true,"href":"http:\/\/mmstudies.com\/sallberg\/wp-json\/wp\/v2\/pages\/1160"}],"wp:attachment":[{"href":"http:\/\/mmstudies.com\/sallberg\/wp-json\/wp\/v2\/media?parent=1193"}],"curies":[{"name":"wp","href":"https:\/\/api.w.org\/{rel}","templated":true}]}}