{"id":1873,"date":"2018-08-26T16:24:04","date_gmt":"2018-08-26T16:24:04","guid":{"rendered":"http:\/\/mmstudies.com\/sallberg\/?page_id=1873"},"modified":"2019-01-23T19:16:57","modified_gmt":"2019-01-23T19:16:57","slug":"motbevis-studsmattan","status":"publish","type":"page","link":"http:\/\/mmstudies.com\/sallberg\/carinas-motbevis\/motbevis-studsmattan\/","title":{"rendered":"Carinas motbevis g\u00e4llande konversationen om studsmattan"},"content":{"rendered":"\n\t<h1>CARINAS NEGLIGERADE<br \/>\nMOTBEVIS G\u00c4LLANDE KONVERSATIONEN MED NN OM STUDSMATTAN<\/h1>\n\t<p><em>H\u00e4r nedan l\u00e4gger jag ut de\u00a0motbevis p\u00e5 sidan 410 &#8211; 413, vari Carina S\u00e4llberg med \u00f6vertygande autentisk dokumentation kan bevisa att det \u00e4r NN som inviterar henne till honom, i <a href=\"..\/studsmattan\/\">den konversation om studsmattan<\/a> som han sj\u00e4lv dessutom inledde den 8 mars 2016 ang\u00e5ende \u00a0bortforslandet av den studsmatta fr\u00e5n hans tomt, som Carinas barn inhandlat f\u00f6r sina egna ihopsparade 5000 kr, och att d\u00e4rmed <strong>brottsrekvisiten f\u00f6r olaga f\u00f6rf\u00f6ljelse d\u00e4rmed inte kan anses uppfylld.<\/strong><\/em><\/p>\n<p>&nbsp;<\/p>\n<p><em>\u00c4ndock v\u00e4ljer \u00e5klagaren i m\u00e5l B 4019-16 att helt bortse fr\u00e5n dessa besv\u00e4rande fakta, f\u00f6r att ist\u00e4llet handha hennes egna motbevis som ett vidg\u00e5ende av brott, enligt f\u00f6ljande anf\u00f6rande i YTTRANDE fr\u00e5n den 13 mars 2018 (aktbilaga 21 i m\u00e5l 4019-16):<\/em><\/p>\n<p>&nbsp;<\/p>\n<p>&#8221;\u00c5klagaren har i den bilagda filen \u00e4ven tagit med sid. 410 &#8211; 413 som best\u00e5r av material den tilltalade l\u00e4mnat in f\u00f6r att styrka att m\u00e5ls\u00e4ganden utel\u00e4mnat visst meddelande i sin version av bilaga 7 J. \u00c5klagaren noterar att den tilltalade d\u00e4rvid tagit med de meddelanden som hon p\u00e5st\u00e5s ha skickat b\u00e5de den 15\/3 och den 17\/3 (sid. 410-412) och utg\u00e5r s\u00e5ledes fr\u00e5n att den tilltalade vitsordar att m\u00e5ls\u00e4ganden betr\u00e4ffande de tv\u00e5 meddelandena \u00e5tergett hennes meddelande korrekt. I annat fall p\u00e5kallas genomg\u00e5ng av sid. 410-4012 f\u00f6r att styrka detta.&#8221;<\/p>\n\t\t\t\t<img loading=\"lazy\" decoding=\"async\" src=\"http:\/\/mmstudies.com\/sallberg\/wp-content\/uploads\/sites\/13\/2018\/08\/Carinas-motbevis-studsmatta-1b-2.jpeg\" alt=\"Carinas motbevis studsmatta 1b\" itemprop=\"image\" height=\"1024\" width=\"812\" title=\"Carinas motbevis studsmatta 1b\"  \/>\n\t\t\t\t<img loading=\"lazy\" decoding=\"async\" src=\"http:\/\/mmstudies.com\/sallberg\/wp-content\/uploads\/sites\/13\/2018\/08\/Carinas-motbevis-studsmatta-2-1.jpeg\" alt=\"Carinas motbevis studsmatta 2\" itemprop=\"image\" height=\"1024\" width=\"752\" title=\"Carinas motbevis studsmatta 2\"  \/>\n\t\t\t\t<img loading=\"lazy\" decoding=\"async\" src=\"http:\/\/mmstudies.com\/sallberg\/wp-content\/uploads\/sites\/13\/2018\/08\/Carinas-motbevis-studsmatta-3b.jpeg\" alt=\"Carinas motbevis studsmatta 3b\" itemprop=\"image\" height=\"1024\" width=\"769\" title=\"Carinas motbevis studsmatta 3b\"  \/>\n\t<h2>Tillbaka till<\/h2>\n<h2><a href=\"http:\/\/mmstudies.com\/sallberg\/carinas-motbevis\/studsmattan\/\">KONVERSATION OM STUDSMATTAN I\u2028 REPRIS FR\u00c5N F\u00d6RRA M\u00c5LET B 6503-13\u00a0\u00bb<\/a><\/h2>\n<p>&nbsp;<\/p>\n<h2><\/h2>\n\t<blockquote data-secret=\"UJJ0m9stgA\"><p><a href=\"http:\/\/mmstudies.com\/sallberg\/carinas-motbevis\/carinas-yttrande\/\">Carinas yttrande ang r\u00e4ttens undanh\u00e5llande av hennes motbevis via sin advokat Maria F Hohenthal<\/a><\/p><\/blockquote>\n<p><iframe loading=\"lazy\" sandbox=\"allow-scripts\" security=\"restricted\" src=\"http:\/\/mmstudies.com\/sallberg\/carinas-motbevis\/carinas-yttrande\/embed\/#?secret=UJJ0m9stgA\" data-secret=\"UJJ0m9stgA\" width=\"600\" height=\"338\" title=\"&#8221;Carinas yttrande ang r\u00e4ttens undanh\u00e5llande av hennes motbevis via sin advokat Maria F Hohenthal&#8221; &#8212; JUSTITIEMORDET P\u00c5 CARINA S\u00c4LLBERG\" frameborder=\"0\" marginwidth=\"0\" marginheight=\"0\" scrolling=\"no\"><\/iframe><\/p>\n<blockquote data-secret=\"u9WqFgSfTu\"><p><a href=\"http:\/\/mmstudies.com\/sallberg\/carinas-motbevis\/urkunder\/\">F\u00f6rfalskade urkunder och falska tillvitelser till grund f\u00f6r fem \u00e5rs r\u00e4ttslig terror<\/a><\/p><\/blockquote>\n<p><iframe loading=\"lazy\" sandbox=\"allow-scripts\" security=\"restricted\" src=\"http:\/\/mmstudies.com\/sallberg\/carinas-motbevis\/urkunder\/embed\/#?secret=u9WqFgSfTu\" data-secret=\"u9WqFgSfTu\" width=\"600\" height=\"338\" title=\"&#8221;F\u00f6rfalskade urkunder och falska tillvitelser till grund f\u00f6r fem \u00e5rs r\u00e4ttslig terror&#8221; &#8212; JUSTITIEMORDET P\u00c5 CARINA S\u00c4LLBERG\" frameborder=\"0\" marginwidth=\"0\" marginheight=\"0\" scrolling=\"no\"><\/iframe><\/p>\n<blockquote data-secret=\"ZpRAzKsDCp\"><p><a href=\"http:\/\/mmstudies.com\/sallberg\/carinas-motbevis\/urkundsforf-fup\/\">Urkundsf\u00f6rfalskning i polisens \/ \u00e5klagarens f\u00f6runders\u00f6kningsprotokoll?<\/a><\/p><\/blockquote>\n<p><iframe loading=\"lazy\" sandbox=\"allow-scripts\" security=\"restricted\" src=\"http:\/\/mmstudies.com\/sallberg\/carinas-motbevis\/urkundsforf-fup\/embed\/#?secret=ZpRAzKsDCp\" data-secret=\"ZpRAzKsDCp\" width=\"600\" height=\"338\" title=\"&#8221;Urkundsf\u00f6rfalskning i polisens \/ \u00e5klagarens f\u00f6runders\u00f6kningsprotokoll?&#8221; &#8212; JUSTITIEMORDET P\u00c5 CARINA S\u00c4LLBERG\" frameborder=\"0\" marginwidth=\"0\" marginheight=\"0\" scrolling=\"no\"><\/iframe><\/p>\n<blockquote data-secret=\"3PgPSqiLzP\"><p><a href=\"http:\/\/mmstudies.com\/sallberg\/carinas-motbevis\/slutgiltigt-beslut\/\">SLUTGILTIGT BESLUT \/ kontaktf\u00f6rbud nr 2 upph\u00e4vt enligt dom av r\u00e5dman Karoline Fridolf<\/a><\/p><\/blockquote>\n<p><iframe loading=\"lazy\" sandbox=\"allow-scripts\" security=\"restricted\" src=\"http:\/\/mmstudies.com\/sallberg\/carinas-motbevis\/slutgiltigt-beslut\/embed\/#?secret=3PgPSqiLzP\" data-secret=\"3PgPSqiLzP\" width=\"600\" height=\"338\" title=\"&#8221;SLUTGILTIGT BESLUT \/ kontaktf\u00f6rbud nr 2 upph\u00e4vt enligt dom av r\u00e5dman Karoline Fridolf&#8221; &#8212; JUSTITIEMORDET P\u00c5 CARINA S\u00c4LLBERG\" frameborder=\"0\" marginwidth=\"0\" marginheight=\"0\" scrolling=\"no\"><\/iframe><\/p>\n<blockquote data-secret=\"Q1KyIu7oYu\"><p><a href=\"http:\/\/mmstudies.com\/sallberg\/carinas-motbevis\/forovartekniker\/\">M\u00c5LS\u00c4GANDENS KLASSISKT SKULD\u00d6VERSKRIVANDE F\u00d6R\u00d6VARTEKNIKER  &#8211; TIDIGARE K\u00c4NDA AV POLIS &#038; \u00c5KLAGARE<\/a><\/p><\/blockquote>\n<p><iframe loading=\"lazy\" sandbox=\"allow-scripts\" security=\"restricted\" src=\"http:\/\/mmstudies.com\/sallberg\/carinas-motbevis\/forovartekniker\/embed\/#?secret=Q1KyIu7oYu\" data-secret=\"Q1KyIu7oYu\" width=\"600\" height=\"338\" title=\"&#8221;M\u00c5LS\u00c4GANDENS KLASSISKT SKULD\u00d6VERSKRIVANDE F\u00d6R\u00d6VARTEKNIKER  &#8211; TIDIGARE K\u00c4NDA AV POLIS &#038; \u00c5KLAGARE&#8221; &#8212; JUSTITIEMORDET P\u00c5 CARINA S\u00c4LLBERG\" frameborder=\"0\" marginwidth=\"0\" marginheight=\"0\" scrolling=\"no\"><\/iframe><\/p>\n<blockquote data-secret=\"a0H6dEBjn9\"><p><a href=\"http:\/\/mmstudies.com\/sallberg\/carinas-motbevis\/studsmattan\/\">Konversation om studsmattan i repris<\/a><\/p><\/blockquote>\n<p><iframe loading=\"lazy\" sandbox=\"allow-scripts\" security=\"restricted\" src=\"http:\/\/mmstudies.com\/sallberg\/carinas-motbevis\/studsmattan\/embed\/#?secret=a0H6dEBjn9\" data-secret=\"a0H6dEBjn9\" width=\"600\" height=\"338\" title=\"&#8221;Konversation om studsmattan i repris&#8221; &#8212; JUSTITIEMORDET P\u00c5 CARINA S\u00c4LLBERG\" frameborder=\"0\" marginwidth=\"0\" marginheight=\"0\" scrolling=\"no\"><\/iframe><\/p>\n<blockquote data-secret=\"wVLNlLOEPV\"><p><a href=\"http:\/\/mmstudies.com\/sallberg\/carinas-motbevis\/motbevis-studsmattan\/\">Carinas motbevis g\u00e4llande konversationen om studsmattan<\/a><\/p><\/blockquote>\n<p><iframe loading=\"lazy\" sandbox=\"allow-scripts\" security=\"restricted\" src=\"http:\/\/mmstudies.com\/sallberg\/carinas-motbevis\/motbevis-studsmattan\/embed\/#?secret=wVLNlLOEPV\" data-secret=\"wVLNlLOEPV\" width=\"600\" height=\"338\" title=\"&#8221;Carinas motbevis g\u00e4llande konversationen om studsmattan&#8221; &#8212; JUSTITIEMORDET P\u00c5 CARINA S\u00c4LLBERG\" frameborder=\"0\" marginwidth=\"0\" marginheight=\"0\" scrolling=\"no\"><\/iframe><\/p>\n\t<blockquote data-secret=\"c4icpTXIBt\"><p><a href=\"http:\/\/mmstudies.com\/sallberg\/about\/\">ABOUT<\/a><\/p><\/blockquote>\n<p><iframe loading=\"lazy\" sandbox=\"allow-scripts\" security=\"restricted\" src=\"http:\/\/mmstudies.com\/sallberg\/about\/embed\/#?secret=c4icpTXIBt\" data-secret=\"c4icpTXIBt\" width=\"600\" height=\"338\" title=\"&#8221;ABOUT&#8221; &#8212; JUSTITIEMORDET P\u00c5 CARINA S\u00c4LLBERG\" frameborder=\"0\" marginwidth=\"0\" marginheight=\"0\" scrolling=\"no\"><\/iframe><\/p>\n","protected":false},"excerpt":{"rendered":"<p>CARINAS NEGLIGERADE MOTBEVIS G\u00c4LLANDE KONVERSATIONEN MED NN OM STUDSMATTAN H\u00e4r nedan l\u00e4gger jag ut de\u00a0motbevis p\u00e5 sidan 410 &#8211; 413, vari Carina S\u00e4llberg med \u00f6vertygande autentisk dokumentation kan bevisa att det \u00e4r NN som inviterar henne till honom, i den konversation om studsmattan som han sj\u00e4lv dessutom inledde den 8 mars 2016 ang\u00e5ende \u00a0bortforslandet av&#8230;<\/p>\n","protected":false},"author":1,"featured_media":0,"parent":1526,"menu_order":0,"comment_status":"closed","ping_status":"closed","template":"full-width-page.php","meta":{"footnotes":""},"class_list":["post-1873","page","type-page","status-publish","hentry"],"_links":{"self":[{"href":"http:\/\/mmstudies.com\/sallberg\/wp-json\/wp\/v2\/pages\/1873","targetHints":{"allow":["GET"]}}],"collection":[{"href":"http:\/\/mmstudies.com\/sallberg\/wp-json\/wp\/v2\/pages"}],"about":[{"href":"http:\/\/mmstudies.com\/sallberg\/wp-json\/wp\/v2\/types\/page"}],"author":[{"embeddable":true,"href":"http:\/\/mmstudies.com\/sallberg\/wp-json\/wp\/v2\/users\/1"}],"replies":[{"embeddable":true,"href":"http:\/\/mmstudies.com\/sallberg\/wp-json\/wp\/v2\/comments?post=1873"}],"version-history":[{"count":10,"href":"http:\/\/mmstudies.com\/sallberg\/wp-json\/wp\/v2\/pages\/1873\/revisions"}],"predecessor-version":[{"id":2764,"href":"http:\/\/mmstudies.com\/sallberg\/wp-json\/wp\/v2\/pages\/1873\/revisions\/2764"}],"up":[{"embeddable":true,"href":"http:\/\/mmstudies.com\/sallberg\/wp-json\/wp\/v2\/pages\/1526"}],"wp:attachment":[{"href":"http:\/\/mmstudies.com\/sallberg\/wp-json\/wp\/v2\/media?parent=1873"}],"curies":[{"name":"wp","href":"https:\/\/api.w.org\/{rel}","templated":true}]}}