{"id":2094,"date":"2018-09-07T09:05:55","date_gmt":"2018-09-07T09:05:55","guid":{"rendered":"http:\/\/mmstudies.com\/sallberg\/?page_id=2094"},"modified":"2019-06-21T10:35:09","modified_gmt":"2019-06-21T10:35:09","slug":"komplettering-dagboksblad","status":"publish","type":"page","link":"http:\/\/mmstudies.com\/sallberg\/mal6503-13\/komplettering-dagboksblad\/","title":{"rendered":"Komplettering till Dagboksblad f\u00f6r m\u00e5l B 4019-16"},"content":{"rendered":"\n\t<h1>F\u00d6RTECKNING \u00d6VER AKTBILAGORNAS INNEH\u00c5LL:<\/h1>\n<h2>Aktbilaga 13<\/h2>\n<p>YTTRANDE \u00d6VER F\u00d6RH\u00d6RSPROTOKOLL<\/p>\n<p>G\u00e4ller f\u00f6rtalsm\u00e5let mot RD<\/p>\n<p>Carinas yttrande genom hennes advokat Maria Fager Hohenthal via mail den 27 nov 2017 ang\u00e5ende \u201dde felaktigheter som hon menar finns vad g\u00e4ller f\u00f6runders\u00f6kningsprotokollet.\u201d<\/p>\n<p>\u201dVad g\u00e4ller brottsmisstanken som s\u00e5dan g\u00f6r min huvudman g\u00e4llande att det brister p\u00e5 v\u00e4sentliga punkter, d\u00e5 hennes Facebooksida har<\/p>\n<p>&nbsp;<\/p>\n<h2>Aktbilaga 20<\/h2>\n\u00c5klagarens St\u00e4mningsans\u00f6kan med bilaga 1 \u201dPreciserad G\u00e4rningsbeskrivning\u201d fr\u00e5n den 28 dec 2018<br \/>\nDe finns publicerade p\u00e5 sidan<a href=\"..\/..\/mal4019-16\/stamningsansokan2017\/\"> \u00c5klagarens st\u00e4mningsans\u00f6kan 28 dec 2017 inf\u00f6r m\u00e5l B 4019-16<\/a>\n<h2><\/h2>\n<h2>Aktbilaga 21<\/h2>\n<p>Bilaga 1<\/p>\n<p>&nbsp;<\/p>\n<h2>Aktbilaga 22<\/h2>\n<p>F\u00f6runders\u00f6kningsprotokoll<\/p>\n<h2><\/h2>\n<h2>Aktbilaga 23<\/h2>\n<p>Lisa S\u00f6dersten har efter beg\u00e4ran fr\u00e5n polis inkommit per mail med den mailkorrespondens som varit mellan henne p\u00e5 S\u00e4kra AB och Carina S\u00e4llberg i klagom\u00e5ls\u00e4rende 02\/2016 och g\u00e4ller de handlingar som NNN l\u00e4mnat till polisen som bilaga 6A &#8211; 6 = samt mailkorrepondensen i bilaga 14, 19A och 19B<\/p>\n<p>Den av polis efterfr\u00e5gade korrespondensen mellan Carina och S\u00e4kra AB som finns i bilaga 19 C har polisen efter beg\u00e4ran f\u00e5tt via mail av Tina Hansson p\u00e5 S\u00e4kra AB<\/p>\nPM original fr\u00e5n S\u00e4kra<br \/>\nYttrande: Carinas r\u00e4ttelser av och kommentarer till f\u00f6rh\u00f6ret med henne\n<h2><\/h2>\n<h2>Aktbilaga 24<\/h2>\nProtokollbilaga<br \/>\nCarina S\u00e4llbergs yttrande \u00f6ver kommunicerat f\u00f6runders\u00f6kningsprotokoll inkom till polisen via offentliga f\u00f6rsvarade Maria Fager Hohenthals mail 2017-11-30 M\u00e5nga v\u00e4lformulerade mail fr\u00e5n MFH\n<h2><\/h2>\n<h2>Aktbilaga 25<\/h2>\n<p>Lista p\u00e5 involverade personer i protokoll<\/p>\nAktbilaga 26<br \/>\nutskrift av belastningaregisterutdrag\n<h2><\/h2>\n<h2>Aktbilaga 27<\/h2>\n<p>12 januari 2018<\/p>\n<p>Fr\u00e5n \u00e5klagarkammaren i Hbg till Carina S\u00e4llberg<\/p>\n<p>Du st\u00e4ms f\u00f6r att svara p\u00e5 \u00e5talet i bifogade ans\u00f6kan, aktbilaga 20, och de yrkanden som framst\u00e4llts i samband med \u00e5talet. St\u00e4mningsans\u00f6kn \u00e4r bifogad.<\/p>\n<h2>Aktbilaga 32<\/h2>\n<p>\u00c5klagarens anst\u00e5ndsbeg\u00e4ran<\/p>\n<p>&#8221;Pga of\u00f6rutsedd arbetsanhopning n\u00f6dgas undertecknad beg\u00e4ra anst\u00e5nd till den 14 mars 2018 med att inkomma med uppgifter i enlighet med vad som antecknats i protokollet fr\u00e5n sammantr\u00e4det den 13 februari 2018&#8221; (Se under rubriken &#8221;Tidsplan&#8221;, punkten 1)&#8221;<\/p>\n<h2>Aktbilaga 33<\/h2>\n<p>Fr\u00e5ga fr\u00e5n advokatbyr\u00e5n HES om NN ska best\u00e4lla flyg och hotell sj\u00e4lv<\/p>\n<h2><\/h2>\n<h2>Aktbilaga 34<\/h2>\n<p>YTTRANDE fr\u00e5n \u00e5klagaren inkommet den 14 mars<\/p>\n<p>&nbsp;<\/p>\n<h2>Aktbilaga 35<\/h2>\n<p>\u00d6vrig handling sammanfattade bevisning fr\u00e5n \u00e5klagaren<\/p>\n<p>&nbsp;<\/p>\n<h2>Aktbilaga 36<\/h2>\n<p>&nbsp;<\/p>\n<h2>Aktbilaga 34 &#8211; 35<\/h2>\n<p>\u00f6vers\u00e4nd till ombuden f\u00f6r k\u00e4nnedom<\/p>\n<h2><\/h2>\n<h2>Aktbilaga 37<\/h2>\n<p>Carinas Mail till chefsr\u00e5dman Nicklas S\u00f6derberg ang\u00e5ende att hon inte erh\u00e5llit protokoll fr\u00e5n m\u00f6tet den 13 mars och heller inte den mer preciserade redog\u00f6relse vad g\u00e4ller brottsrubriceringen av de p\u00e5st\u00e5dda meddelandena som NS hade \u00e5lagt \u00e5klagaren att inkomma med.<\/p>\n<p>Du hittar den p\u00e5 denna sida: Carina S\u00e4llbergs st\u00e4mningsans\u00f6kan mot \u00e5klagare om falskt \u00e5tal i m\u00e5l B 4019-16 f\u00f6r olaga f\u00f6rf\u00f6ljelse<\/p>\n<blockquote data-secret=\"kmGmXW5FDi\"><p><a href=\"http:\/\/mmstudies.com\/sallberg\/mal4019-16\/atal-aklagare\/\">Carina S\u00e4llbergs st\u00e4mningsans\u00f6kan mot \u00e5klagare om falskt \u00e5tal i m\u00e5l B 4019-16 f\u00f6r olaga f\u00f6rf\u00f6ljelse<\/a><\/p><\/blockquote>\n<p><iframe loading=\"lazy\" sandbox=\"allow-scripts\" security=\"restricted\" src=\"http:\/\/mmstudies.com\/sallberg\/mal4019-16\/atal-aklagare\/embed\/#?secret=kmGmXW5FDi\" data-secret=\"kmGmXW5FDi\" width=\"600\" height=\"338\" title=\"&#8221;Carina S\u00e4llbergs st\u00e4mningsans\u00f6kan mot \u00e5klagare om falskt \u00e5tal i m\u00e5l B 4019-16 f\u00f6r olaga f\u00f6rf\u00f6ljelse&#8221; &#8212; JUSTITIEMORDET P\u00c5 CARINA S\u00c4LLBERG\" frameborder=\"0\" marginwidth=\"0\" marginheight=\"0\" scrolling=\"no\"><\/iframe><\/p>\n<p>&nbsp;<\/p>\n<h2>Aktbilaga 38<\/h2>\n<p>Ans\u00f6kan om anst\u00e5nd till den 25 april fr\u00e5n Maria Fager Hohenthal<\/p>\n<h2><\/h2>\n<h2>Aktbilaga 40 &#8211; 43<\/h2>\n<p>Carinas motbevis i fr\u00e5ga om inledningen av kommunikation med Lisa S\u00f6dersten p\u00e5 S\u00e4kra och NN:s nya sambo XX<\/p>\n<p>Kommunikationen med sambon XX finns dokumenterad i<\/p>\n<p>F\u00f6rfalskade urkunder och falska tillvitelser till grund f\u00f6r fem \u00e5rs r\u00e4ttslig terror (konversationen med XX)<\/p>\n<blockquote data-secret=\"wY4dVGq5Xa\"><p><a href=\"http:\/\/mmstudies.com\/sallberg\/carinas-motbevis\/urkunder\/\">F\u00f6rfalskade urkunder och falska tillvitelser till grund f\u00f6r fem \u00e5rs r\u00e4ttslig terror<\/a><\/p><\/blockquote>\n<p><iframe loading=\"lazy\" sandbox=\"allow-scripts\" security=\"restricted\" src=\"http:\/\/mmstudies.com\/sallberg\/carinas-motbevis\/urkunder\/embed\/#?secret=wY4dVGq5Xa\" data-secret=\"wY4dVGq5Xa\" width=\"600\" height=\"338\" title=\"&#8221;F\u00f6rfalskade urkunder och falska tillvitelser till grund f\u00f6r fem \u00e5rs r\u00e4ttslig terror&#8221; &#8212; JUSTITIEMORDET P\u00c5 CARINA S\u00c4LLBERG\" frameborder=\"0\" marginwidth=\"0\" marginheight=\"0\" scrolling=\"no\"><\/iframe><\/p>\n<h2><\/h2>\n<h2>Aktbilaga 44<\/h2>\n<p>\u00c5klagarkammaren i Hbg<\/p>\n<p>Carina ringer in och meddelar att uppgiften g\u00e4llande m\u00e5let som Tom Svensson ska h\u00f6ras om ska vara tingsr\u00e4ttens m\u00e5l \u00c4 2016-16 (Kontaktf\u00f6rbud nr 1)<\/p>\n<p>&nbsp;<\/p>\n<h2>Aktbilaga 51<\/h2>\n<p>Fr\u00e5n HES om 40 000 till NN<\/p>\n<h2><\/h2>\n<h2>Aktbilaga 53<\/h2>\n<p>Protokoll Chefsr\u00e5dmannen Nicklas S\u00f6derbergs avvisande av Carinas 13 vittnen i m\u00e5l B 4019-16<\/p>\nDen finns publicerad p\u00e5 sidan:<br \/>\nChefsr\u00e5dman Nicklas S\u00f6derberg avvisar utan motivering Carinas 13 vittnen\n<blockquote data-secret=\"I2pwr7pAEw\"><p><a href=\"http:\/\/mmstudies.com\/sallberg\/mal4019-16\/avvisadevittnen\/\">Chefsr\u00e5dman Nicklas S\u00f6derberg avvisar utan motivering Carinas 13 vittnen<\/a><\/p><\/blockquote>\n<p><iframe loading=\"lazy\" sandbox=\"allow-scripts\" security=\"restricted\" src=\"http:\/\/mmstudies.com\/sallberg\/mal4019-16\/avvisadevittnen\/embed\/#?secret=I2pwr7pAEw\" data-secret=\"I2pwr7pAEw\" width=\"600\" height=\"338\" title=\"&#8221;Chefsr\u00e5dman Nicklas S\u00f6derberg avvisar utan motivering Carinas 13 vittnen&#8221; &#8212; JUSTITIEMORDET P\u00c5 CARINA S\u00c4LLBERG\" frameborder=\"0\" marginwidth=\"0\" marginheight=\"0\" scrolling=\"no\"><\/iframe><\/p>\n<h2><\/h2>\n<h2>Aktbilaga 55<\/h2>\n<p>Kallelse till Lisa S\u00f6dersten att infinna sig i r\u00e4tten<\/p>\n<p>&nbsp;<\/p>\n<h2>Aktbilaga 56<\/h2>\n<p>Carinas mailv\u00e4xling med Nicklas S\u00f6derberg om varf\u00f6r han avvisat alla hennes 13 vittnen.<\/p>\n<h2><\/h2>\n<h2>Aktbilaga 58<\/h2>\n<p>Carina mailar NS sitt klagom\u00e5l \u00f6ver att hon f\u00f6rst samma dag, fredagen den 18 maj mottog den bevisning som \u00e5klagaren \u00e4mnade \u00e5beropa vid huvudf\u00f6rhandlingen som inleddes p\u00e5 m\u00e5ndagen d\u00e4rp\u00e5 den 21 maj<\/p>\nFinns publicerad p\u00e5 sid:<br \/>\nCarina S\u00e4llbergs st\u00e4mningsans\u00f6kan mot \u00e5klagare om falskt \u00e5tal i m\u00e5l B 4019-16 f\u00f6r olaga f\u00f6rf\u00f6ljelse\n<blockquote data-secret=\"kmGmXW5FDi\"><p><a href=\"http:\/\/mmstudies.com\/sallberg\/mal4019-16\/atal-aklagare\/\">Carina S\u00e4llbergs st\u00e4mningsans\u00f6kan mot \u00e5klagare om falskt \u00e5tal i m\u00e5l B 4019-16 f\u00f6r olaga f\u00f6rf\u00f6ljelse<\/a><\/p><\/blockquote>\n<p><iframe loading=\"lazy\" sandbox=\"allow-scripts\" security=\"restricted\" src=\"http:\/\/mmstudies.com\/sallberg\/mal4019-16\/atal-aklagare\/embed\/#?secret=kmGmXW5FDi\" data-secret=\"kmGmXW5FDi\" width=\"600\" height=\"338\" title=\"&#8221;Carina S\u00e4llbergs st\u00e4mningsans\u00f6kan mot \u00e5klagare om falskt \u00e5tal i m\u00e5l B 4019-16 f\u00f6r olaga f\u00f6rf\u00f6ljelse&#8221; &#8212; JUSTITIEMORDET P\u00c5 CARINA S\u00c4LLBERG\" frameborder=\"0\" marginwidth=\"0\" marginheight=\"0\" scrolling=\"no\"><\/iframe><\/p>\n<p>&nbsp;<\/p>\n<h2>Aktbilaga 82<\/h2>\n<p>NN:s KAPITALF\u00d6RVALTNINGSFULLMAKT utan Carina underskrift<\/p>\n<h2><\/h2>\n<h2>Aktbilaga 59<\/h2>\nKompletterande bevisning att NN har anm\u00e4lt CS falskt i bilaga 1, 2 och tre i M\u00e5l 4019-16<br \/>\n______________________________________\n<h2><\/h2>\n<h2>Aktbilaga 60 &#8211; 62<\/h2>\n<p>Tre bilagor<\/p>\nMail fr\u00e5n Solidar om Carinas placeringar mm<br \/>\n__________________________________________________\n<h2><\/h2>\n<h2>Aktbilaga 63<\/h2>\nCarinas mail till NS den 20 maj om preskription<br \/>\n_____________________________________________\n<h2><\/h2>\n<h2>Aktbilaga 64<\/h2>\n<p>Mail till Nicklas S\u00f6derberg fr\u00e5n den 20 maj 2018:<\/p>\n<p>Jag ber dig uppm\u00e4rksamma att preskription har intr\u00e4tt f\u00f6r elva av de \u00e5talade meddelandena, de som ligger f\u00f6re den 12 februari 2018.<\/p>\n<p>_________________________________________________<\/p>\n<p>______________________________________________________<\/p>\n<h2>Aktibialaga 66 &#8211; 67<\/h2>\nAdvokat Maria Fager Hohenthals tidslinje<br \/>\nFinns publicerad p\u00e5 sidan:\n<p>TIDSLINJE<\/p>\n<p>&nbsp;<\/p>\n<blockquote data-secret=\"R0SUu4Bcqk\"><p><a href=\"http:\/\/mmstudies.com\/sallberg\/historia\/oversiktlig\/tidslinje\/\">\u00d6VERSIKTLIG TIDSLINJE SEDAN 2008<\/a><\/p><\/blockquote>\n<iframe loading=\"lazy\" title=\"&#8221;\u00d6VERSIKTLIG TIDSLINJE SEDAN 2008&#8221; &#8212; JUSTITIEMORDET P\u00c5 CARINA S\u00c4LLBERG\" sandbox=\"allow-scripts\" security=\"restricted\" src=\"http:\/\/mmstudies.com\/sallberg\/historia\/oversiktlig\/tidslinje\/embed\/#?secret=R0SUu4Bcqk\" data-secret=\"R0SUu4Bcqk\" width=\"600\" height=\"338\" frameborder=\"0\" marginwidth=\"0\" marginheight=\"0\" scrolling=\"no\"><\/iframe><br \/>\n______________________________________________________________________\n<h2><\/h2>\n<h2>AKTBILAGA 68-69 (aktbilaga 198 i m\u00e5l 6503-13)<\/h2>\n<p>HES kostnadsber\u00e4kning<\/p>\n<p>_________________________________________________________<\/p>\n<h2><\/h2>\n<h2>Aktbilaga 71<\/h2>\nJustering av Bilaga 1 till st\u00e4mningsans\u00f6kan<br \/>\nAktbilaga 71\n<p>Justering av Bilaga 1 till huvudf\u00f6rhandling till St\u00e4mningsans\u00f6kan<\/p>\n<p>_________________________________________<\/p>\n<h2><\/h2>\n<h2>Aktbilaga 65<\/h2>\n<p>Anteckningar vi huvudf\u00f6rhandling<\/p>\n<p>Samma som ovan men med r\u00e4ttat datum i underskriften<\/p>\n<p>PROTOKOLL fr\u00e5n i huvudf\u00f6rhandling<\/p>\n<p>DAG 1<\/p>\nAnnan bevisning \/ utredning som lagts fram:<br \/>\n\u00c5beropad AB \u00e5klagaren; se aktbilaga 57 under \u201dBevispunkt 1\u201d och \u201dBevispunkt\u201d 3 och d\u00e4r upptagna h\u00e4nvisningar\n<p>F\u00f6rh\u00f6r med Lisa S\u00f6dersten<\/p>\n<p>DAG 2<\/p>\n<p>\u00c5beropad av \u00e5klagaren<\/p>\n<p>F\u00f6rh\u00f6r med Tina Hansson<\/p>\nAnnan bevisning \/ utredning som lagts fram:<br \/>\n\u00c5beropad AB \u00e5klagaren; se aktbilaga 57 under \u201dBevispunkt 1\u201d och \u201dBevispunkt\u201d 3 och d\u00e4r upptagna h\u00e4nvisning\n<p>DAG 3<\/p>\n<p>F\u00f6rh\u00f6r med NN<\/p>\nAnnan bevisning \/ utredning som lagts fram:<br \/>\n\u00c5beropad AB \u00e5klagaren; se aktbilaga 57 s 3 under \u201dBevispunkt 4\u201d och \u201dBevispunkt 5\u201d och \u201dBevispunkt 6\u201d och d\u00e4r upptagna h\u00e4nvisning\n<p>\u00c5beropad av f\u00f6rsvararen; se aktbilaga 57, s 247 och d\u00e4r upptagna h\u00e4nvisningar<\/p>\n<p>\u00c5beropad av Carina S\u00e4llberg Aktbilaga 68-69 och 73<\/p>\n<p>Forts\u00e4ttning HES \u00e5beropar Aktbilaga 75 osv + preskription<\/p>\n<p>____________________________________________________________<\/p>\n<h2><\/h2>\n<h2>AKTBILAGA nr 75<\/h2>\nHandklottrade uppgifter fr\u00e5n kapitel 6 i FUP fr\u00e5n Helene Ek Sederholm<br \/>\n______________________________\n<h2><\/h2>\n<h2>Aktbilaga 78<\/h2>\nMail fr\u00e5n Carina till styrkande att NN har utan bifogad fi<br \/>\n_________________________________________________________\n<h2><\/h2>\n<h2>Aktbilaga 79-80<\/h2>\nKapitalf\u00f6rvaltningsfullmakt fr\u00e5n Handelsbanken Liv och L\u00e4nsf\u00f6rs\u00e4kringar utan Carinas underskrift<br \/>\n_________________________________________________\n<h2><\/h2>\n<h2>Aktbilaga 82<\/h2>\nBevisuppgift fr\u00e5n m\u00e5ls\u00e4garbitr\u00e4de<br \/>\nKapitalf\u00f6rvaltningsfullmakt utan Carinas underskrift\n<p>____________________________________________________<\/p>\n<h2><\/h2>\n<h2>Aktbilaga 84<\/h2>\nKlotter \u201dBevispunkter\u201d fr\u00e5n FUP 6 O &#8211; 6 F<br \/>\n_______________________________________________________\n<h2><\/h2>\n<h2>Aktbilaga 85<\/h2>\nFacebookinl\u00e4gg fr\u00e5n den 31 maj. Det sista hon fick h\u00f6ra av \u00e5klagaren var att \u201dCarina har en \u00f6versittarattityd och nu s\u00e4ger hon att hon ska skriva en bok ocks\u00e5 minsann.<br \/>\nDen andra gav mig olika f\u00f6rslag p\u00e5 hur jag ist\u00e4llet skulle formulera mig p\u00e5 Facebook \u201deftersom alla som g\u00e5r in och l\u00e4ser p\u00e5 Carinas sida f\u00f6rst\u00e5r nog inte det som hon menar med satir.<br \/>\n______________________________________________________\n<h2><\/h2>\n<h2>Aktbilaga 96<\/h2>\nDokumentation p\u00e5 ett telefonp\u00e5ringning fr\u00e5n NN den 20 maj<br \/>\n___________________________________________________\n<h2><\/h2>\n<h2>Aktbilaga 97<\/h2>\n<p>Mail med kompletterande bevisuppgift (Telefonp\u00e5ringning ovan)<\/p>\n<p>______________________________________________________<\/p>\n<h2><\/h2>\n<h2>Aktbilaga 100<\/h2>\nFortsatt huvudf\u00f6rhandling den 28 juni 2017, varvid beslut togs om en r\u00e4ttspsykiatrisk utredning f\u00f6r Carina S\u00e4llbergs vidkommande<br \/>\nDen finns publicerad p\u00e5 sidan:\n<p>Huvudf\u00f6rhandling om p\u00e5f\u00f6ljdsfr\u00e5gan \/ beslut om r\u00e4ttspsykiatrisk utredning den 28 juni 2018<\/p>\n<blockquote data-secret=\"fmxxjBSFWY\"><p><a href=\"http:\/\/mmstudies.com\/sallberg\/mal4019-16\/pafoljdsfragan\/\">Huvudf\u00f6rhandling om p\u00e5f\u00f6ljdsfr\u00e5gan \/ beslut om r\u00e4ttspsykiatrisk utredning  den 28 juni 2018<\/a><\/p><\/blockquote>\n<p><iframe loading=\"lazy\" sandbox=\"allow-scripts\" security=\"restricted\" src=\"http:\/\/mmstudies.com\/sallberg\/mal4019-16\/pafoljdsfragan\/embed\/#?secret=fmxxjBSFWY\" data-secret=\"fmxxjBSFWY\" width=\"600\" height=\"338\" title=\"&#8221;Huvudf\u00f6rhandling om p\u00e5f\u00f6ljdsfr\u00e5gan \/ beslut om r\u00e4ttspsykiatrisk utredning  den 28 juni 2018&#8221; &#8212; JUSTITIEMORDET P\u00c5 CARINA S\u00c4LLBERG\" frameborder=\"0\" marginwidth=\"0\" marginheight=\"0\" scrolling=\"no\"><\/iframe><\/p>\n<p>______________________________________________________<\/p>\n<h2><\/h2>\n<h2>Aktbilaga 102<\/h2>\n<p>Dokumentation av Nicklas S\u00f6derbergs Facebook-kontakt med Sophie S\u00f6derling<\/p>\n<p>____________________________________________<\/p>\n<h2><\/h2>\n<h2>KONTAKTF\u00d6RBUD nr 1 \/ mars 2013<\/h2>\n<p>\u00c5klagarkammarmyndigheten<\/p>\n<h3>M\u00e5lnummer \u00c4 2016 &#8211; 14<\/h3>\n<p>F\u00f6rbudsnummer AM-46528-13-2<\/p>\n<p>Aktbilaga 2 i \u00c4rende AM-46520-13<\/p>\n<p>Polisens \u00e4rendenummer 438-A273.386\/2013<\/p>\n<h3>Kontaktf\u00f6rbud<\/h3>\n<p>Beslutet g\u00e4ller fr\u00e5n den 5 mars 2014 till och med den 9 sept 2014<\/p>\n<h2><\/h2>\n<h2>Motivering:<\/h2>\n<p>Det finns p\u00e5 grund av s\u00e4rskilda omst\u00e4ndigheter risk att S\u00e4llberg Carina kommer att beg\u00e5 brott mot, f\u00f6rf\u00f6lja eller p\u00e5 annat s\u00e4tt allvarligt trakassera NN. P\u00e5g\u00e5ende utredning ger st\u00f6d \u00e5t ans\u00f6kan. S\u00e4llberg \u00e4r misst\u00e4nkt f\u00f6r olaga f\u00f6rf\u00f6ljelse mot NN. Utredningen visar att S\u00e4llberg under en l\u00e4ngre strid i stor omfattning kontaktat NN och dennes bekantskapskrets trots att hon varit inf\u00f6rst\u00e5dd med att NN ej \u00f6nskat ha n\u00e5got med S\u00e4llberg att g\u00f6ra. Sk\u00e4len f\u00f6r ett s\u00e5dant f\u00f6rbud uppv\u00e4ger det intr\u00e5ng eller men i \u00f6vrigt som f\u00f6rbudet skulle inneb\u00e4ra f\u00f6r Carina S\u00e4llberg<\/p>\n<p>Lagrum 1\u00a7 lagen (1988:688) om kontaktf\u00f6rbud<\/p>\n<p>Tom Svensson<\/p>\n<p>&nbsp;<\/p>\n<h2>KONTAKTF\u00d6RBUD nr 2 augusti 2016<\/h2>\n<h3>\u00c4rende AM 46528-13<\/h3>\n<p>&nbsp;<\/p>\nSLUTGILTIG BESLUT den 9 sept 2019 \u00c4 4541 &#8211; 16<br \/>\nDen finns publicerad p\u00e5 sidan:<br \/>\nSLUTGILTIGT BESLUT \/ kontaktf\u00f6rbud nr 2 upph\u00e4vt enligt dom av Karolin Fridolf \u00a0http:\/\/mmstudies.com\/sallberg\/carinas-motbevis\/slutgiltigt-beslut\/\n\t<blockquote data-secret=\"OdH25jPLwN\"><p><a href=\"http:\/\/mmstudies.com\/sallberg\/mal4019-16\/dagboksblad-4019-16\/\">DAGBOKSBLAD M\u00c5L B 4019-16<\/a><\/p><\/blockquote>\n<p><iframe loading=\"lazy\" sandbox=\"allow-scripts\" security=\"restricted\" src=\"http:\/\/mmstudies.com\/sallberg\/mal4019-16\/dagboksblad-4019-16\/embed\/#?secret=OdH25jPLwN\" data-secret=\"OdH25jPLwN\" width=\"600\" height=\"338\" title=\"&#8221;DAGBOKSBLAD M\u00c5L B 4019-16&#8221; &#8212; JUSTITIEMORDET P\u00c5 CARINA S\u00c4LLBERG\" frameborder=\"0\" marginwidth=\"0\" marginheight=\"0\" scrolling=\"no\"><\/iframe><\/p>\n","protected":false},"excerpt":{"rendered":"<p>F\u00d6RTECKNING \u00d6VER AKTBILAGORNAS INNEH\u00c5LL: Aktbilaga 13 YTTRANDE \u00d6VER F\u00d6RH\u00d6RSPROTOKOLL G\u00e4ller f\u00f6rtalsm\u00e5let mot RD Carinas yttrande genom hennes advokat Maria Fager Hohenthal via mail den 27 nov 2017 ang\u00e5ende \u201dde felaktigheter som hon menar finns vad g\u00e4ller f\u00f6runders\u00f6kningsprotokollet.\u201d \u201dVad g\u00e4ller brottsmisstanken som s\u00e5dan g\u00f6r min huvudman g\u00e4llande att det brister p\u00e5 v\u00e4sentliga punkter, d\u00e5 hennes Facebooksida&#8230;<\/p>\n","protected":false},"author":1,"featured_media":0,"parent":244,"menu_order":0,"comment_status":"closed","ping_status":"closed","template":"full-width-page.php","meta":{"footnotes":""},"class_list":["post-2094","page","type-page","status-publish","hentry"],"_links":{"self":[{"href":"http:\/\/mmstudies.com\/sallberg\/wp-json\/wp\/v2\/pages\/2094","targetHints":{"allow":["GET"]}}],"collection":[{"href":"http:\/\/mmstudies.com\/sallberg\/wp-json\/wp\/v2\/pages"}],"about":[{"href":"http:\/\/mmstudies.com\/sallberg\/wp-json\/wp\/v2\/types\/page"}],"author":[{"embeddable":true,"href":"http:\/\/mmstudies.com\/sallberg\/wp-json\/wp\/v2\/users\/1"}],"replies":[{"embeddable":true,"href":"http:\/\/mmstudies.com\/sallberg\/wp-json\/wp\/v2\/comments?post=2094"}],"version-history":[{"count":8,"href":"http:\/\/mmstudies.com\/sallberg\/wp-json\/wp\/v2\/pages\/2094\/revisions"}],"predecessor-version":[{"id":2963,"href":"http:\/\/mmstudies.com\/sallberg\/wp-json\/wp\/v2\/pages\/2094\/revisions\/2963"}],"up":[{"embeddable":true,"href":"http:\/\/mmstudies.com\/sallberg\/wp-json\/wp\/v2\/pages\/244"}],"wp:attachment":[{"href":"http:\/\/mmstudies.com\/sallberg\/wp-json\/wp\/v2\/media?parent=2094"}],"curies":[{"name":"wp","href":"https:\/\/api.w.org\/{rel}","templated":true}]}}