{"id":352,"date":"2018-07-12T10:13:58","date_gmt":"2018-07-12T10:13:58","guid":{"rendered":"http:\/\/mmstudies.com\/sallberg\/?page_id=352"},"modified":"2023-08-09T12:15:19","modified_gmt":"2023-08-09T12:15:19","slug":"dujmovic-press","status":"publish","type":"page","link":"http:\/\/mmstudies.com\/sallberg\/intervju\/dujmovic-press\/","title":{"rendered":"HD-reportern Robert Dujmovics negligering av fakta och grundl\u00e4ggande pressetiska regler"},"content":{"rendered":"\n\n\t<p>CARINA S\u00c4LLBERG- FALSKELIGEN UTH\u00c4NGD AV HD-REPORTERN ROBERT DUJMOVIC \u00a0SOM BROTTSLING I ORTSPRESSEN<\/p>\n\t<p>HD-REPORTERN ROBERT DUJMOVICS \u00a0NEGLIGERING \u00a0AV FAKTA OCH GRUNDL\u00c4GGANDE PRESSETISKA REGLER I SIN BEVAKNING AV DE R\u00c4TTSLIGA H\u00c4XPROCESSERNA MOT CARINA S\u00c4LLBERG<\/p>\n<p>&nbsp;<\/p>\n<p><strong>Kommenterad av Carina S\u00e4llberg p\u00e5 sidan\u00a0<\/strong><strong><a href=\"http:\/\/mmstudies.com\/sallberg\/intervju\/\">Carina intervjuas om \u00e5talet om grovt f\u00f6rtal\u00a0\u00bb<\/a><\/strong><\/p>\n<p>&nbsp;<\/p>\n<p>Fem grova fel i Roberts Dujmovics rapportering i Helsingborgs Dagblad av skenr\u00e4tteg\u00e5ngarna mot Carina S\u00e4llberg, som inte r\u00e4ttades och inte heller kunde f\u00f6rklaras\/f\u00f6rsvaras av Robert Dujmovic sj\u00e4lv under f\u00f6rh\u00f6r i r\u00e4tten, anges h\u00e4r \u00a0under. Proportionerna p\u00e5 hans brottsutpekande artiklar, l\u00f6gner och undanh\u00e5llande av fakta samt v\u00e4gran att r\u00e4tta fel tyder p\u00e5 att han haft utomr\u00e4ttsliga motiv till sitt agerande, varvid det inte heller torde vara alltf\u00f6r &#8221;vidlyftigt&#8221; l\u00e5ngtg\u00e5ende att dra slutsatsen att han har skrivit p\u00e5 uppdrag av n\u00e5gon eller n\u00e5gra andra.<\/p>\n\t<p><strong>L\u00f6gn<\/strong>: Robert Dujmovic skriver i Helsingborgs Dagblad, v\u00e5ren 2015, trots att han har \u00e5talet framf\u00f6r sig att Carina S\u00e4llberg har ofredat och kr\u00e4nkt sin ex-sambo med 840 meddelanden. Siffran spreds lavinartat. \u00c5talet omfattade 200 meddelanden (vilka samtliga var manipulerade av ex-sambon). Robert Dujmovic \u00a0v\u00e4grade sedan att r\u00e4tta siffran s\u00e5 att den \u00e5tminstone \u00f6verensst\u00e4mde med \u00e5talet, trots att Carina S\u00e4llberg gjorde en m\u00e4ngd f\u00f6rs\u00f6k. Robert Dujmovic uppgav i nu aktuell r\u00e4tteg\u00e5ng med samma sorts bevismaterial att han v\u00e5ren 2015 hade publicerat Niklas uppgift. Han kunde inte svara p\u00e5 varf\u00f6r han inte hade r\u00e4ttat den n\u00e4r han ins\u00e5g att den var fel. Uppgiften \u00e4r fortfarande inte r\u00e4ttad.<\/p>\n<p><strong>L\u00f6gn:<\/strong>\u00a0Robert Dujmovic skrev artiklar i Helsingborgs Dagblad \u00a0att Carina S\u00e4llberg \u00e4ven hade kontaktat sin ex-sambos bekanta. Men \u00e5talet omfattade inga kontakter med bekanta.<\/p>\n<p><strong>L\u00f6gn<\/strong>:\u00a0Robert Dujmovic skrev i Helsingborgs Dagblad att Carina S\u00e4llberg \u00e4ven hade kontaktat sin ex-sambos chef. Men ex-sambon uppgav i nuvarande r\u00e4tteg\u00e5ng att han inte hade n\u00e5gon chef varken d\u00e5 eller nu. Han var chefen. \u00c5talet som Robert Dujmovic hade till hands, \u00a0n\u00e4r han skrev detta, omfattade inte n\u00e5gra kontakter med n\u00e5gon chef.<\/p>\n<p><strong>L\u00f6gn:<\/strong>\u00a0Robert Dujmovic skrev i Helsingborgs Dagblad att Carina S\u00e4llberg hade ofredat och kr\u00e4nkt sin ex-sambo. Detta skrevs som ett p\u00e5st\u00e5ende i rubrik och ingress under en halv\u00e5rsperiod innan hon d\u00f6mdes. P\u00e5st\u00e5endet illustrerades med ett stort foto p\u00e5 henne och ett foto p\u00e5 n\u00e5gon som sitter och skriver p\u00e5 en dator i m\u00f6rkret.<\/p>\n<p><strong>L\u00f6gn<\/strong>:\u00a0Robert Dujmovic skrev p\u00e5 Twitter att FP rekommenderade henne att avg\u00e5. FP hade inte haft n\u00e5got m\u00f6te om detta. FP hade inte fattat beslut om detta. Publiceringen skedde p\u00e5 morgonen samma dag som domen kom och flera timmar innan domen kommit.<\/p>\n<p>&nbsp;<\/p>\n<p>UTDRAG H\u00c4MTADE UR POLISENS F\u00d6RUNDERS\u00d6KNINGSPROTOKOLL:<\/p>\n\t\t\t\t<img loading=\"lazy\" decoding=\"async\" src=\"http:\/\/mmstudies.com\/sallberg\/wp-content\/uploads\/sites\/13\/2018\/07\/Sk\u00e4rmavbild-2018-07-12-kl.-14.57.04.png\" alt=\"Sk\u00e4rmavbild 2018-07-12 kl. 14.57.04\" itemprop=\"image\" height=\"538\" width=\"1520\" title=\"Sk\u00e4rmavbild 2018-07-12 kl. 14.57.04\" onerror=\"this.style.display='none'\"  \/>\n\t\t\t\t<img loading=\"lazy\" decoding=\"async\" src=\"http:\/\/mmstudies.com\/sallberg\/wp-content\/uploads\/sites\/13\/2018\/07\/Sk\u00e4rmavbild-2018-07-12-kl.-11.38.09.png\" alt=\"Sk\u00e4rmavbild 2018-07-12 kl. 11.38.09\" itemprop=\"image\" height=\"130\" width=\"1566\" title=\"Sk\u00e4rmavbild 2018-07-12 kl. 11.38.09\" onerror=\"this.style.display='none'\"  \/>\n\t\t\t\t<img loading=\"lazy\" decoding=\"async\" src=\"http:\/\/mmstudies.com\/sallberg\/wp-content\/uploads\/sites\/13\/2018\/07\/Sk\u00e4rmavbild-2018-07-12-kl.-11.37.40.png\" alt=\"Sk\u00e4rmavbild 2018-07-12 kl. 11.37.40\" itemprop=\"image\" height=\"864\" width=\"1557\" title=\"Sk\u00e4rmavbild 2018-07-12 kl. 11.37.40\" onerror=\"this.style.display='none'\"  \/>\n\t\t\t\t<img loading=\"lazy\" decoding=\"async\" src=\"http:\/\/mmstudies.com\/sallberg\/wp-content\/uploads\/sites\/13\/2018\/07\/Sk\u00e4rmavbild-2018-07-12-kl.-11.38.27-1.png\" alt=\"Sk\u00e4rmavbild 2018-07-12 kl. 11.38.27\" itemprop=\"image\" height=\"458\" width=\"1556\" title=\"Sk\u00e4rmavbild 2018-07-12 kl. 11.38.27\" onerror=\"this.style.display='none'\"  \/>\n\t\t\t\t<img loading=\"lazy\" decoding=\"async\" src=\"http:\/\/mmstudies.com\/sallberg\/wp-content\/uploads\/sites\/13\/2018\/07\/Sk\u00e4rmavbild-2018-07-12-kl.-13.44.47.png\" alt=\"Sk\u00e4rmavbild 2018-07-12 kl. 13.44.47\" itemprop=\"image\" height=\"570\" width=\"1568\" title=\"Sk\u00e4rmavbild 2018-07-12 kl. 13.44.47\" onerror=\"this.style.display='none'\"  \/>\n\t\t\t\t<img loading=\"lazy\" decoding=\"async\" src=\"http:\/\/mmstudies.com\/sallberg\/wp-content\/uploads\/sites\/13\/2018\/07\/Sk\u00e4rmavbild-2018-07-12-kl.-11.38.40.png\" alt=\"Sk\u00e4rmavbild 2018-07-12 kl. 11.38.40\" itemprop=\"image\" height=\"861\" width=\"1564\" title=\"Sk\u00e4rmavbild 2018-07-12 kl. 11.38.40\" onerror=\"this.style.display='none'\"  \/>\n\t\t\t\t<img loading=\"lazy\" decoding=\"async\" src=\"http:\/\/mmstudies.com\/sallberg\/wp-content\/uploads\/sites\/13\/2018\/07\/Sk\u00e4rmavbild-2018-07-12-kl.-11.38.53.png\" alt=\"Sk\u00e4rmavbild 2018-07-12 kl. 11.38.53\" itemprop=\"image\" height=\"835\" width=\"1564\" title=\"Sk\u00e4rmavbild 2018-07-12 kl. 11.38.53\" onerror=\"this.style.display='none'\"  \/>\n\t\t\t\t<img loading=\"lazy\" decoding=\"async\" src=\"http:\/\/mmstudies.com\/sallberg\/wp-content\/uploads\/sites\/13\/2018\/07\/Sk\u00e4rmavbild-2018-07-12-kl.-13.55.01.png\" alt=\"Sk\u00e4rmavbild 2018-07-12 kl. 13.55.01\" itemprop=\"image\" height=\"590\" width=\"1567\" title=\"Sk\u00e4rmavbild 2018-07-12 kl. 13.55.01\" onerror=\"this.style.display='none'\"  \/>\n\t\t\t\t<img loading=\"lazy\" decoding=\"async\" src=\"http:\/\/mmstudies.com\/sallberg\/wp-content\/uploads\/sites\/13\/2018\/07\/Sk\u00e4rmavbild-2018-07-12-kl.-13.57.52.png\" alt=\"Sk\u00e4rmavbild 2018-07-12 kl. 13.57.52\" itemprop=\"image\" height=\"797\" width=\"1567\" title=\"Sk\u00e4rmavbild 2018-07-12 kl. 13.57.52\" onerror=\"this.style.display='none'\"  \/>\n\t\t\t\t<img loading=\"lazy\" decoding=\"async\" src=\"http:\/\/mmstudies.com\/sallberg\/wp-content\/uploads\/sites\/13\/2018\/07\/Sk\u00e4rmavbild-2018-07-12-kl.-14.01.02.png\" alt=\"Sk\u00e4rmavbild 2018-07-12 kl. 14.01.02\" itemprop=\"image\" height=\"814\" width=\"1568\" title=\"Sk\u00e4rmavbild 2018-07-12 kl. 14.01.02\" onerror=\"this.style.display='none'\"  \/>\n\t\t\t\t<img loading=\"lazy\" decoding=\"async\" src=\"http:\/\/mmstudies.com\/sallberg\/wp-content\/uploads\/sites\/13\/2018\/07\/Sk\u00e4rmavbild-2018-07-12-kl.-14.04.21.png\" alt=\"Sk\u00e4rmavbild 2018-07-12 kl. 14.04.21\" itemprop=\"image\" height=\"802\" width=\"1526\" title=\"Sk\u00e4rmavbild 2018-07-12 kl. 14.04.21\" onerror=\"this.style.display='none'\"  \/>\n\t\t\t\t<img loading=\"lazy\" decoding=\"async\" src=\"http:\/\/mmstudies.com\/sallberg\/wp-content\/uploads\/sites\/13\/2018\/07\/Sk\u00e4rmavbild-2018-07-12-kl.-14.06.03.png\" alt=\"Sk\u00e4rmavbild 2018-07-12 kl. 14.06.03\" itemprop=\"image\" height=\"868\" width=\"1523\" title=\"Sk\u00e4rmavbild 2018-07-12 kl. 14.06.03\" onerror=\"this.style.display='none'\"  \/>\n\t\t\t\t<img loading=\"lazy\" decoding=\"async\" src=\"http:\/\/mmstudies.com\/sallberg\/wp-content\/uploads\/sites\/13\/2018\/07\/Sk\u00e4rmavbild-2018-07-12-kl.-14.08.23.png\" alt=\"Sk\u00e4rmavbild 2018-07-12 kl. 14.08.23\" itemprop=\"image\" height=\"638\" width=\"1515\" title=\"Sk\u00e4rmavbild 2018-07-12 kl. 14.08.23\" onerror=\"this.style.display='none'\"  \/>\n\t\t\t\t<img loading=\"lazy\" decoding=\"async\" src=\"http:\/\/mmstudies.com\/sallberg\/wp-content\/uploads\/sites\/13\/2018\/07\/Sk\u00e4rmavbild-2018-07-12-kl.-14.11.03.png\" alt=\"Sk\u00e4rmavbild 2018-07-12 kl. 14.11.03\" itemprop=\"image\" height=\"853\" width=\"1522\" title=\"Sk\u00e4rmavbild 2018-07-12 kl. 14.11.03\" onerror=\"this.style.display='none'\"  \/>\n\t\t\t\t<img loading=\"lazy\" decoding=\"async\" src=\"http:\/\/mmstudies.com\/sallberg\/wp-content\/uploads\/sites\/13\/2018\/07\/Sk\u00e4rmavbild-2018-07-12-kl.-14.13.05.png\" alt=\"Sk\u00e4rmavbild 2018-07-12 kl. 14.13.05\" itemprop=\"image\" height=\"759\" width=\"1522\" title=\"Sk\u00e4rmavbild 2018-07-12 kl. 14.13.05\" onerror=\"this.style.display='none'\"  \/>\n\t\t\t\t<img loading=\"lazy\" decoding=\"async\" src=\"http:\/\/mmstudies.com\/sallberg\/wp-content\/uploads\/sites\/13\/2018\/07\/Sk\u00e4rmavbild-2018-07-12-kl.-14.15.53.png\" alt=\"Sk\u00e4rmavbild 2018-07-12 kl. 14.15.53\" itemprop=\"image\" height=\"870\" width=\"1528\" title=\"Sk\u00e4rmavbild 2018-07-12 kl. 14.15.53\" onerror=\"this.style.display='none'\"  \/>\n\t\t\t\t<img loading=\"lazy\" decoding=\"async\" src=\"http:\/\/mmstudies.com\/sallberg\/wp-content\/uploads\/sites\/13\/2018\/07\/Sk\u00e4rmavbild-2018-07-12-kl.-14.26.26.png\" alt=\"Sk\u00e4rmavbild 2018-07-12 kl. 14.26.26\" itemprop=\"image\" height=\"863\" width=\"1524\" title=\"Sk\u00e4rmavbild 2018-07-12 kl. 14.26.26\" onerror=\"this.style.display='none'\"  \/>\n\t\t\t\t<img loading=\"lazy\" decoding=\"async\" src=\"http:\/\/mmstudies.com\/sallberg\/wp-content\/uploads\/sites\/13\/2018\/07\/Sk\u00e4rmavbild-2018-07-12-kl.-14.29.01.png\" alt=\"Sk\u00e4rmavbild 2018-07-12 kl. 14.29.01\" itemprop=\"image\" height=\"870\" width=\"1527\" title=\"Sk\u00e4rmavbild 2018-07-12 kl. 14.29.01\" onerror=\"this.style.display='none'\"  \/>\n\t\t\t\t<img loading=\"lazy\" decoding=\"async\" src=\"http:\/\/mmstudies.com\/sallberg\/wp-content\/uploads\/sites\/13\/2018\/07\/Sk\u00e4rmavbild-2018-07-12-kl.-14.32.11.png\" alt=\"Sk\u00e4rmavbild 2018-07-12 kl. 14.32.11\" itemprop=\"image\" height=\"357\" width=\"1522\" title=\"Sk\u00e4rmavbild 2018-07-12 kl. 14.32.11\" onerror=\"this.style.display='none'\"  \/>\n\t\t\t\t<img loading=\"lazy\" decoding=\"async\" src=\"http:\/\/mmstudies.com\/sallberg\/wp-content\/uploads\/sites\/13\/2018\/07\/Sk\u00e4rmavbild-2018-07-12-kl.-14.34.53.png\" alt=\"Sk\u00e4rmavbild 2018-07-12 kl. 14.34.53\" itemprop=\"image\" height=\"863\" width=\"1511\" title=\"Sk\u00e4rmavbild 2018-07-12 kl. 14.34.53\" onerror=\"this.style.display='none'\"  \/>\n\t\t\t\t<img loading=\"lazy\" decoding=\"async\" src=\"http:\/\/mmstudies.com\/sallberg\/wp-content\/uploads\/sites\/13\/2018\/07\/Sk\u00e4rmavbild-2018-07-12-kl.-14.35.19.png\" alt=\"Sk\u00e4rmavbild 2018-07-12 kl. 14.35.19\" itemprop=\"image\" height=\"666\" width=\"1498\" title=\"Sk\u00e4rmavbild 2018-07-12 kl. 14.35.19\" onerror=\"this.style.display='none'\"  \/>\n\t\t\t\t<img loading=\"lazy\" decoding=\"async\" src=\"http:\/\/mmstudies.com\/sallberg\/wp-content\/uploads\/sites\/13\/2018\/07\/Sk\u00e4rmavbild-2018-07-12-kl.-14.43.28.png\" alt=\"Sk\u00e4rmavbild 2018-07-12 kl. 14.43.28\" itemprop=\"image\" height=\"835\" width=\"1525\" title=\"Sk\u00e4rmavbild 2018-07-12 kl. 14.43.28\" onerror=\"this.style.display='none'\"  \/>\n\t\t\t\t<img loading=\"lazy\" decoding=\"async\" src=\"http:\/\/mmstudies.com\/sallberg\/wp-content\/uploads\/sites\/13\/2018\/07\/Sk\u00e4rmavbild-2018-07-12-kl.-14.47.56.png\" alt=\"Sk\u00e4rmavbild 2018-07-12 kl. 14.47.56\" itemprop=\"image\" height=\"667\" width=\"1525\" title=\"Sk\u00e4rmavbild 2018-07-12 kl. 14.47.56\" onerror=\"this.style.display='none'\"  \/>\n\t\t\t\t<img loading=\"lazy\" decoding=\"async\" src=\"http:\/\/mmstudies.com\/sallberg\/wp-content\/uploads\/sites\/13\/2018\/07\/Sk\u00e4rmavbild-2018-07-12-kl.-15.25.06.png\" alt=\"Sk\u00e4rmavbild 2018-07-12 kl. 15.25.06\" itemprop=\"image\" height=\"836\" width=\"1521\" title=\"Sk\u00e4rmavbild 2018-07-12 kl. 15.25.06\" onerror=\"this.style.display='none'\"  \/>\n\t\t\t\t<img loading=\"lazy\" decoding=\"async\" src=\"http:\/\/mmstudies.com\/sallberg\/wp-content\/uploads\/sites\/13\/2018\/07\/Sk\u00e4rmavbild-2018-07-12-kl.-15.29.26.png\" alt=\"Sk\u00e4rmavbild 2018-07-12 kl. 15.29.26\" itemprop=\"image\" height=\"656\" width=\"1522\" title=\"Sk\u00e4rmavbild 2018-07-12 kl. 15.29.26\" onerror=\"this.style.display='none'\"  \/>\n\t\t\t\t<img loading=\"lazy\" decoding=\"async\" src=\"http:\/\/mmstudies.com\/sallberg\/wp-content\/uploads\/sites\/13\/2018\/07\/Sk\u00e4rmavbild-2018-07-12-kl.-15.31.56.png\" alt=\"Sk\u00e4rmavbild 2018-07-12 kl. 15.31.56\" itemprop=\"image\" height=\"760\" width=\"1525\" title=\"Sk\u00e4rmavbild 2018-07-12 kl. 15.31.56\" onerror=\"this.style.display='none'\"  \/>\n\t<p>About<\/p>\n<blockquote data-secret=\"lZL7sNrFbM\"><p><a href=\"http:\/\/mmstudies.com\/sallberg\/intervju\/\">M\u00c5L B 4628- 17 om GROVT F\u00d6RTAL \/ intervju med Carina<\/a><\/p><\/blockquote>\n<p><iframe loading=\"lazy\" sandbox=\"allow-scripts\" security=\"restricted\" src=\"http:\/\/mmstudies.com\/sallberg\/intervju\/embed\/#?secret=lZL7sNrFbM\" data-secret=\"lZL7sNrFbM\" width=\"600\" height=\"338\" title=\"&#8221;M\u00c5L B 4628- 17 om GROVT F\u00d6RTAL \/ intervju med Carina&#8221; &#8212; JUSTITIEMORDET P\u00c5 CARINA S\u00c4LLBERG\" frameborder=\"0\" marginwidth=\"0\" marginheight=\"0\" scrolling=\"no\"><\/iframe><\/p>\n<blockquote data-secret=\"CCO18AF1u6\"><p><a href=\"http:\/\/mmstudies.com\/sallberg\/intervju\/satir1\/\">F\u00f6rsta \u00e5talspunkten: Satir med Pendang<\/a><\/p><\/blockquote>\n<p><iframe loading=\"lazy\" sandbox=\"allow-scripts\" security=\"restricted\" src=\"http:\/\/mmstudies.com\/sallberg\/intervju\/satir1\/embed\/#?secret=CCO18AF1u6\" data-secret=\"CCO18AF1u6\" width=\"600\" height=\"338\" title=\"&#8221;F\u00f6rsta \u00e5talspunkten: Satir med Pendang&#8221; &#8212; JUSTITIEMORDET P\u00c5 CARINA S\u00c4LLBERG\" frameborder=\"0\" marginwidth=\"0\" marginheight=\"0\" scrolling=\"no\"><\/iframe><\/p>\n<blockquote data-secret=\"TJpZNJUnLL\"><p><a href=\"http:\/\/mmstudies.com\/sallberg\/intervju\/satir2\/\">Andra \u00e5talspunken; Satir med brudkl\u00e4nning<\/a><\/p><\/blockquote>\n<p><iframe loading=\"lazy\" sandbox=\"allow-scripts\" security=\"restricted\" src=\"http:\/\/mmstudies.com\/sallberg\/intervju\/satir2\/embed\/#?secret=TJpZNJUnLL\" data-secret=\"TJpZNJUnLL\" width=\"600\" height=\"338\" title=\"&#8221;Andra \u00e5talspunken; Satir med brudkl\u00e4nning&#8221; &#8212; JUSTITIEMORDET P\u00c5 CARINA S\u00c4LLBERG\" frameborder=\"0\" marginwidth=\"0\" marginheight=\"0\" scrolling=\"no\"><\/iframe><\/p>\n<blockquote data-secret=\"TFAY2AQIEE\"><p><a href=\"http:\/\/mmstudies.com\/sallberg\/intervju\/dujmovic\/\">\u00c5klagarens st\u00e4mningsans\u00f6kan f\u00f6r &#8221;grovt f\u00f6rtal&#8221; mot Robert Dujmovic<\/a><\/p><\/blockquote>\n<p><iframe loading=\"lazy\" sandbox=\"allow-scripts\" security=\"restricted\" src=\"http:\/\/mmstudies.com\/sallberg\/intervju\/dujmovic\/embed\/#?secret=TFAY2AQIEE\" data-secret=\"TFAY2AQIEE\" width=\"600\" height=\"338\" title=\"&#8221;\u00c5klagarens st\u00e4mningsans\u00f6kan f\u00f6r &#8221;grovt f\u00f6rtal&#8221; mot Robert Dujmovic&#8221; &#8212; JUSTITIEMORDET P\u00c5 CARINA S\u00c4LLBERG\" frameborder=\"0\" marginwidth=\"0\" marginheight=\"0\" scrolling=\"no\"><\/iframe><\/p>\n<p>&nbsp;<\/p>\n<blockquote data-secret=\"6vkh2VPvjv\"><p><a href=\"http:\/\/mmstudies.com\/sallberg\/intervju\/dujmovic-press\/\">HD-reportern Robert Dujmovics negligering av fakta och grundl\u00e4ggande pressetiska regler<\/a><\/p><\/blockquote>\n<p><iframe loading=\"lazy\" sandbox=\"allow-scripts\" security=\"restricted\" src=\"http:\/\/mmstudies.com\/sallberg\/intervju\/dujmovic-press\/embed\/#?secret=6vkh2VPvjv\" data-secret=\"6vkh2VPvjv\" width=\"600\" height=\"338\" title=\"&#8221;HD-reportern Robert Dujmovics negligering av fakta och grundl\u00e4ggande pressetiska regler&#8221; &#8212; JUSTITIEMORDET P\u00c5 CARINA S\u00c4LLBERG\" frameborder=\"0\" marginwidth=\"0\" marginheight=\"0\" scrolling=\"no\"><\/iframe><\/p>\n<p>&nbsp;<\/p>\n<blockquote data-secret=\"rFMy5lu00o\"><p><a href=\"http:\/\/mmstudies.com\/sallberg\/about\/\">ABOUT<\/a><\/p><\/blockquote>\n<p><iframe loading=\"lazy\" sandbox=\"allow-scripts\" security=\"restricted\" src=\"http:\/\/mmstudies.com\/sallberg\/about\/embed\/#?secret=rFMy5lu00o\" data-secret=\"rFMy5lu00o\" width=\"600\" height=\"338\" title=\"&#8221;ABOUT&#8221; &#8212; JUSTITIEMORDET P\u00c5 CARINA S\u00c4LLBERG\" frameborder=\"0\" marginwidth=\"0\" marginheight=\"0\" scrolling=\"no\"><\/iframe><\/p>\n<blockquote data-secret=\"TojO7NVACU\"><p><a href=\"http:\/\/mmstudies.com\/sallberg\/about\/vem-ar-carina-sallberg\/\">Vem \u00e4r Carina S\u00e4llberg?<\/a><\/p><\/blockquote>\n<p><iframe loading=\"lazy\" sandbox=\"allow-scripts\" security=\"restricted\" src=\"http:\/\/mmstudies.com\/sallberg\/about\/vem-ar-carina-sallberg\/embed\/#?secret=TojO7NVACU\" data-secret=\"TojO7NVACU\" width=\"600\" height=\"338\" title=\"&#8221;Vem \u00e4r Carina S\u00e4llberg?&#8221; &#8212; JUSTITIEMORDET P\u00c5 CARINA S\u00c4LLBERG\" frameborder=\"0\" marginwidth=\"0\" marginheight=\"0\" scrolling=\"no\"><\/iframe><\/p>\n<p>&nbsp;<\/p>\n<blockquote data-secret=\"EPT5RTohnU\"><p><a href=\"http:\/\/mmstudies.com\/sallberg\/about\/kvinnorattskampe\/\">Carinas tidigare politiska engagemang som barn &#8211; och kvinnor\u00e4ttsk\u00e4mpe<\/a><\/p><\/blockquote>\n<p><iframe loading=\"lazy\" sandbox=\"allow-scripts\" security=\"restricted\" src=\"http:\/\/mmstudies.com\/sallberg\/about\/kvinnorattskampe\/embed\/#?secret=EPT5RTohnU\" data-secret=\"EPT5RTohnU\" width=\"600\" height=\"338\" title=\"&#8221;Carinas tidigare politiska engagemang som barn &#8211; och kvinnor\u00e4ttsk\u00e4mpe&#8221; &#8212; JUSTITIEMORDET P\u00c5 CARINA S\u00c4LLBERG\" frameborder=\"0\" marginwidth=\"0\" marginheight=\"0\" scrolling=\"no\"><\/iframe><\/p>\n\t<p>F\u00f6rh\u00f6r Signerat av Signerat datum Enhet Polisregion Syd, Utredning 2 LPO Helsingborg Diarienr 5000-K88618-17 H\u00f6rd person Dujmovic, Robert Personnummer Den h\u00f6rde \u00e4r M\u00e5ls\u00e4gande ID Styrkt Nej St\u00e4llning till misst\u00e4nkt &#8211; m\u00e5ls\u00e4gande &#8211; vittne Tolk Spr\u00e5k Brottsmisstanke \/ Anledning till f\u00f6rh\u00f6ret Grovt f\u00f6rtal Underr\u00e4ttad om misstanke Underr\u00e4ttad om r\u00e4tt till f\u00f6rsvarare (best i FUK 12\u00a7 iakttagna) F\u00f6rsvarare\/ombud \u00f6nskas F\u00f6rsvarare\/ombud n\u00e4rvarande Godtar den f\u00f6rsvarare som r\u00e4tten f\u00f6rordnar F\u00f6rh\u00f6rsledare Matz H\u00e4rle F\u00f6rh\u00f6rsdatum 2017-08-14 F\u00f6rh\u00f6r p\u00e5b\u00f6rjat 09:55 F\u00f6rh\u00f6r avslutat 10:35 F\u00f6rh\u00f6rsplats Typ av f\u00f6rh\u00f6r RB 23:6 Utskrivet av F\u00f6rh\u00f6rss\u00e4tt F\u00f6rh\u00f6rsvittne Ber\u00e4ttelse M\u00e5ls\u00e4ganden Robert Dujmovic underr\u00e4ttades om anledningen till f\u00f6rh\u00f6ret, ingen erinran. Han ombads att ber\u00e4tta n\u00e4r det kom till hans k\u00e4nnedom att hans namn f\u00f6rekom p\u00e5 en \u00f6ppen facebook sida, som Carina S\u00e4llberg har. Det var i november 2016, som en l\u00e4sare kontaktade Robert och n\u00e4mnde att hans namn fanns med p\u00e5 facebook-sidan. Jag l\u00e4ste d\u00e5 \u00e4ven sj\u00e4lv vad som stod p\u00e5 denna sida. F\u00f6rst s\u00e5 lade jag ingen st\u00f6rre notis av det hela, d\u00e5 jag bed\u00f6mde att det var uppenbart p\u00e5hitt och l\u00f6gn alltsammans. Men det fortsatt med fler inl\u00e4gg och i januari , den 20.e kom det ytterligare inl\u00e4gg. Det var d\u00e5 som jag gjorde en polisanm\u00e4lan. Det har efter detta \u00e4ven kommit tv\u00e5 ytterligare inl\u00e4gg, den 4:e februari och den 7:e mars i \u00e5r. P\u00e5 fr\u00e5ga hur Robert k\u00e4nner och upplever det hela, med dessa inl\u00e4gg och den text och det inneh\u00e5ll, som det inneb\u00e4r, s\u00e4ger Robert att han k\u00e4nner sig v\u00e4ldigt kr\u00e4nkt. I inl\u00e4ggen, fr\u00e5n Carina S\u00e4llberg, s\u00e5 skall jag ing\u00e5 i en sammansv\u00e4rjning och vara i maskopi med advokat Helen Eek Cederholm. Egentligen tycker jag att det trams, d\u00e5 jag vet att det \u00f6verhuvudtaget inte st\u00e4mmer. Men d\u00e5 Carina S\u00e4llberg har 650 v\u00e4nner p\u00e5 sin sida och att alla kan ta del av hennes inl\u00e4gg, s\u00e5 blir jag orolig f\u00f6r hur min trov\u00e4rdighet som journalist uppfattas, s\u00e4ger Robert. Hur stor spridning det \u00e4r vet jag inte, men det \u00e4r ju en \u00f6ppen sida, d\u00e4r alla kan ta del och l\u00e4sa detta. N\u00e4r jag sedan vet vem som skriver och hennes position i samh\u00e4llet och hennes n\u00e4tverk, s\u00e5 k\u00e4nner jag mig kr\u00e4nkt och olustigt \u00f6ver detta. Dessutom, s\u00e4ger Robert, \u00e4r det ju s\u00e5 att i hennes inl\u00e4gg s\u00e5 skriver hon att jag skall f\u00e5 sparken fr\u00e5n mitt jobb, d\u00e5 jag enl hennes skrivningar har missk\u00f6tt mig. Detta har ju hel och fast dementerats av min chef, Jonas Kanje som \u00e4r chefredakt\u00f6r. Den olustk\u00e4nsla och kr\u00e4nkning jag d\u00e5 k\u00e4nner \u00e4r ju vad folk i allm\u00e4nhet skall tro, p\u00e5 hennes skrivningar och inl\u00e4gg. Robert tillfr\u00e5gades om det har direkt visat sig n\u00e5gon form av konsekvenser av att detta material har spridits, s\u00e4ger han att det inte p\u00e5 n\u00e5got s\u00e4tt har m\u00e4rkts fr\u00e5n sina chefer och kollegor. Men som jag tidigare n\u00e4mnde s\u00e5 vet man inte hur allm\u00e4nheten och de som l\u00e4ser hennes inl\u00e4gg uppfattar mig. Jag kan inte som journalist skriva n\u00e5got som inte b\u00e4r n\u00e5gon sanning. P\u00e5 fr\u00e5ga om han har sett om de inl\u00e4gg som Carina S\u00e4llberg har skrivit om honom, om dessa har ifr\u00e5gasatts ev n\u00e5gon l\u00e4sare, s\u00e4ger han det har han inte sett. Det \u00e4r snarare tv\u00e4rtom att de som har l\u00e4st inl\u00e4ggen ist\u00e4llet har tyckt att det var bra och st\u00f6ttat henne. Men de andra kommentarerna kan ju vara borttagna. Han ombads \u00e4ven att kommentera det som Carina S\u00e4llberg skriver i sina inl\u00e4gg att Robert skall var i maskopi och ing\u00e5 i en sammansv\u00e4rjning med adv Helen Eek Cederholm. Han s\u00e4ger att det finns absolut ingen som helst grund f\u00f6r detta. Det enda som jag kan t\u00e4nka mig \u00e4r att jag i n\u00e5gon artikel, d\u00e4r jag bevakade tingsr\u00e4ttsf\u00f6rhandling d\u00e4r S\u00e4llberg var misst\u00e4nkt och att Helen Eek Cederholm var utsedd som m\u00e5ls\u00e4garbitr\u00e4de. Men det finns som sagt ingen som helst grund och anledning f\u00f6r mig. Jag bevakade den f\u00f6rhandlingen och skrev rent professionellt. Detta var f\u00f6r n\u00e5gra \u00e5r sedan. Jag vet att hon anm\u00e4lde tidningen till Pressen Ombudsman, p.g.a denna artikel. Tidningen friades helt p\u00e5 alla punkter. Uppl\u00e4st och godk\u00e4nt F\u00f6rh\u00f6r med Dujmovic, Robert; 2017-08-14 09:55 diarienr: 5000-K88618-17 9<\/p>\n\t<p>PM Anger brottet grovt f\u00f6rtal till \u00e5tal Signerad av Signerad datum Enhet Polisregion Syd, Utredning 2 LPO Helsingborg Diarienr 5000-K88618-17 Uppgiftsl\u00e4mnare Sandell, Camilla Datum 2017-09-04 Tid 16:02 Beslag verkst\u00e4llt Nej Material f\u00f6r analys Nej Mottaget Mottaget datum Tid S\u00e4tt p\u00e5 vilket uppgift l\u00e4mnats Uppr\u00e4ttad av Camilla Sandell Uppgiften avser Uppgift Robert Dujmovic vill att \u00e4rendet drivs vidare och han anger brottet grovt f\u00f6rtal till \u00e5tal. 11 Inl\u00e4gg p\u00e5 Facebook fr\u00e5n november 2016 Signerat av Signerat datum Enhet Polisregion Syd, St\u00f6d\/Service 1 LPO Helsingborg Diarienr 5000-K88618-17 Orginalhandlingens f\u00f6rvaringsplats Datum 2017-01-23 Tid 11:11 Involverad personal Funktion Camilla Sandell Uppgiftsl\u00e4mnare Ber\u00e4ttelse De bifogade handlingarna l\u00e4mnades in i samband med anm\u00e4lningsupptagning den 23\/1-17 Inl\u00e4gg p\u00e5 Facebook fr\u00e5n november 2016 , 2017-01-23 11:11 diarienr: 5000-K88618-17 12<\/p>\n\t\t\t\t<img decoding=\"async\" src=\"http:\/\/mmstudies.com\/sallberg\/wp-content\/plugins\/beaver-builder-lite-version\/img\/pixel.png\" alt=\"\" itemprop=\"image\" onerror=\"this.style.display='none'\"  \/>\n\n","protected":false},"excerpt":{"rendered":"<p>CARINA S\u00c4LLBERG- FALSKELIGEN UTH\u00c4NGD AV HD-REPORTERN ROBERT DUJMOVIC \u00a0SOM BROTTSLING I ORTSPRESSEN HD-REPORTERN ROBERT DUJMOVICS \u00a0NEGLIGERING \u00a0AV FAKTA OCH GRUNDL\u00c4GGANDE PRESSETISKA REGLER I SIN BEVAKNING AV DE R\u00c4TTSLIGA H\u00c4XPROCESSERNA MOT CARINA S\u00c4LLBERG &nbsp; Kommenterad av Carina S\u00e4llberg p\u00e5 sidan\u00a0Carina intervjuas om \u00e5talet om grovt f\u00f6rtal\u00a0\u00bb &nbsp; Fem grova fel i Roberts Dujmovics rapportering i Helsingborgs&#8230;<\/p>\n","protected":false},"author":1,"featured_media":0,"parent":120,"menu_order":0,"comment_status":"closed","ping_status":"closed","template":"full-width-page.php","meta":{"footnotes":""},"class_list":["post-352","page","type-page","status-publish","hentry"],"_links":{"self":[{"href":"http:\/\/mmstudies.com\/sallberg\/wp-json\/wp\/v2\/pages\/352","targetHints":{"allow":["GET"]}}],"collection":[{"href":"http:\/\/mmstudies.com\/sallberg\/wp-json\/wp\/v2\/pages"}],"about":[{"href":"http:\/\/mmstudies.com\/sallberg\/wp-json\/wp\/v2\/types\/page"}],"author":[{"embeddable":true,"href":"http:\/\/mmstudies.com\/sallberg\/wp-json\/wp\/v2\/users\/1"}],"replies":[{"embeddable":true,"href":"http:\/\/mmstudies.com\/sallberg\/wp-json\/wp\/v2\/comments?post=352"}],"version-history":[{"count":18,"href":"http:\/\/mmstudies.com\/sallberg\/wp-json\/wp\/v2\/pages\/352\/revisions"}],"predecessor-version":[{"id":3229,"href":"http:\/\/mmstudies.com\/sallberg\/wp-json\/wp\/v2\/pages\/352\/revisions\/3229"}],"up":[{"embeddable":true,"href":"http:\/\/mmstudies.com\/sallberg\/wp-json\/wp\/v2\/pages\/120"}],"wp:attachment":[{"href":"http:\/\/mmstudies.com\/sallberg\/wp-json\/wp\/v2\/media?parent=352"}],"curies":[{"name":"wp","href":"https:\/\/api.w.org\/{rel}","templated":true}]}}