{"id":79,"date":"2018-07-08T20:51:18","date_gmt":"2018-07-08T20:51:18","guid":{"rendered":"http:\/\/mmstudies.com\/sallberg\/?page_id=79"},"modified":"2019-03-18T10:18:02","modified_gmt":"2019-03-18T10:18:02","slug":"vem-ar-carina-sallberg","status":"publish","type":"page","link":"http:\/\/mmstudies.com\/sallberg\/about\/vem-ar-carina-sallberg\/","title":{"rendered":"Vem \u00e4r Carina S\u00e4llberg?"},"content":{"rendered":"\n\t<p>V E M \u00a0 \u00c4 R \u00a0 C A R I N A \u00a0 S \u00c4 L L B E R G?<\/p>\n<p>Presentation<\/p>\n\t\t\t\t<img loading=\"lazy\" decoding=\"async\" src=\"http:\/\/mmstudies.com\/sallberg\/wp-content\/uploads\/sites\/13\/2018\/08\/38211818_2299106253438009_7597554794504388608_n.jpg\" alt=\"38211818_2299106253438009_7597554794504388608_n\" itemprop=\"image\" height=\"960\" width=\"672\" title=\"38211818_2299106253438009_7597554794504388608_n\" onerror=\"this.style.display='none'\"  \/>\n\t\t\t\t<img loading=\"lazy\" decoding=\"async\" src=\"http:\/\/mmstudies.com\/sallberg\/wp-content\/uploads\/sites\/13\/2018\/08\/38204207_2299106276771340_8171412208215916544_n.jpg\" alt=\"38204207_2299106276771340_8171412208215916544_n\" itemprop=\"image\" height=\"921\" width=\"630\" title=\"38204207_2299106276771340_8171412208215916544_n\" onerror=\"this.style.display='none'\"  \/>\n\t<p><em>Carina S\u00e4llberg \u00e4r av sina m\u00e5nga elever en h\u00f6gt uppskattad och kvalificerad f\u00f6rstel\u00e4rare p\u00e5 Komvux i svenska och religion och d\u00e4rtill politiker utrustad med civilkurage, engagemang f\u00f6r utsatta grupper i samh\u00e4llet och grundl\u00e4ggande civila v\u00e4rden av bildning och medborgerligt ansvarstagande och kunde som s\u00e5dan kunde st\u00e5 som ikon just f\u00f6r de civila v\u00e4rden som <a href=\"https:\/\/www.facebook.com\/jenny.westerstrand\/posts\/10156558282676564\">Jenny Westerstrand<\/a> h\u00e4nvisar till i ett Facebookinl\u00e4gg och som h\u00e5ller p\u00e5 att eroderas ner i grunden av den nybrutalistiska inriktning som samh\u00e4llet antagit p\u00e5 senare tid. Det kan knappast var en tillf\u00e4llighet att det nu \u00e4r just hon<strong>\u00a0<\/strong>som ska <a href=\"http:\/\/mmstudies.com\/sallberg\/bevismaterialet\/vattenprov\/\">h\u00e4xprocessas enligt medeltida fason<\/a> och st\u00e5r inf\u00f6r att <a href=\"http:\/\/mmstudies.com\/sallberg\/proportioner\/polishamtning\/\">f\u00f6rpassas till r\u00e4ttspsyk<\/a> f\u00f6r att tystas och g\u00f6mmas undan fr\u00e5n omv\u00e4rlden. Och var h\u00e5ller alla v\u00e4nsterm\u00e4nniskor, feminister, socialdemokrater och tidigare partikamrater i L hus? Och varf\u00f6r denna alarmerande tystnad i landets medier?<\/em><\/p>\n<p><em>Jenny Westerstrand avslutar sitt Facebookinl\u00e4gg med orden:<\/em><\/p>\n<p><em>-\u00c5hh. Patriarkatet \u00e4r s\u00e5 sjukt listigt. Och ont. M\u00e5tte vi hitta ut ur dessa m\u00f6rka \u00e5r snart!<\/em><\/p>\n<p><em>Och jag \u00a0inst\u00e4mmer; M\u00e5tte vi g\u00f6ra det \u00a0snart, innan detta m\u00f6rkret \u00e4r \u00f6ver oss f\u00f6r gott!<\/em><\/p>\n\t\t\t\t<img loading=\"lazy\" decoding=\"async\" src=\"http:\/\/mmstudies.com\/sallberg\/wp-content\/uploads\/sites\/13\/2018\/07\/14333810_1481849255163717_6852798829403099698_n.jpg\" alt=\"14333810_1481849255163717_6852798829403099698_n\" itemprop=\"image\" height=\"720\" width=\"960\" title=\"14333810_1481849255163717_6852798829403099698_n\" onerror=\"this.style.display='none'\"  \/>\n\t<p><em>S\u00e5 h\u00e4r presenterar Carina S\u00e4llberg sig sj\u00e4lv och sin politiska g\u00e4rning i Helsingborgs kommunfullm\u00e4ktige och som tidigare ledare f\u00f6r Liberalerna i Helsingborg och det formidabla r\u00e4tts\u00f6vergrepp som hon utsatts f\u00f6r, idag, n\u00e4r hon st\u00e5r inf\u00f6r hotet att n\u00e4r som helst bli inkommenderad till en sluten r\u00e4ttspsykiatrisk utredning som p\u00e5 goda grunder kan antas vara avsedd att legitimera beslutet att sp\u00e4rra in henne f\u00f6r gott.<\/em><\/p>\n<p>&nbsp;<\/p>\n<p><em><a href=\"https:\/\/www.facebook.com\/carina.sallberg?hc_ref=ARRss1tYMd5gVBhyj8rwIxwlve598ObvmWmUrRhtEzuTs0Rv3bdqBVFxKPLnpAZz3L0&amp;fref=nf\" data-hovercard=\"\/ajax\/hovercard\/user.php?id=100000159695347&amp;extragetparams=%7B%22hc_ref%22%3A%22ARRss1tYMd5gVBhyj8rwIxwlve598ObvmWmUrRhtEzuTs0Rv3bdqBVFxKPLnpAZz3L0%22%2C%22fref%22%3A%22nf%22%7D\" data-hovercard-prefer-more-content-show=\"1\" data-hovercard-referer=\"ARRss1tYMd5gVBhyj8rwIxwlve598ObvmWmUrRhtEzuTs0Rv3bdqBVFxKPLnpAZz3L0\">&#8221;Nu har g\u00e4nget som motarbetar mig best\u00e4llt en r\u00e4ttspsykiatrisk utredning f\u00f6r att kunna sp\u00e4rra in mig. S\u00e5 tystas kritiker i diktaturer. Eftersom jag fortsatt att arbeta p\u00e5 som vanligt tror jag inte riktigt min n\u00e4rmaste omgivning har kunnat ta in vad som faktiskt \u00e4r p\u00e5 g\u00e5ng.&#8221;<\/a><\/em><\/p>\n<h5 data-ft=\"{&quot;tn&quot;:&quot;C&quot;}\"><\/h5>\n<h5 data-ft=\"{&quot;tn&quot;:&quot;C&quot;}\"><\/h5>\n<h5 data-ft=\"{&quot;tn&quot;:&quot;C&quot;}\"><strong><a href=\"https:\/\/www.facebook.com\/carina.sallberg?hc_ref=ARSNPVwGiRZ41eWcxP18c7cpaRDmTyWUpKCfwu9H7UkprFq5xs5BT_xVJIP289rqxD8&amp;fref=nf\" data-hovercard=\"\/ajax\/hovercard\/user.php?id=100000159695347&amp;extragetparams=%7B%22hc_ref%22%3A%22ARSNPVwGiRZ41eWcxP18c7cpaRDmTyWUpKCfwu9H7UkprFq5xs5BT_xVJIP289rqxD8%22%2C%22fref%22%3A%22nf%22%7D\" data-hovercard-prefer-more-content-show=\"1\" data-hovercard-referer=\"ARSNPVwGiRZ41eWcxP18c7cpaRDmTyWUpKCfwu9H7UkprFq5xs5BT_xVJIP289rqxD8\">Carina S\u00e4llberg, inl\u00e4gg p\u00e5 Facebookden 7 juli 2018<\/a><\/strong><\/h5>\n<p><em>Jag \u00e4r ledamot i Helsingborgs h\u00f6gsta beslutande organ. Det \u00e4r jag sedan valet 2010. Fram till i februari i \u00e5r representerade jag Liberalerna, partiet jag troget i alla sammanhang har arbetat f\u00f6r sedan 2006.<\/em><\/p>\n<p><em>Vid \u00e5rsm\u00f6tet 2018 l\u00e4mnade jag partiet p\u00e5 grund av att man man\u00f6vrerat bort mig fr\u00e5n alla vallistor 2018 trots att jag var den liberal i Nordv\u00e4sta Sk\u00e5ne som hade f\u00e5tt \u00f6verl\u00e4gset flest nomineringar, fler \u00e4n Torkild Strandberg och Tina Acketoft som m\u00e5ste st\u00e5 etta och tv\u00e5a alltid.<\/em><\/p>\n<p><em>Jag l\u00e4mnade p\u00e5 grund av att partiet inte verkade demokratiskt och myglade med vilka som skulle st\u00e5 p\u00e5 listorna.<\/em><\/p>\n<p><em>Jag l\u00e4mnade p\u00e5 grund av min l\u00e5ngvariga kritik mot hur Liberalerna p\u00e5 riksniv\u00e5 under nuvarande partiledare -vilken p\u00e5 lika fult och elakt s\u00e4tt som i Sk\u00e5ne utman\u00f6vrerade sin kvinnliga motkandidat &#8211; har tappat den liberala sj\u00e4len.<\/em><\/p>\n<p><em>Jag \u00e4r vald till kommunfullm\u00e4ktige av helsingborgarna. Jag \u00e4r d\u00e4rtill den enda av 65 ledam\u00f6ter som blev personkryssad in i kommunfullm\u00e4ktige utan att fr\u00e5n b\u00f6rjan ha st\u00e5tt p\u00e5 f\u00f6rsta platsen. Detta skedde efter min personvalskampanj och efter mycket stort st\u00f6d efter att som enda ledamot i socialn\u00e4mnden av elva ha r\u00f6stat nej till att en d\u00f6md pedofil skulle f\u00e5 adoptera barn.<\/em><\/p>\n<p><em>Jag \u00e4r stolt \u00f6ver mina snart \u00e5tta \u00e5r som ledamot. Jag har tagit mitt uppdrag p\u00e5 allvar och de g\u00e5nger jag har talat har jag varit mycket noga p\u00e5l\u00e4st. Som h\u00e4r, den 27 mars i \u00e5r, n\u00e4r n\u00e4r jag g\u00e5r emot det moderatledda styret och argumenterar v\u00e4l underbyggt f\u00f6r att man ska lyssna p\u00e5 helsingborgarna och fakta som kommit i dagern n\u00e4r det g\u00e4ller ett mycket kostsamt natur- och kulturf\u00f6rst\u00f6rande projekt, Landborgsgaraget.<\/em><\/p>\n<p><em>Jag blev v\u00e5gm\u00e4stare i Helsingborgspolitiken n\u00e4r jag l\u00e4mnade Liberalerna i februari i \u00e5r och beh\u00f6ll min plats i kommunfullm\u00e4ktige. Det gjorde jag eftersom jag sitter p\u00e5 personligt mandat och f\u00f6r att helsingborgarna valt mig att f\u00f6retr\u00e4da dem. Jag utsattes f\u00f6r skamliga attacker, smutskastning och mobbing fr\u00e5n Liberalerna (l\u00e4s: Maria Winberg Nordstr\u00f6m) f\u00f6r att jag beh\u00f6ll min plats.<\/em><\/p>\n<p><em>Lyssna g\u00e4rna p\u00e5 det h\u00e4r talet som jag framf\u00f6r, det f\u00f6rsta som Fri liberal. Det \u00e4r tv\u00e5 framf\u00f6randen a fem minuter. Det ligger under Helsingborg.se, politik, kommunfullm\u00e4ktige, webbs\u00e4ndningar, 27 mars 2018, punkt 13.<\/em><\/p>\n<p><em>I kommunfullm\u00e4ktige sitter ledam\u00f6ter i moderaterna som \u00e4r poliser och \u00e5klagare. De satt framf\u00f6r mig n\u00e4r jag talade. Politik och r\u00e4ttsv\u00e4sende \u00e4r i v\u00e5r lilla stad synnerligen n\u00e4ra sammanv\u00e4vda. <a href=\"http:\/\/mmstudies.com\/sallberg\/m-markt\/\">Min tidigare sambos advokat Helene Ek Sederholm \u00e4r gift med moderaten Johan Sederholm,<\/a> stadsrevisionens ordf\u00f6rande n\u00e4r de falska anm\u00e4lningarna mot mig inleddes 2013.<\/em><\/p>\n<p><em>En av anm\u00e4lningarna som gjordes mot mig och som var helt p\u00e5hittad l\u00e4mnades till polis och \u00e5klagare personligen av <a href=\"http:\/\/mmstudies.com\/sallberg\/m-markt\/\">advokat Helene Ek Sederholm.<\/a> Jag stod misst\u00e4nkt i tv\u00e5 \u00e5r p\u00e5 denna anm\u00e4lan och trakasserades n\u00e5got oerh\u00f6rt med den som grund innan den lades ned. S\u00e5 har det fortsatt. I fem \u00e5r utan avbrott.<\/em><\/p>\n<p><em>Det finns en anledning till att det \u00e4r tyst fr\u00e5n politiken. I detta fall hj\u00e4lper det inte att staden har klubbat ett s\u00e5 kallat Livskvalitetsprogram. N\u00e4r personers karri\u00e4rer, prestige och politik st\u00e5r p\u00e5 spel kan somliga g\u00e5 hur l\u00e5ngt som helst. Och andra h\u00e5ller tyst och v\u00e4ntar p\u00e5 slutet. N\u00e4r slutet kommer ska alla kunna informera sig om hur allt kunde h\u00e4nda. Det \u00e4r en anledning till att jag skriver.<\/em><\/p>\n<p><em>Tv\u00e5 m\u00e5nader efter mitt tal om att avstyra det enorma Landborgsprojektet b\u00f6rjade det f\u00f6r f\u00f6rsta g\u00e5ngen i mitt liv talas om att jag borde unders\u00f6kas f\u00f6r sinnessjukdom. Jag har aldrig tidigare anklagats f\u00f6r n\u00e5got i den v\u00e4gen.<\/em><\/p>\n<p><em>Det kom lite pl\u00f6tsligt och i en r\u00e4tteg\u00e5ng d\u00e4r jag uppenbart st\u00e5r \u00e5talad p\u00e5 falsk grund. F\u00f6rslaget framf\u00f6rdes av domaren Nicklas S\u00f6derberg, anm\u00e4ld f\u00f6r j\u00e4v och \u00e5klagare, vilka jag v\u00e4ckt talan emot f\u00f6r falskt \u00e5tal. F\u00f6rslaget bif\u00f6lls av advokat <a href=\"http:\/\/mmstudies.com\/sallberg\/m-markt\/\">Helene Ek Sederholm<\/a>, vilken fortfarande \u00e4r gift med och samarbetspartner med advokat\/moderat Johan Sederholm.<\/em><\/p>\n<p><em>Den 20 juni 2018 utsattes jag f\u00f6r en fruktansv\u00e4rd, \u00f6verrumplande, genomvidrig och mycket brutal polish\u00e4mtning i mitt hem kl 07:20 n\u00e4r jag var p\u00e5 v\u00e4g till mitt arbete som l\u00e4rare p\u00e5 komvux. Jag forslades 23 mil hemifr\u00e5n till R\u00e4ttsmedicinalverket d\u00e4r en av domare Nicklas S\u00f6derberg utvald l\u00e4kare skulle diagnosticera mig som i eventuellt behov av v\u00e5rd. I intyget st\u00e5r att min noggrannhet kan tyda p\u00e5 bristande verklighetskontakt. I alla mina chefers arbetsbetyg lyfts min noggrannhet fram som ett synnerligen stort plus.<\/em><\/p>\n<p><em>Hur som helst. Att detta var ett arrangemang som aldrig ska f\u00f6rekomma i en demokrati \u00e4r ett som \u00e4r s\u00e4kert. Jag \u00e4r ganska f\u00f6rv\u00e5nad \u00f6ver att r\u00e4tts\u00f6vergreppet mot en medborgare och politiker inte har f\u00e5tt st\u00f6rre genljud.<\/em><\/p>\n<p><em>Nu har g\u00e4nget som motarbetar mig best\u00e4llt en r\u00e4ttspsykiatrisk utredning f\u00f6r att kunna sp\u00e4rra in mig. S\u00e5 tystas kritiker i diktaturer. Eftersom jag fortsatt att arbeta p\u00e5 som vanligt tror jag inte riktigt min n\u00e4rmaste omgivning har kunnat ta in vad som faktiskt \u00e4r p\u00e5 g\u00e5ng.<\/em><\/p>\n<p><em>Efter att jag l\u00e4mnade Liberalerna startade jag ett nytt socialliberalt parti. Partiet godk\u00e4ndes av Valmyndigheten i april och jag st\u00e5r etta p\u00e5 den listan. Tystas jag finns det en stark kvinna p\u00e5 plats 2 och tystas hon finns det en stark man p\u00e5 plats 3. Hela listan \u00e4r full av r\u00f6ster som inte tystnar.<\/em><\/p>\n<p><em>Carina S\u00e4llberg 7 juli 2018<\/em><\/p>\n\t\t\t\t<img loading=\"lazy\" decoding=\"async\" src=\"http:\/\/mmstudies.com\/sallberg\/wp-content\/uploads\/sites\/13\/2018\/08\/37661368_2280844015264233_729734898008457216_n.jpg\" alt=\"37661368_2280844015264233_729734898008457216_n\" itemprop=\"image\" height=\"418\" width=\"747\" title=\"37661368_2280844015264233_729734898008457216_n\" onerror=\"this.style.display='none'\"  \/>\n\t\t\t\t<img loading=\"lazy\" decoding=\"async\" src=\"http:\/\/mmstudies.com\/sallberg\/wp-content\/uploads\/sites\/13\/2018\/08\/37597229_2280844105264224_8157197524323532800_n.jpg\" alt=\"37597229_2280844105264224_8157197524323532800_n\" itemprop=\"image\" height=\"640\" width=\"750\" title=\"37597229_2280844105264224_8157197524323532800_n\" onerror=\"this.style.display='none'\"  \/>\n\t<p><em><strong>Carina S\u00e4llberg p\u00e5 Facebook den 22 juli 2018<\/strong><\/em><\/p>\n<p><em>Jag h\u00e5ller p\u00e5 att spara ned mitt liv till mina barn f\u00f6r att de ska kunna se vad deras mamma h\u00f6ll p\u00e5 med n\u00e4r hon inte var hemma, och h\u00e4r hittade jag ett tal i kommunfullm\u00e4ktige den 12 juni 2013 som v\u00e4ckte starka minnen.<\/em><\/p>\n<p>&nbsp;<\/p>\n<p><em>Mitt tal handlar om FN:s konvention om barnets r\u00e4ttigheter, ett \u00e4mne som jag f\u00f6r \u00f6vrigt \u00e4ven har skrivit en bok om. Ni hittar talet 8 timmar och 24 minuter in i kommunfullm\u00e4ktige under <strong>&#8221;Stads\u00f6vergripande&#8221;.<\/strong><\/em><\/p>\n<p>&nbsp;<\/p>\n<p><em>N\u00e4r jag idag lyssnar fem \u00e5r senare sl\u00e5s jag \u00f6ver hur klart och tydligt jag talar och att det inte p\u00e5 r\u00f6sten m\u00e4rks n\u00e5got av hur sv\u00e5rt mitt liv var just d\u00e5. Jag levde n\u00e4r jag lyckades genomf\u00f6ra detta tal och fler d\u00e4rtill den 12 juni 2013 fortfarande med NN, vilken d\u00e5 under tre l\u00e5nga m\u00e5naders tid haft sv\u00e5ra f\u00f6rf\u00f6ljelsetankar, vilka han projicerade p\u00e5 mig i form av mycket v\u00e5ldsamt och avvikande beteende och genom samlande av texter och bilder p\u00e5 datorn som skulle bevisa den upplevda f\u00f6rf\u00f6ljelsen. Han hade perceptionsst\u00f6rningar och uppfattade s\u00e5dant som inte existerade. Jag ber\u00e4ttade f\u00f6r l\u00e4rarkollegor, v\u00e4nner, sl\u00e4ktingar, grannar, chefer, partikollegor, poliser, kommunens s\u00e4kerhetschef.<\/em><\/p>\n","protected":false},"excerpt":{"rendered":"<p>V E M \u00a0 \u00c4 R \u00a0 C A R I N A \u00a0 S \u00c4 L L B E R G? Presentation Carina S\u00e4llberg \u00e4r av sina m\u00e5nga elever en h\u00f6gt uppskattad och kvalificerad f\u00f6rstel\u00e4rare p\u00e5 Komvux i svenska och religion och d\u00e4rtill politiker utrustad med civilkurage, engagemang f\u00f6r utsatta grupper i samh\u00e4llet och&#8230;<\/p>\n","protected":false},"author":1,"featured_media":0,"parent":2,"menu_order":0,"comment_status":"closed","ping_status":"closed","template":"full-width-page.php","meta":{"footnotes":""},"class_list":["post-79","page","type-page","status-publish","hentry"],"_links":{"self":[{"href":"http:\/\/mmstudies.com\/sallberg\/wp-json\/wp\/v2\/pages\/79","targetHints":{"allow":["GET"]}}],"collection":[{"href":"http:\/\/mmstudies.com\/sallberg\/wp-json\/wp\/v2\/pages"}],"about":[{"href":"http:\/\/mmstudies.com\/sallberg\/wp-json\/wp\/v2\/types\/page"}],"author":[{"embeddable":true,"href":"http:\/\/mmstudies.com\/sallberg\/wp-json\/wp\/v2\/users\/1"}],"replies":[{"embeddable":true,"href":"http:\/\/mmstudies.com\/sallberg\/wp-json\/wp\/v2\/comments?post=79"}],"version-history":[{"count":23,"href":"http:\/\/mmstudies.com\/sallberg\/wp-json\/wp\/v2\/pages\/79\/revisions"}],"predecessor-version":[{"id":2889,"href":"http:\/\/mmstudies.com\/sallberg\/wp-json\/wp\/v2\/pages\/79\/revisions\/2889"}],"up":[{"embeddable":true,"href":"http:\/\/mmstudies.com\/sallberg\/wp-json\/wp\/v2\/pages\/2"}],"wp:attachment":[{"href":"http:\/\/mmstudies.com\/sallberg\/wp-json\/wp\/v2\/media?parent=79"}],"curies":[{"name":"wp","href":"https:\/\/api.w.org\/{rel}","templated":true}]}}