{"id":121,"date":"2020-03-10T15:02:38","date_gmt":"2020-03-10T14:02:38","guid":{"rendered":"http:\/\/mmstudies.com\/sol\/?page_id=121"},"modified":"2021-11-30T21:06:13","modified_gmt":"2021-11-30T20:06:13","slug":"mamma","status":"publish","type":"page","link":"http:\/\/mmstudies.com\/sol\/mamma\/","title":{"rendered":"MAMMANS BER\u00c4TTELSE"},"content":{"rendered":"\n\n\t\t\t\t<img loading=\"lazy\" decoding=\"async\" src=\"http:\/\/mmstudies.com\/sol\/wp-content\/uploads\/sites\/15\/2021\/11\/PARADISMAMMA.jpeg\" alt=\"PARADISMAMMA\" itemprop=\"image\" height=\"826\" width=\"1139\" title=\"PARADISMAMMA\" onerror=\"this.style.display='none'\"  \/>\n\t<p>MAMMANS BER\u00c4TTELSE<\/p>\n<p>&nbsp;<\/p>\n<p>SOCIAL OMSORG<\/p>\n<p>XXXXX TINGSR\u00c4TT<\/p>\n<p>INKOM: 2015-10-21<\/p>\n<p>M\u00c5LNR: T 7575-15<\/p>\n<p>AKTBIL: 30<\/p>\n<p>&nbsp;<\/p>\n<p>UPPLYSNINGAR ENLIGT 6 Kap 20 \u00a7 andra stycket f\u00f6r\u00e4ldrabalken<\/p>\n<p>&nbsp;<\/p>\n<p><strong>Barnet den unge:<\/strong><\/p>\n<p>Sara Efternamn \u00a02005-XX-XX-XXXX<\/p>\n<p><strong>F\u00f6r\u00e4ldrar:<\/strong><\/p>\n<p>Erika Efternamn<\/p>\n<p>Ove Efternamn<\/p>\n<p>&nbsp;<\/p>\n<p><strong>Utredningens genomf\u00f6rande:<\/strong><\/p>\n<p>Samtal med moder har \u00e4gt rum p\u00e5 Socialkontoret \u00a02015-10-07. I samband med att utredningen kommunicerats med modern inkommit med kompletterande uippgifter ang\u00e5ende Sara.<\/p>\n<p>&nbsp;<\/p>\n<p><strong>Socialregistret<\/strong><\/p>\n<p>Ingen av parterna f\u00f6rekommer i socialregistret.<\/p>\n<p>&nbsp;<\/p>\n<p><strong>Barnets situation:<\/strong><\/p>\n<p>Samtal med modern 2015-10-06<\/p>\n<p>Sara \u00e4r uppvuxen i X-ort. Sara bor v\u00e4xelvis varannan vecka hos fadern och modern.<\/p>\n<p>Sara g\u00e5r i 4:e klass i XXX-skolan. Sara har sv\u00e5righeter i skolan, men har hitintills n\u00e5tt m\u00e5len men med knapp marginal m\u00e5len. Hon har sv\u00e5rt med l\u00e4sning och anses svag i m\u00e5nga andra \u00e4mnen. Hon g\u00e5r hos talpedagog. Modern ber\u00e4ttar att Sara 2015-10- 14 tvingats att l\u00e4sa h\u00f6gt f\u00f6r klassen och att klasskamraterna skrattat \u00e5t henne f\u00f6r att hon l\u00e4ste s\u00e5 d\u00e5ligt.<\/p>\n\t<p>Modern s\u00e4ger att Sara pratar mycket\u00a0 med henne men\u00a0 att hon \u00e4nd\u00e5 tycker\u00a0att Sara\u00a0\u00a0skulle m\u00e5 bra av att tala med n\u00e5gon\u00a0 utomst\u00e5ende.\u00a0 Modern s\u00e4ger att hon \u00f6nskar\u00a0 att Sara fick g\u00e5\u00a0till BUP men att fadern motsatt sig detta. Modern uttrycker\u00a0att b\u00e5da <strong>barnen k\u00e4nner\u00a0sig svikna av vuxenv\u00e4rlden<\/strong> och att de k\u00e4nner att ingen lyssnar.Modern beskriver hur <strong>Sara m\u00e5r v\u00e4ldigt d\u00e5ligt<\/strong>, att hon varit ensam\u00a0 hela dagen i skolan\u00a0 och att hon inte blivit\u00a0 bjuden\u00a0p\u00e5 n\u00e5got av alla kalas som florerar. Modern ber\u00e4ttar\u00a0att Sara nyligen\u00a0 p\u00e5 eget bev\u00e5g s\u00f6kt\u00a0upp en kurator p\u00e5 skolan, och att hon tyckte att det var sk\u00f6nt att ha n\u00e5gon att tala med.<\/p>\n<p>Modern s\u00e4ger att Saras skolsv\u00e5righeter delvis beror p\u00e5 stor personaloms\u00e4ttning och d\u00e5lig organisation p\u00e5 hennes skola. Skolsituationen p\u00e5verkas ocks\u00e5 av att f\u00f6r\u00e4ldrarna inte kan kommunicera kring hennes skolg\u00e5ng. Modern s\u00e4ger att hon skulle vilja ha m\u00f6jlighet att <strong>st\u00e4mma av med fadern kring Saras skolarbete<\/strong>, t.ex. om hon pluggat engelska glosor som hon ska och ifall det blivit n\u00e5gon \u00e4ndring av datum f\u00f6r prov. Modern s\u00e4ger att <strong>faderns uppfattning \u00e4r att de inte beh\u00f6ver kommunicera med varandra<\/strong> utan att det r\u00e4cker med att kommunicera via skolan. Modern s\u00e4ger att barnen tycker att det \u00e4r pinsamt att f\u00f6r\u00e4ldrarna inte kan komma p\u00e5 ett gemensamt utvecklingssamtal i skolan.\u00a0 Modern s\u00e4ger att f\u00f6r\u00e4ldrarnas konflikt medf\u00f6r en stor otrygghet f\u00f6r barnen och att detta p\u00e5verkar deras skolg\u00e5ng negativt d\u00e5 b\u00e5de <strong>Sara och Linda \u00e4r nedst\u00e4mda<\/strong>. Modern s\u00e4ger att hon p\u00e5 sikt vill byta skola f\u00f6r Sara men att detta f\u00e5r ske n\u00e4r hemsituationen stabiliserats. Enligt\u00a0modern delar inte fadern uppfattningen att Sara skulle ha s\u00e4rskilda behov i skolan\u00a0 och ser heller inget sk\u00e4l att byta skola.<\/p>\n<p>Sara har en sjukdom som inneb\u00e4r att hon dagligen beh\u00f6ver f\u00e5 sprutor med tillv\u00e4xthormon. <strong>Fadern ser alltid till att alla l\u00e4karbes\u00f6k hamnar p\u00e5 &#8221;hans&#8221; veckor och modern f\u00e5r ingen information om hennes h\u00e4lsa.<\/strong> Modern ringer sj\u00e4lv till sjukhuset f\u00f6r att f\u00e5 information. Om faderns informerar henne om ett inplanerat l\u00e4karbes\u00f6k g\u00f6r han det med s\u00e5 kort varsel att hon inte kan vara med p\u00e5 grund av sitt arbete.<\/p>\n<p>Modern ber\u00e4ttar att hon \u00e4r utbildad tandtekniker och att hon arbetade p\u00e5 en privat tandl\u00e4karklinik n\u00e4r Sara f\u00f6ddes. <strong>Modern tog ut hela f\u00f6r\u00e4ldraledigheten<\/strong> f\u00f6r Sara. Efter f\u00f6r\u00e4ldraledigheten skolade modern om sig f\u00f6r att arbeta som busschauff\u00f6r. Detta d\u00e5 det var sv\u00e5rt att f\u00f6rena huvudansvaret f\u00f6r barn och hem med ett arbete som tandtekniker. I dag arbetar modern heltid som busschauff\u00f6r i Stockholm och hon har arbetstid vardagar 8-16.<\/p>\n<p>Modern beskriver att <strong>hon \u00e4r den av f\u00f6r\u00e4ldrarna\u00a0 som st\u00e5r barnen n\u00e4rmast<\/strong>.\u00a0N\u00e4r hon och fadern levde tillsammans\u00a0 sk\u00f6tte hon i princip\u00a0allt som g\u00e4llde barnen\u00a0d\u00e5 fadern helt gick upp\u00a0 i sitt arbete. Modern ber\u00e4ttar att fadern\u00a0ofta n\u00e4r <strong>han kom hem fr\u00e5n sitt arbete, gick direkt in till sitt rum f\u00f6r att forts\u00e4tta arbeta utan att ens h\u00e4lsa p\u00e5 henne eller barnen.<\/strong><\/p>\n<p>Modern s\u00e4ger att hon <strong>aldrig sett fadern tr\u00f6sta<\/strong> barnen. Hon s\u00e4ger\u00a0 att det \u00e4r m\u00f6jligt\u00a0 att han kan g\u00f6ra det n\u00e4r hon inte \u00e4r d\u00e4r. N\u00e4r de, hon och fadern levde ihop sprang barnen alltid till henne om de ville n\u00e5got och modern beskriver det som att fadern levde <strong>ett separat liv, skilt fr\u00e5n \u00f6vriga familjen.<\/strong><\/p>\n<p>Modern ber\u00e4ttar att den utl\u00f6sande faktorn f\u00f6r parternas\u00a0 skilsm\u00e4ssa\u00a0var att modern\u00a0ans\u00e5g att faderns mor, barnens farmor, hade ett alldeles f\u00f6r stort inflytande \u00f6ver fadern. Modern beskriver att <strong>farmodern var med och beslutade i allt som r\u00f6rde familjen<\/strong>. Fadern kunde inte acceptera att modern hade sv\u00e5rt f\u00f6r farmoderns beteende och <strong>en dag kastade\u00a0 han ut modern ur huset.<\/strong> Modern ber\u00e4ttar\u00a0att hon <strong>inte fick\u00a0 ta med sig n\u00e5gonting\u00a0 i form av kl\u00e4der eller personliga tillh\u00f6righeter<\/strong>. Modern ber\u00e4ttar att hon v\u00e4djat till fadern att han skulle ge henne hennes egna <strong>doppresenter och f\u00f6ra \u00f6ver fotografier p\u00e5 barnen<\/strong> som han har p\u00e5 sin dator men att fadern v\u00e4grat detta. Modern har inte f\u00e5tt tillbaka sina egna <strong>avg\u00e5ngsbetyg.<\/strong><\/p>\n<p><strong>Modern ber\u00e4ttar att fadern inte givit henne sakerna trots att fadern enligt dom i tingsr\u00e4tten\u00a0\u00e4r \u00e5lagd att ge henne kopior p\u00e5 barnfotografierna.<\/strong><\/p>\n<p>Efter att modern blivit utsl\u00e4ngd bodde hon under ca ett \u00e5rs tid hos barnens mormor d\u00e5 hon saknade bostad. Modern ber\u00e4ttar att <strong>bodelningen f\u00f6rsv\u00e5rades av att fadern v\u00e4grade att medverka<\/strong>. Fadern l\u00e4mnade <strong>listor till modern p\u00e5 g\u00e5vor<\/strong> som han givit henne under deras \u00e4ktenskap och som hon skulle ge tillbaka. Modern s\u00e4ger att det kunde handla om en <strong>cykel<\/strong> eller ett <strong>par tofflor<\/strong>. N\u00e4r modern till sist till\u00e4ts\u00a0 att h\u00e4mta\u00a0 sin necess\u00e4r\u00a0 i huset t\u00f6mde fadern f\u00f6rst ut den och kontrollerade s\u00e5 att hon inte hade tagit med sig n\u00e5got. Modern s\u00e4ger att till sist<strong> orkade hon inte mer utan hon l\u00e4t honom ta det mesta av deras tidigare gemensamma tillg\u00e5ngar.<\/strong> Att bodelningen blev s\u00e5 sv\u00e5r f\u00f6r modern medf\u00f6rde\u00a0att hon <strong>inte f\u00f6rm\u00e5dde\u00a0 se till sina bams b\u00e4sta genom att beg\u00e4ra enskild v\u00e5rdnad.\u00a0 <\/strong>Modern\u00a0 ber\u00e4ttar\u00a0 att\u00a0 barnen\u00a0 farit mycket illa av den uppslitande skilsm\u00e4ssan.<\/p>\n<p>Modern ber\u00e4ttar att det f\u00f6rekom<strong> v\u00e5ld i uppfostringssyfte<\/strong> <strong>fr\u00e5n faderns och farmoderns sida<\/strong> redan innan hon och fadern separerat. Det kunde handla om nypningar och luggningar.<\/p>\n<p>Modern ber\u00e4ttar om en h\u00e4ndelse n\u00e4r farmor var p\u00e5 bes\u00f6k\u00a0och att ett av barnen gick omkring i bara bl\u00f6ja. F\u00f6r att tillr\u00e4ttavisa barnet tog farmor tag med tummen och pekfingret och <strong>n\u00f6p barnet p\u00e5 insidan av \u00f6verarmen.<\/strong> Modern ber\u00e4ttar att hon blev v\u00e4ldigt arg n\u00e4r det skedde och att hon gjorde klart f\u00f6r farmodern att hennes beteende inte var acceptabelt.<\/p>\n<p><strong>Julen 2014 polisanm\u00e4lde modern farmodern f\u00f6r misshandel av barnen<\/strong>. R\u00e4tteg\u00e5ng kommer\u00a0 att h\u00e5llas den 28 oktober 2015. I samband med barnf\u00f6rh\u00f6ren framkom\u00a0att <strong>\u00e4ven fadern\u00a0 ska ha utsatt barnen f\u00f6r v\u00e5ld<\/strong>.<strong> Misstankarna mot fadern ledde inte till att \u00e5tal v\u00e4cktes.<\/strong> Modern ber\u00e4ttar att barnen sagt till henne att farmor fortsatt att nypa dem \u00e4ven efter polisanm\u00e4lan. <strong>Farmor har tagit i Sara i enrum och f\u00f6rs\u00f6kt f\u00f6rm\u00e5 henne att ta tillbaka sina anm\u00e4lningar.<\/strong><\/p>\n<p>Modern tycker att det \u00e4r mycket ol\u00e4mpligt att barnen bor hos sin far den vecka som r\u00e4tteg\u00e5ngen kommer att h\u00e5llas men ser inte hur hon skulle kunna \u00e4ndra p\u00e5 det d\u00e5 det \u00e4r faderns vecka. Modern ber\u00e4ttar att fadern aldrig varit fysiskt v\u00e5ldsam mot henne.<\/p>\n<p>Modern ber\u00e4ttar att Sara inte vill vara hos sin pappa. Modern s\u00e4ger att barnen har behov av\u00a0 ett umg\u00e4nge med fadern men att det i dagsl\u00e4get\u00a0sker <strong>helt p\u00e5 faderns\u00a0premisser,<\/strong>\u00a0 vilket skadar barnen k\u00e4nslom\u00e4ssigt. Modern tar som exempel att\u00a0barnen haft\u00a0en \u00f6nskan\u00a0 att f\u00e5 flytta med sig saker mellan modern och faderns hem. I dagsl\u00e4get<strong> mots\u00e4tter sig fadern att n\u00e5gra som helst f\u00f6rem\u00e5l flyttas mellan parternas hem<\/strong>. F\u00f6ljaktligen m\u00e5ste barnen ha <strong>dubbla upps\u00e4ttningar<\/strong> av alla kl\u00e4der, ytterskor m.m. vilket\u00a0 barnen tycker\u00a0 \u00e4r besv\u00e4rligt.\u00a0I samband med separationen f\u00f6rbj\u00f6d fadern Sara att flytta n\u00e5gonting fr\u00e5n sitt gamla rum hos fadern till rummet hos modern. Hon fick <strong>l\u00e4mna kvar alla kl\u00e4der, m\u00f6bler och en tavla som modern givit henne som liten.<\/strong> Enligt modern skulle det g\u00f6ra j\u00e4ttemycket f\u00f6r Sara om hon fick ta med sig saker fr\u00e5n fadern.<\/p>\n<p>N\u00e4r barnen \u00e4r hos modern ringer fadern v\u00e4ldigt ofta. Sara brukar svara kort och s\u00e4ga att hon sitter och \u00e4ter f\u00f6r att slippa tala med fadern. Modern kan dock ber\u00e4tta om ett tillf\u00e4lle f\u00f6reg\u00e5ende helg n\u00e4r fadern ringt Lisa och hon blivit glad: Fadern hade ringt Sara och fr\u00e5gat henne hur hennes katt m\u00e5dde. Modern s\u00e4ger att fadern troligtvis blivit <strong>tipsat av familjebehandlare<\/strong> hur han ska kontakta barnen d\u00e5 han aldrig sj\u00e4lv skulle komma p\u00e5 att ringa och fr\u00e5ga hur katten m\u00e5r.<\/p>\n<p>N\u00e4r Sara kommer hem till fadern beslagtar han hennes telefon d\u00e5 han inte vill att hon ska ringa modern. Fadern har givit Sara en ny telefon med hemligt nummer som hon f\u00e5r anv\u00e4nda vissa tillf\u00e4llen n\u00e4r han \u00e4r med. Modern k\u00e4nner inte till numret s\u00e5 att hon inte ska kunna ringa Sara. Modern s\u00e4ger att hon tagit upp med socialtj\u00e4nsten i X-ort om att barnen inte f\u00e5r ha kontakt med modern under de veckor de bor hos fadern men att socialtj\u00e4nsten i X-ort sagt att fadern sj\u00e4lv best\u00e4mmer \u00f6ver barnen n\u00e4r de \u00e4r hos\u00a0honom. Modern s\u00e4ger att fadern har ett oproportionerligt stort behov av att kontrollera barnens sms-konversationer. Modern ber\u00e4ttar att innan fadern f\u00f6rbj\u00f6d barnen att ringa s\u00e5 brukade de ringa henne och skrika och gr\u00e5ta att de ville komma till modern.<\/p>\n<p>Modern s\u00e4ger att fadern har m\u00e5nga bra sidor,\u00a0 han\u00a0\u00e4r till\u00a0exempel\u00a0mycket\u00a0duktig\u00a0i matematik vilket \u00e4r en resurs f\u00f6r Sara. Modern beskriver dock att fadern saknar f\u00f6rm\u00e5ga\u00a0att p\u00e5 ett empatiskt s\u00e4tt v\u00e4gleda\u00a0barnen.\u00a0F\u00f6r att f\u00f6rm\u00e5\u00a0 barnen att g\u00f6ra l\u00e4xor hotar fadern &#8221;om du inte g\u00f6r l\u00e4xorna, s\u00e5&#8230;&#8221;. Fadern och modern delar uppfattningen att barnen\u00a0 beh\u00f6ver\u00a0r\u00f6ra p\u00e5 sig. <strong>Fadern best\u00e4mmer dock vilken aktivitet barnen ska\u00a0 syssla\u00a0 med p\u00e5 fritiden<\/strong>\u00a0 <strong>utan att bry sig om vad barnen sj\u00e4lva tycker<\/strong>. Fadern har best\u00e4mt att barnen ska h\u00e5lla p\u00e5 med gymnastik men han f\u00e5r inte dit dem. Modern s\u00e4ger att syskonen g\u00e4rna skulle vilja h\u00e5lla p\u00e5 med friidrott eller ridning men att fadern mots\u00e4tter sig detta,\u00a0 trots\u00a0 att modern\u00a0 sagt\u00a0att hon kan st\u00e5 f\u00f6r alla kostnader som \u00e4r f\u00f6rknippade med aktiviteterna.\u00a0<strong>Som en konsekvens\u00a0 av detta r\u00f6r Sara p\u00e5 sig alldeles f\u00f6r lite.<\/strong><\/p>\n<p>P\u00e5 fr\u00e5gan om det f\u00f6rekommit n\u00e5got missbruk\u00a0 eller psykisk\u00a0oh\u00e4lsa i familjen\u00a0 ber\u00e4ttar modern att fadern under tiden de levde i hop drack mycket alkohol. Modern ber\u00e4ttar att personer i faderns n\u00e4rhet br\u00e4nde hemma. Modern s\u00e4ger att hon hade <strong>synpunkter\u00a0 p\u00e5 faderns alkoholkonsumtion<\/strong> och att det ledde till konflikter. Fadern satt ofta\u00a0 i soffan\u00a0 och drack \u00f6l men han blev inte personlighetsf\u00f6r\u00e4ndrad. Modern s\u00e4ger\u00a0 att hon inte vet hur mycket fadern dricker idag och att barnen inte talat\u00a0om detta\u00a0som ett problem. Modern s\u00e4ger att barnen dock sagt att fadern under en semesterresa k\u00f6pt mycket sprit och \u00f6l och\u00a0att det var jobbigt f\u00f6r dem att b\u00e4ra det.<\/p>\n<p>Modern s\u00e4ger att det \u00e4r negativt f\u00f6r barnen att parterna har gemensam v\u00e5rdnad. Modern ber\u00e4ttar att barnens pass f\u00f6reg\u00e5ende sommar h\u00f6ll p\u00e5 att g\u00e5 ut. N\u00e4r hon <strong>kontaktade\u00a0 fadern f\u00f6r att f\u00f6rnya passet\u00a0ledde det till att han blev\u00a0v\u00e4ldigt\u00a0arg<\/strong> och l\u00e4t henne f\u00f6rst\u00e5\u00a0 att det inte var s\u00e4kert att han skulle g\u00e5 med p\u00e5 att f\u00f6rnya barnens pass. Han var ocks\u00e5 mycket\u00a0noga med att p\u00e5peka att passen skulle f\u00f6rvaras hos honom. Eftersom modern inte kunde vara s\u00e4ker p\u00e5 att hon skulle f\u00e5 passen blev hon tvungen att <strong>avboka en inplanerad semesterresa med barnen.<\/strong><\/p>\n<p>&nbsp;<\/p>\n<p><b>F\u00f6r\u00e4ldrarnas m\u00f6jligheter till att samarbeta<\/b><\/p>\n<p>Samtal med modern 2015-10-06<\/p>\n<p>Modern beskriver att fadern sedan en tid tillbaka v\u00e4grat ha kontakt med henne \u00f6verhuvudtaget. Parterna har g\u00e5tt p\u00e5 samarbetssamtal i X-orts kommun under tv\u00e5\u00a0 \u00e5rs tid men modern upplever inte att detta hj\u00e4lpt.\u00b7Modern \u00e4r skeptisk till samarbetssamtal.<\/p>\n<p>Modern brukar ibland mejla fadern om hur det t.ex. g\u00f6r i skolan f\u00f6r barnen eller kring barnens h\u00e4lsa men fadern svarar inte.<\/p>\n<p>Modern beskriver att fadern hade ett mycket stort <strong>kontrollbehov<\/strong> av henne under deras \u00e4ktenskap och att <strong>kontrollbehovet fortsatt efter skilsm\u00e4ssan<\/strong> men att det <strong>nu handlar om att kontrollera barnen p\u00e5 ett osunt vis<\/strong>. I syfte att hindra barnen fr\u00e5n att rymma hem till mamman, <strong>beslagtar fadern deras mobiltelefoner och nyckeln till modern<\/strong> under tiden som de bor hos honom. <strong>Barnen f\u00e5r inte ha kontakt med modern n\u00e4r de \u00e4r hos fadern.<\/strong><\/p>\n<p>Modern beskriver hur hon och fadern har <strong>helt olika syns\u00e4tt p\u00e5 hur man uppfostrar barn<\/strong> och att <strong>fadern delar farmoderns uppfattning<\/strong> att hotelser och visst anv\u00e4ndande av v\u00e5ld utg\u00f6r normala inslag i barnuppfostran.<\/p>\n<p>Modern s\u00e4ger att hon \u00e4r tr\u00f6tt p\u00e5 att f\u00f6rs\u00f6ka f\u00f6rst\u00e5 fadern, han<strong> hittar hela tiden p\u00e5 saker\u00a0 f\u00f6r att f\u00f6rsv\u00e5ra f\u00f6r modern<\/strong>. N\u00e4r modern desperat bad att f\u00e5 sina referenser fr\u00e5n tidigare arbetsgivare s\u00e5 h\u00e5nskrattade han bara. Detta har lett till att hon <strong>inte har en fullst\u00e4ndig CV vilket minskar hennes m\u00f6jligheter att s\u00f6ka andra arbeten.<\/strong><\/p>\n<p>Modern s\u00e4ger att hon f\u00f6r egen del brukar f\u00f6rs\u00f6ka <strong>motivera barnen till att tr\u00e4ffa sin pappa<\/strong> men att \u00f6verl\u00e4mningarna \u00e4nd\u00e5 blir dramatiska\u00a0d\u00e5 fadern mer eller mindre <strong>befaller barnen att g\u00e5 ur bilen och komma till honom.<\/strong> Modern\u00a0s\u00e4ger\u00a0att fadern\u00a0 beh\u00f6ver l\u00e4ra sig att <strong>tala mjukt och v\u00e4nligt<\/strong> till barnen och kanske ber\u00e4tta om n\u00e5got roligt de ska g\u00f6ra. Modern s\u00e4ger\u00a0att det inte r\u00e4cker med att hon f\u00f6rs\u00f6ker motivera barnen att tr\u00e4ffa fadern om han forts\u00e4tter att\u00a0ha en h\u00e5rd attityd mot dem.\u00b7<\/p>\n<p>Modern k\u00e4nner inte att hon f\u00e5tt st\u00f6d f\u00f6r sin och barnens situation hos socialtj\u00e4nsten.<\/p>\n<p>&nbsp;<\/p>\n<p><b>F\u00f6r\u00e4ldrarnas syn p\u00e5 m\u00f6jliga l\u00f6sningar av tvisten<\/b><\/p>\n<p>Modern s\u00e4ger att om fadern fick ensam v\u00e5rdnad skulle det inneb\u00e4r\u00a0att hon aldrig mer fick se barnen. Samtidigt s\u00e4ger modern att barnen d\u00e5 nog skulle rymma hem till henne.<\/p>\n<p>Modern ber\u00e4ttar att hon skulle se till barnens behov\u00a0 av en n\u00e4ra\u00a0 och\u00a0 god kontakt\u00a0 med fadern om hon fick ensam v\u00e5rdnad, men att det tills fadern l\u00e4rt sig att kommuni9era b\u00e4ttre med barnen skulle handla om ett i<strong>nledningsvis mycket\u00a0 begr\u00e4nsat\u00a0 umg\u00e4nge.\u00a0 <\/strong>Modern\u00a0vill inte p\u00e5 n\u00e5got vis begr\u00e4nsa barnens umg\u00e4nge med fadern. Modern s\u00e4ger att det nog skulle fungera om barnen var hos fadern varannan helg eftersom fadern d\u00e5 inte skulle beh\u00f6va hantera de konflikter som l\u00e4tt uppst\u00e5r i vardagen. Modern s\u00e4ger att om <strong>barnen fick umg\u00e5s med fadern p\u00e5 helgerna och g\u00f6ra roliga saker<\/strong> s\u00e5 skulle deras motst\u00e5nd mot fadern f\u00f6rhoppningsvis minska s\u00e5 att umg\u00e4nget p\u00e5 sikt kunde f\u00f6rl\u00e4ngas till torsdag-m\u00e5ndag.<\/p>\n<p>Om modern fick ensam v\u00e5rdnad skulle hon kunna ensam best\u00e4mma om byte av skola samt kontakt med BUP, vilket i dagsl\u00e4get \u00e4r om\u00f6jligt.<\/p>\n<p><i>\/l\u00e4st och godk\u00e4nt<\/i><\/p>\n<p><b>Samtal med barnet\/barnen<\/b><\/p>\n<p>D\u00e5 modern uttryckt att barnen saknar f\u00f6rtroende f\u00f6r Familjer\u00e4tten i X-ort har Familjer\u00e4tten i Y-ort erbjudit sig att h\u00e5lla barnsamtal med Sara. D\u00e5 fadern inte givit sitt samtycke till detta saknas f\u00f6ruts\u00e4ttningar f\u00f6r att Familjer\u00e4tten i Y-ort samtalar med barnen, utan ansvaret faller tillbaka p\u00e5 Familjer\u00e4tten i X-ort d\u00e4r barnen ocks\u00e5 st\u00e5r skrivna.<\/p>\n<p>&nbsp;<\/p>\n<p>XXXX XXXXX socialsekreterare, familjer\u00e4tt<\/p>\n<p><b>Kommunicering<\/b><\/p>\n<p>Utredningen i sin helhet har kommunicerats i enlighet med best\u00e4mmelserna i f\u00f6rvaltningslagen (\u00a717).<\/p>\n<p>&nbsp;<\/p>\n\n","protected":false},"excerpt":{"rendered":"<p>MAMMANS BER\u00c4TTELSE &nbsp; SOCIAL OMSORG XXXXX TINGSR\u00c4TT INKOM: 2015-10-21 M\u00c5LNR: T 7575-15 AKTBIL: 30 &nbsp; UPPLYSNINGAR ENLIGT 6 Kap 20 \u00a7 andra stycket f\u00f6r\u00e4ldrabalken &nbsp; Barnet den unge: Sara Efternamn \u00a02005-XX-XX-XXXX F\u00f6r\u00e4ldrar: Erika Efternamn Ove Efternamn &nbsp; Utredningens genomf\u00f6rande: Samtal med moder har \u00e4gt rum p\u00e5 Socialkontoret \u00a02015-10-07. I samband med att utredningen kommunicerats med&#8230;<\/p>\n","protected":false},"author":1,"featured_media":0,"parent":0,"menu_order":0,"comment_status":"closed","ping_status":"closed","template":"full-width-page.php","meta":{"footnotes":""},"class_list":["post-121","page","type-page","status-publish","hentry"],"_links":{"self":[{"href":"http:\/\/mmstudies.com\/sol\/wp-json\/wp\/v2\/pages\/121","targetHints":{"allow":["GET"]}}],"collection":[{"href":"http:\/\/mmstudies.com\/sol\/wp-json\/wp\/v2\/pages"}],"about":[{"href":"http:\/\/mmstudies.com\/sol\/wp-json\/wp\/v2\/types\/page"}],"author":[{"embeddable":true,"href":"http:\/\/mmstudies.com\/sol\/wp-json\/wp\/v2\/users\/1"}],"replies":[{"embeddable":true,"href":"http:\/\/mmstudies.com\/sol\/wp-json\/wp\/v2\/comments?post=121"}],"version-history":[{"count":11,"href":"http:\/\/mmstudies.com\/sol\/wp-json\/wp\/v2\/pages\/121\/revisions"}],"predecessor-version":[{"id":304,"href":"http:\/\/mmstudies.com\/sol\/wp-json\/wp\/v2\/pages\/121\/revisions\/304"}],"wp:attachment":[{"href":"http:\/\/mmstudies.com\/sol\/wp-json\/wp\/v2\/media?parent=121"}],"curies":[{"name":"wp","href":"https:\/\/api.w.org\/{rel}","templated":true}]}}