{"id":206,"date":"2020-03-15T16:40:21","date_gmt":"2020-03-15T15:40:21","guid":{"rendered":"http:\/\/mmstudies.com\/sol\/?page_id=206"},"modified":"2023-08-09T15:11:21","modified_gmt":"2023-08-09T13:11:21","slug":"medlare","status":"publish","type":"page","link":"http:\/\/mmstudies.com\/sol\/medlare\/","title":{"rendered":"PA(S)-ANH\u00c4NGAREN MATS RUDOLPHIS DELLEN\u00c4NG"},"content":{"rendered":"\n\n\t<p>&#8221;MEDLING&#8221; MED DOTTERN LINDA, D\u00c5 12 \u00c5R GAMMAL, AVSLUTAD MED ATT PAPPAN FICK HJ\u00c4LP AV MEDLAREN ATT KIDNAPPA HENNE FR\u00c5N TILL ETT FAMILJEHEM I DALARNA<\/p>\n<p>&nbsp;<\/p>\n<p><b>Mats Rudolphis Dellen\u00e4ng<\/b><\/p>\n<p><b>F\u00f6r\u00e4ldramedlare \/ akut familjer\u00e4ttssocionom\u00a0 2018-05-06<\/b><\/p>\n<p>M\u00e5l nr \u00c4 XXXX-XX ink till Attunda tingsr\u00e4tt 7 maj 2015<\/p>\n<p><b>Redog\u00f6relse f\u00f6r uppdrag av XXXX tingsr\u00e4tt att enligt 21 kapitel \u00a7 2 \u00a0Ove XXXX .\/. Erika XXXX<\/b><\/p>\n<p>2018-04-20 erh\u00f6ll UT i uppdrag av XXXX tingsr\u00e4tt att enligt 221 kap. 2 \u00a7 f\u00f6r\u00e4ldrabalken verka f\u00f6r att Erika XXXX frivilligt fullg\u00f6r vad som \u00e5ligger henne.<\/p>\n<p>Jag har haft ett enskilt m\u00f6te med modern samt genomf\u00f6rt ett enskilt m\u00f6te med barnet Linda p\u00e5 min mottagning. Jag har d\u00e4rut\u00f6ver haft flertal telefon- och SMS-kontakter med b\u00e5da f\u00f6r\u00e4ldrarna.<\/p>\n<p>I m\u00f6te med modern uppger hon att hon inte vet hur hon skall kunna tvinga Linda att tr\u00e4ffa fadern. Hon beskriver att enda alternativet \u00e4r att det sker med polish\u00e4mtning &#8211; &#8221;det \u00e4r nog b\u00e4st s\u00e5 &#8211; det enda alternativet&#8221;.<\/p>\n<p><b>Kommentar<\/b><\/p>\n<p><i>Detta l\u00e5ter inte sannolikt eftersom mamman aldrig \u00a0i n\u00e5got annat sammanhang uttryckt den \u00e5sikten. Hon nekar dessutom sj\u00e4lv best\u00e4mt till att hon skulle ha uttalat detta. Sett till det som anf\u00f6rs nedan om hennes konstruktiva f\u00f6rslag till pappan, att n\u00e4rma sig Linda p\u00e5 ett mer tillm\u00f6tesg\u00e5ende s\u00e4tt genom att tex odla en fritidsaktivitet tillsammans med henne, st\u00e4mmer det uppenbarligen inte heller rent logiskt att hon i andra stunden som enda l\u00f6sning p\u00e5 hans konflikt med Linda, skulle ha rekommenderat tv\u00e5ngsmetoder medelst polishandr\u00e4ckning. Det \u00e4r ju just f\u00f6r att skydda Linda mot s\u00e5dana destruktivt ingripande insatser, som mamman inte sj\u00e4lv med v\u00e5ld tvingat i v\u00e4g Linda till umg\u00e4nge eller boende med pappan, utan f\u00f6redragit att f\u00f6rs\u00f6ka anv\u00e4nda \u00f6vertalning och f\u00f6rhandling och d\u00e4rf\u00f6r, pga pappans st\u00e4ndigt inkommande anm\u00e4lningar och st\u00e4mningar, tvingats betala gigantiska belopp i form av vitesf\u00f6rel\u00e4gganden f\u00f6r p\u00e5st\u00e5tt &#8221;umg\u00e4ngessabotage&#8221; och &#8221;egenm\u00e4ktighet med barn&#8221;.<\/i><\/p>\n<p><b>D: <\/b>Erika\u00a0uppger att det finns mycket uppgifter om ljug ifr\u00e5n socialtj\u00e4nsten.<\/p>\n<p><b>Kommentar:<\/b><\/p>\n<p><i>Oklart ospecificerad uppgift. \u00c4r det Erikas och andras uppgifter om att socialtj\u00e4nstem\u00e4nnen ljuger eller \u00e4r det uppgifter fr\u00e5n dessa socialtj\u00e4nstem\u00e4n sj\u00e4lva om &#8221;ljug&#8221; som avses?<\/i><\/p>\n<p><b>D:<\/b>\u00a0Linda har undervisning p\u00e5 ett ett skyddat st\u00e4lle. Ove ska inte f\u00e5 vetskap om platsen. I s\u00e5 fall skulle han dyka upp d\u00e4r och h\u00e4mta Linda. Det \u00e4r det som Linda \u00e4r r\u00e4dd f\u00f6r skall h\u00e4nda. Modern uppger att Linda har ett sj\u00e4lvskadebeteende och i januari i \u00e5r skar hon sig sj\u00e4lv i armen.<\/p>\n<p><b>Kommentar<\/b><\/p>\n<p><i>H\u00e4r har Dellen\u00e4ng d\u00e5lig koll p\u00e5 fakta. Det \u00e4r Sara som har ett sj\u00e4lvskadebeteende. Inte Linda.<\/i><\/p>\n<p><b>D:<\/b>\u00a0Linda har sj\u00e4lv polisanm\u00e4lt fadern vid flera tillf\u00e4llen.<\/p>\n<p><b>Kommentar\u00a0<\/b><\/p>\n<p><i>Linda har polisanm\u00e4lt sin pappa vid <strong>tv\u00e5<\/strong> tillf\u00e4llen.<\/i><\/p>\n<p><b>D: <\/b>Moderns f\u00f6rslag \u00e4r att Linda och fadern skaffar sig en fritidsaktivitet tillsammans och d\u00e4rmed bygger upp en\u00a0relation tillsammans f\u00f6r att p\u00e5 s\u00e5 s\u00e4tt n\u00e4rma sig varandra. Linda tr\u00e4nar innebandy trots att fadern sagt nej till denna aktivitet.<\/p>\n<p><b>Kommentar:<\/b><\/p>\n<p><i>Just precis och det rimmar, som sagt var illa med att mamman ist\u00e4llet skulle ha f\u00f6reslagit polish\u00e4mtning.<\/i><\/p>\n<p><b>D: <\/b>I m\u00f6tet med modern bokades in ett samtal med Linda torsdagen den 3\/5.<\/p>\n<p>I m\u00f6te med Linda ber\u00e4ttade hon; &#8221;mamma har ber\u00e4ttat vad som har h\u00e4nt. F\u00f6rst gick jag till polisen sj\u00e4lv och d\u00e5 tog dom inte emot mig. S\u00e5 d\u00e5 gick jag till min mamma. Jag hade rymt till Birgitta som bor mittemot polisen. Det har l\u00e4rt sig i skolan hur man ska g\u00f6ra. Anna XXXX som drog mig i armen har jag ocks\u00e5 polisanm\u00e4lt. Han \u00e4r otrevlig och misshandlar mig. Skickar upp mig till farmor i Dalarna som ocks\u00e5 har misshandlat mig. Han \u00e5ker till Polen, Tyskland och Paris och m\u00e5nga olika l\u00e4nder. Han dricker mycket och hittar aldrig p\u00e5 n\u00e5t. Han g\u00e5r sj\u00e4lv till gymmet och l\u00e5ter oss f\u00e5 vara hemma. Han har beg\u00e4rt s\u00e5 att jag inte kan andas. Om man inte \u00e4r n\u00f6jd med tingsr\u00e4ttens beslut kan man \u00f6verklaga till hovr\u00e4tten. Ingen har fr\u00e5gat mig f\u00f6rut hur jag vill. En medlare ska medla mellan tv\u00e5 parter. Det \u00e4r ditt jobb.\u00a0<\/p>\n<p>Det \u00e4r viktigt att barn skall h\u00f6ras. Innan tingsr\u00e4tten fattar beslut och best\u00e4mmer i dom. Tingsr\u00e4tten m\u00e5ste g\u00e5 p\u00e5 vad barnen s\u00e4ger. Om en f\u00f6r\u00e4lder dricker d\u00e5 \u00e4r den ol\u00e4mplig och d\u00e5 skall den inte ha\u00a0 v\u00e5rdnaden om barnet. Min farmor XXXX \u00e4r d\u00f6md f\u00f6r misshandel och hon finns p\u00e5 brottsregistret. Det \u00e4r ett register f\u00f6r alla som har beg\u00e5tt brott. Man har inte r\u00e4tt att beg\u00e5 brott \u00e4ven om domstolen har best\u00e4mt n\u00e5t s\u00e5 m\u00e5ste barn f\u00e5 best\u00e4mma. Jag vill bo hos mamma och jag vill inte ha med pappa att g\u00f6ra. Om det \u00e4r s\u00e5 att det kr\u00e4vs att jag m\u00e5ste till pappa f\u00e5r det bli varannan helg. Jag g\u00e5r p\u00e5 Verkstabergsskolan tv\u00e5 timmar i veckan f\u00f6r att jag f\u00e5 uppgifter att g\u00f6ra hemma. Han vet att jag har en skola men inte n\u00e4r och var jag g\u00e5r i skolan.<\/p>\n<p><b>Kommentar:<\/b><\/p>\n<p><i>Skolan heter XXXX<\/i><b><i>bergsskolan <\/i><\/b><i>och Linda hade inte sin undervisning d\u00e4r utan p\u00e5 en hemlig plats i Kommunhuset<\/i><\/p>\n<p><b>D: <\/b>Jag informerade fadern om vilken tid vf\u00a0jag hade bokat ett samtal med Linda varvid han gav uttryck f\u00f6r att vilja tr\u00e4ffa Linda i samband d\u00e4rmed. Fadern infann sig p\u00e5 mottagningen och efter ett kort samtal besl\u00f6t han att jag hade bokat ett samtal med Linda varvid han gav uttryck f\u00f6r att vilja tr\u00e4ffa Linda i samband d\u00e4rmed. De l\u00e4mnade min mottagning hand i hand.<\/p>\n<p><b>Kommentar:<\/b><\/p>\n<p><i>Detta utg\u00f6r osant intygande av s\u00e5 medvetet falskt vilseledande karakt\u00e4r att det borde lagf\u00f6ras som brott. Se vidare info nedan!<\/i><\/p>\n<p><b>D:<\/b> Av ovan redog\u00f6relse kan konstateras att modern inte fullgjorde vad som \u00e5ligger henne. Hon uppger best\u00e4mt att hon inte kan medverka till att Linda tr\u00e4ffar fadern. Hon beskriver att enda\u00a0alternativet \u00e4r att detta sker med polish\u00e4mtning.<\/p>\n<p><strong>Kommentar<\/strong><\/p>\n<p><i>H\u00e4r upprepas l\u00f6gnen en g\u00e5ng till.<\/i><\/p>\n<p><b>D:<\/b> Jag st\u00e4ller mig mycket tveksam till Lindas juridiska kunskaper som hon uttrycker.<\/p>\n<p><b>Kommentar:\u00a0<\/b><\/p>\n<p><i>Oklar formulering. Det framg\u00e5r inte vad och, p\u00e5 vad s\u00e4tt och i vilket avseende denna tveksamhet g\u00e4ller. \u00c4r det sj\u00e4lva kunskaperna det \u00e4r fel p\u00e5 eller \u00e4r det Lindas s\u00e4tt att uttrycka dem &#8211; eller vad, som ger upphov till Dellen\u00e4ngs tveksamhet n\u00e4rmare best\u00e4mt? \u00c4r det m\u00e5nne mammans &#8221;P\u00c5VERKAN&#8221; och ben\u00e4genhet att &#8221;dra in barnet i konflikten&#8221; som ska antydas h\u00e4r igen? F\u00f6r det ligger n\u00e4ra till hands att utg\u00e5 ifr\u00e5n att inte heller Dellen\u00e4ng, lika litet som de m\u00e5nga \u00e4ldre m\u00e4n som s\u00e4tter sin agenda p\u00e5 v\u00e5rdnadsm\u00e5lens handl\u00e4ggning och lever som g\u00e4ster i verkligheten,\u00a0har ringaste f\u00f6rst\u00e5else f\u00f6r hur annorlunda nutida barns uppv\u00e4xtf\u00f6rh\u00e5llanden ser ut i j\u00e4mf\u00f6relse med deras egna under 50 &#8211; 60-talen n\u00e4r barn och f\u00f6r\u00e4ldrar levde i tv\u00e5 parallellv\u00e4rldar och de vuxna kunde h\u00e5lla sina hemligheter f\u00f6r sig och barn inte undervisades om sina m\u00e4nskliga r\u00e4ttigheter i skolan eller hade tillg\u00e5ng till internet. Att 12-\u00e5riga barn numera enkelt kan h\u00e5lla sig a\u00b4jour \u00a0med vad som g\u00e4ller i samh\u00e4llet i stort s\u00e5v\u00e4l som i de v\u00e5rdnads\u00e4renden som upptar deras mammors all lediga tid och st\u00e4ller till stora bekymmer f\u00f6r deras ekonomi och tvingar barnen till ett liv de inte vill leva, \u00e4r knappast \u00e4gnat att f\u00f6rv\u00e5nas \u00f6ver.<\/i><\/p>\n<p><b><i>D: <\/i><\/b>Av \u00f6vriga uttalanden kan bara konstateras att det \u00e4r djupt sorgligt att h\u00f6ra att hennes erfarenheter av b\u00e5de polis och socialtj\u00e4nst. Linda m\u00e5ste omg\u00e5ende f\u00e5 ett lugn och f\u00e5 m\u00f6jlighet till skola och ett tryggt vardagsliv. Fadern har tagit beslut att sj\u00e4lv ansvara f\u00f6r Lindas vardag vilket han st\u00f6djer med beslut fr\u00e5n tingsr\u00e4tten.<\/p>\n<p>Mats Rudolphis Dellen\u00e4ng<\/p>\n<p>&nbsp;<\/p>\n<p><b>Kommentar:<\/b><\/p>\n<p><i>Falskt hyckleri att \u00f6mka Linda f\u00f6r just detsamma som han sj\u00e4lv inte tvekar att uts\u00e4tta henne f\u00f6r och som orsakat henne ett trauma som satt djupa sp\u00e5r och en fullst\u00e4ndig avsaknad av tillit till vuxenv\u00e4rlden och v\u00e5rt svenska samh\u00e4lles myndighetsut\u00f6vning i stort och som hon gett uttryck \u00e5t i det brev som hon i sept 2019 \u00a0skickade hem till sin mamma och mormor, efter ett och ett halvt \u00e5rs olaglig isolering fr\u00e5n all form av kontakt med dem.<\/i><\/p>\n<p><a href=\"http:\/\/mmstudies.com\/sol\/lindas-berattelse\"><b><i>Citat ur Lindas &#8221;Brev till Sverige&#8221;:\u00a0<\/i><\/b><\/a><\/p>\n<p><b><i>&#8221;Det hade kommit en ny dom som jag fruktat l\u00e4nge. Den sa att jag skulle placeras i fosterhem n\u00e4r jag fick veta det s\u00e5 br\u00f6t jag ihop f\u00f6r n\u00e5gra sekunder s\u00e5 var jag beredd att ta mitt liv. Varf\u00f6r skall jag leva varf\u00f6r blev jag till. Varf\u00f6r m\u00e5ste det vara just jag.<\/i><\/b><\/p>\n<p><b><i>Det var min mardr\u00f6m som h\u00e4nde<\/i><\/b><\/p>\n<p><b><i>Det var s\u00e5 hemskt jag trodde ingen kunde vara s\u00e5 elak, ingen empati jag hade inte v\u00e5gat tro att det skulle h\u00e4nda.&#8221;<\/i><\/b><\/p>\n<p><b><i>&#8221;Men sen kom m\u00f6rkret jag var tvungen att tr\u00e4ffa en medlare. Det \u00e4r det v\u00e4rsta jag gjort. Jag ber\u00e4ttade allt jag skrivit. Till slut sa han att han kontaktat min pappa. Jag som en reflex hoppade till reste mig och sprang. Han sa stanna och jag ins\u00e5g att d\u00f6rren var l\u00e5st. Min pappa kom upp och vi pratade till slut h\u00e4ngde jag i en bil som jag inte visste var jag skulle. Under hela bilf\u00e4rden t\u00e4nkte jag p\u00e5 tv\u00e5 saker medlaren sa att jag inte fick grina.<\/i><\/b><\/p>\n<p><b><i>Jag sa aldrig hej d\u00e5 till mamma och mormor och mina tv\u00e5 katter. Till slut kom jag fram till ett rosa hus i Dalarna. Vi pratade en timme sen gick vi och la oss klockan var\u00a023.00 det var en torsdag tror jag 2-3.maj 2018.<\/i><\/b><\/p>\n<p><b><i>Jag och min pappa sov i samma rum jag p\u00e5 en s\u00e4ng och han p\u00e5 en madrass.<\/i><\/b><\/p>\n<p><b><i>N\u00e4sta morgon vaknade jag han hade \u00e5kt. Jag l\u00e5g kvar i s\u00e4ngen till minst 11.00 tills en \u00e4ldre kvinna kom som kallas Asta hon sa att jag m\u00e5ste g\u00e5 upp men jag l\u00e5g och tryckte mot v\u00e4ggen intill kanten.Efter att kvinnan kommit upp n\u00e5gra g\u00e5nger s\u00e5 kom en man som heter Valter upp, jag gjorde samma sak. Efter n\u00e5gra timmar fr\u00e5gade jag om vatten men de sa att jag fick h\u00e4mta sj\u00e4lv. Men jag l\u00e5g kvar hela dagen inte \u00e5t inte drack var inte p\u00e5 toa. Jag gjorde inget av de. Andra dagen gick jag upp klockan 11.00 d\u00e5 pappa kom. Han sa om du inte g\u00e5r upp till skolan f\u00e5r du inte tr\u00e4ffa Sara min syster 14 \u00e5r nu.&#8221;<\/i><\/b><\/p>\n<p>&nbsp;<\/p>\n<p><b><i>Min kommentar:<\/i><\/b><\/p>\n<p><i>Linda har senare ocks\u00e5 ber\u00e4ttat att hon gr\u00e4t och f\u00f6rs\u00f6kte springa ut ur lokalen men uppt\u00e4ckte d\u00e5 att hon var inl\u00e5st. Hon blev s\u00e5 chockad att hon inte l\u00e4ngre minns hur hon kom ut i pappans bil och att han under f\u00e4rden upp till Dalarna k\u00f6rde p\u00e5 ett djur utan att stanna, f\u00f6r att kontrollera om det fortfarande var vid liv.<\/i><\/p>\n<p>&nbsp;<\/p>\n<h2><a href=\"http:\/\/mmstudies.com\/atb\/lindas-berattelse\"><em>L\u00e4s Lindas ber\u00e4ttelse h\u00e4r \u00bb<\/em><\/a><\/h2>\n<h2><em><a href=\"https:\/\/mrgalahad.wordpress.com\/2010\/05\/25\/garningsmammor-en-bok-om-pas\/\">Och h\u00e4r finns mer information om Mats Rudolphis Dellen\u00e4ngs PA(S)-anstuckna ideologi \u00bb<\/a><\/em><\/h2>\n<p>&nbsp;<\/p>\n\n","protected":false},"excerpt":{"rendered":"<p>&#8221;MEDLING&#8221; MED DOTTERN LINDA, D\u00c5 12 \u00c5R GAMMAL, AVSLUTAD MED ATT PAPPAN FICK HJ\u00c4LP AV MEDLAREN ATT KIDNAPPA HENNE FR\u00c5N TILL ETT FAMILJEHEM I DALARNA &nbsp; Mats Rudolphis Dellen\u00e4ng F\u00f6r\u00e4ldramedlare \/ akut familjer\u00e4ttssocionom\u00a0 2018-05-06 M\u00e5l nr \u00c4 XXXX-XX ink till Attunda tingsr\u00e4tt 7 maj 2015 Redog\u00f6relse f\u00f6r uppdrag av XXXX tingsr\u00e4tt att enligt 21 kapitel&#8230;<\/p>\n","protected":false},"author":1,"featured_media":0,"parent":0,"menu_order":0,"comment_status":"closed","ping_status":"closed","template":"full-width-page.php","meta":{"footnotes":""},"class_list":["post-206","page","type-page","status-publish","hentry"],"_links":{"self":[{"href":"http:\/\/mmstudies.com\/sol\/wp-json\/wp\/v2\/pages\/206","targetHints":{"allow":["GET"]}}],"collection":[{"href":"http:\/\/mmstudies.com\/sol\/wp-json\/wp\/v2\/pages"}],"about":[{"href":"http:\/\/mmstudies.com\/sol\/wp-json\/wp\/v2\/types\/page"}],"author":[{"embeddable":true,"href":"http:\/\/mmstudies.com\/sol\/wp-json\/wp\/v2\/users\/1"}],"replies":[{"embeddable":true,"href":"http:\/\/mmstudies.com\/sol\/wp-json\/wp\/v2\/comments?post=206"}],"version-history":[{"count":23,"href":"http:\/\/mmstudies.com\/sol\/wp-json\/wp\/v2\/pages\/206\/revisions"}],"predecessor-version":[{"id":334,"href":"http:\/\/mmstudies.com\/sol\/wp-json\/wp\/v2\/pages\/206\/revisions\/334"}],"wp:attachment":[{"href":"http:\/\/mmstudies.com\/sol\/wp-json\/wp\/v2\/media?parent=206"}],"curies":[{"name":"wp","href":"https:\/\/api.w.org\/{rel}","templated":true}]}}